{"version":"1.0","provider_name":"Fiare Banca Etica","provider_url":"https:\/\/www.fiarebancaetica.coop\/ca\/","author_name":"crispyadmin0","author_url":"https:\/\/www.fiarebancaetica.coop\/ca\/author\/crispyadmin0\/","title":"Alianza europea contra la exclusi\u00f3n financiera. - Fiare Banca Etica","type":"rich","width":600,"height":338,"html":"<blockquote class=\"wp-embedded-content\" data-secret=\"RLWIiHUZUH\"><a href=\"https:\/\/www.fiarebancaetica.coop\/ca\/alianza-europea-contra-la-exclusion-financiera-2\/\">Alianza europea contra la exclusi\u00f3n financiera.<\/a><\/blockquote><iframe sandbox=\"allow-scripts\" security=\"restricted\" src=\"https:\/\/www.fiarebancaetica.coop\/ca\/alianza-europea-contra-la-exclusion-financiera-2\/embed\/#?secret=RLWIiHUZUH\" width=\"600\" height=\"338\" title=\"&#8220;Alianza europea contra la exclusi\u00f3n financiera.&#8221; &#8212; Fiare Banca Etica\" data-secret=\"RLWIiHUZUH\" frameborder=\"0\" marginwidth=\"0\" marginheight=\"0\" scrolling=\"no\" class=\"wp-embedded-content\"><\/iframe><script type=\"text\/javascript\">\n\/* <![CDATA[ *\/\n\/*! This file is auto-generated *\/\n!function(d,l){\"use strict\";l.querySelector&&d.addEventListener&&\"undefined\"!=typeof URL&&(d.wp=d.wp||{},d.wp.receiveEmbedMessage||(d.wp.receiveEmbedMessage=function(e){var t=e.data;if((t||t.secret||t.message||t.value)&&!\/[^a-zA-Z0-9]\/.test(t.secret)){for(var s,r,n,a=l.querySelectorAll('iframe[data-secret=\"'+t.secret+'\"]'),o=l.querySelectorAll('blockquote[data-secret=\"'+t.secret+'\"]'),c=new RegExp(\"^https?:$\",\"i\"),i=0;i<o.length;i++)o[i].style.display=\"none\";for(i=0;i<a.length;i++)s=a[i],e.source===s.contentWindow&&(s.removeAttribute(\"style\"),\"height\"===t.message?(1e3<(r=parseInt(t.value,10))?r=1e3:~~r<200&&(r=200),s.height=r):\"link\"===t.message&&(r=new URL(s.getAttribute(\"src\")),n=new URL(t.value),c.test(n.protocol))&&n.host===r.host&&l.activeElement===s&&(d.top.location.href=t.value))}},d.addEventListener(\"message\",d.wp.receiveEmbedMessage,!1),l.addEventListener(\"DOMContentLoaded\",function(){for(var e,t,s=l.querySelectorAll(\"iframe.wp-embedded-content\"),r=0;r<s.length;r++)(t=(e=s[r]).getAttribute(\"data-secret\"))||(t=Math.random().toString(36).substring(2,12),e.src+=\"#?secret=\"+t,e.setAttribute(\"data-secret\",t)),e.contentWindow.postMessage({message:\"ready\",secret:t},\"*\")},!1)))}(window,document);\n\/\/# sourceURL=https:\/\/www.fiarebancaetica.coop\/wp\/wp-includes\/js\/wp-embed.min.js\n\/* ]]> *\/\n<\/script>\n","thumbnail_url":"https:\/\/www.fiarebancaetica.coop\/app\/uploads\/sites\/2\/2023\/12\/alianza-europea-contra-exclusion-financiera_0.png","thumbnail_width":591,"thumbnail_height":299,"description":"La Red Europea de Microfinanzas (REM), en colaboraci\u00f3n con Banca Etica, ha elegido Venecia como sede de su asamblea anual el 22 y 23 de junio de 2017. Acudir\u00e1n m\u00e1s de 300 delegados procedentes de toda Europa, entre responsables de microfinanzas, representantes de bancos orientados al \u00e1mbito social, docentes, investigadores, representantes de ONGs, fondos de garant\u00eda y responsables pol\u00edticos."}

Alianza europea contra la exclusión financiera. - Fiare Banca Etica

<blockquote class="wp-embedded-content" data-secret="RLWIiHUZUH"><a href="https://www.fiarebancaetica.coop/ca/alianza-europea-contra-la-exclusion-financiera-2/">Alianza europea contra la exclusión financiera.</a></blockquote><iframe sandbox="allow-scripts" security="restricted" src="https://www.fiarebancaetica.coop/ca/alianza-europea-contra-la-exclusion-financiera-2/embed/#?secret=RLWIiHUZUH" width="600" height="338" title="&#8220;Alianza europea contra la exclusión financiera.&#8221; &#8212; Fiare Banca Etica" data-secret="RLWIiHUZUH" frameborder="0" marginwidth="0" marginheight="0" scrolling="no" class="wp-embedded-content"></iframe><script type="text/javascript">
/* <![CDATA[ */
/*! This file is auto-generated */
!function(d,l){"use strict";l.querySelector&&d.addEventListener&&"undefined"!=typeof URL&&(d.wp=d.wp||{},d.wp.receiveEmbedMessage||(d.wp.receiveEmbedMessage=function(e){var t=e.data;if((t||t.secret||t.message||t.value)&&!/[^a-zA-Z0-9]/.test(t.secret)){for(var s,r,n,a=l.querySelectorAll('iframe[data-secret="'+t.secret+'"]'),o=l.querySelectorAll('blockquote[data-secret="'+t.secret+'"]'),c=new RegExp("^https?:$","i"),i=0;i<o.length;i++)o[i].style.display="none";for(i=0;i<a.length;i++)s=a[i],e.source===s.contentWindow&&(s.removeAttribute("style"),"height"===t.message?(1e3<(r=parseInt(t.value,10))?r=1e3:~~r<200&&(r=200),s.height=r):"link"===t.message&&(r=new URL(s.getAttribute("src")),n=new URL(t.value),c.test(n.protocol))&&n.host===r.host&&l.activeElement===s&&(d.top.location.href=t.value))}},d.addEventListener("message",d.wp.receiveEmbedMessage,!1),l.addEventListener("DOMContentLoaded",function(){for(var e,t,s=l.querySelectorAll("iframe.wp-embedded-content"),r=0;r<s.length;r++)(t=(e=s[r]).getAttribute("data-secret"))||(t=Math.random().toString(36).substring(2,12),e.src+="#?secret="+t,e.setAttribute("data-secret",t)),e.contentWindow.postMessage({message:"ready",secret:t},"*")},!1)))}(window,document);
//# sourceURL=https://www.fiarebancaetica.coop/wp/wp-includes/js/wp-embed.min.js
/* ]]> */
</script>

La Red Europea de Microfinanzas (REM), en colaboración con Banca Etica, ha elegido Venecia como sede de su asamblea anual el 22 y 23 de junio de 2017. Acudirán más de 300 delegados procedentes de toda Europa, entre responsables de microfinanzas, representantes de bancos orientados al ámbito social, docentes, investigadores, representantes de ONGs, fondos de garantía y responsables políticos.
