{"id":350046,"date":"2019-10-05T20:07:47","date_gmt":"2019-10-05T18:07:47","guid":{"rendered":"https:\/\/www.fiarebancaetica.coop\/evento\/celebrada-la-asamblea-del-git-de-madrid-el-pasado-sabado-28-de-octubre\/"},"modified":"2024-02-21T10:40:28","modified_gmt":"2024-02-21T09:40:28","slug":"celebrada-la-asamblea-del-git-de-madrid-el-pasado-sabado-28-de-octubre","status":"publish","type":"cbwpt_git_events","link":"https:\/\/www.fiarebancaetica.coop\/ca\/evento\/celebrada-la-asamblea-del-git-de-madrid-el-pasado-sabado-28-de-octubre\/","title":{"rendered":"Celebrada la asamblea del GIT de Madrid, el pasado s\u00e1bado 28 de octubre"},"author":1,"featured_media":363934,"parent":0,"template":"","meta":{"_acf_changed":false},"git_tags":[11223],"coauthors":[2888],"class_list":["post-350046","cbwpt_git_events","type-cbwpt_git_events","status-publish","has-post-thumbnail","hentry"],"acf":[],"yoast_head":"<!-- This site is optimized with the Yoast SEO plugin v26.9 - https:\/\/yoast.com\/product\/yoast-seo-wordpress\/ -->\n<title>Celebrada la asamblea del GIT de Madrid, el pasado s\u00e1bado 28 de octubre - Fiare Banca Etica<\/title>\n<meta name=\"robots\" content=\"index, follow, max-snippet:-1, max-image-preview:large, max-video-preview:-1\" \/>\n<link rel=\"canonical\" href=\"https:\/\/www.fiarebancaetica.coop\/ca\/evento\/celebrada-la-asamblea-del-git-de-madrid-el-pasado-sabado-28-de-octubre\/\" \/>\n<meta property=\"og:locale\" content=\"ca_ES\" \/>\n<meta property=\"og:type\" content=\"article\" \/>\n<meta property=\"og:title\" content=\"Celebrada la asamblea del GIT de Madrid, el pasado s\u00e1bado 28 de octubre - Fiare Banca Etica\" \/>\n<meta property=\"og:description\" content=\"El pasado s\u00e1bado 28 de septiembre, celebramos nuestra asamblea anual en el local de &#8220;Traficantes de sue\u00f1os&#8221;. Se intent\u00f3 dar un formato m\u00e1s participativo e informativo, trat\u00e1ndose temas relacionados con la operativa del banco, la base social, los nuevos proyectos de participaci\u00f3n y difusi\u00f3n, etc. Gracias a Laura, de Relaciones Asociativas, nos pusimos al d\u00eda [&hellip;]\" \/>\n<meta property=\"og:url\" content=\"https:\/\/www.fiarebancaetica.coop\/ca\/evento\/celebrada-la-asamblea-del-git-de-madrid-el-pasado-sabado-28-de-octubre\/\" \/>\n<meta property=\"og:site_name\" content=\"Fiare Banca Etica\" \/>\n<meta property=\"article:modified_time\" content=\"2024-02-21T09:40:28+00:00\" \/>\n<meta property=\"og:image\" content=\"https:\/\/www.fiarebancaetica.coop\/app\/uploads\/sites\/2\/2024\/01\/cover-459-scaled.jpg\" \/>\n\t<meta property=\"og:image:width\" content=\"2560\" \/>\n\t<meta property=\"og:image:height\" content=\"1920\" \/>\n\t<meta property=\"og:image:type\" content=\"image\/jpeg\" \/>\n<meta name=\"twitter:card\" content=\"summary_large_image\" \/>\n<script type=\"application\/ld+json\" class=\"yoast-schema-graph\">{\"@context\":\"https:\/\/schema.org\",\"@graph\":[{\"@type\":\"WebPage\",\"@id\":\"https:\/\/www.fiarebancaetica.coop\/ca\/evento\/celebrada-la-asamblea-del-git-de-madrid-el-pasado-sabado-28-de-octubre\/\",\"url\":\"https:\/\/www.fiarebancaetica.coop\/ca\/evento\/celebrada-la-asamblea-del-git-de-madrid-el-pasado-sabado-28-de-octubre\/\",\"name\":\"Celebrada la asamblea del GIT de Madrid, el pasado s\u00e1bado 28 de octubre - Fiare Banca Etica\",\"isPartOf\":{\"@id\":\"https:\/\/www.fiarebancaetica.coop\/ca\/#website\"},\"primaryImageOfPage\":{\"@id\":\"https:\/\/www.fiarebancaetica.coop\/ca\/evento\/celebrada-la-asamblea-del-git-de-madrid-el-pasado-sabado-28-de-octubre\/#primaryimage\"},\"image\":{\"@id\":\"https:\/\/www.fiarebancaetica.coop\/ca\/evento\/celebrada-la-asamblea-del-git-de-madrid-el-pasado-sabado-28-de-octubre\/#primaryimage\"},\"thumbnailUrl\":\"https:\/\/www.fiarebancaetica.coop\/app\/uploads\/sites\/2\/2024\/01\/cover-459-scaled.jpg\",\"datePublished\":\"2019-10-05T18:07:47+00:00\",\"dateModified\":\"2024-02-21T09:40:28+00:00\",\"breadcrumb\":{\"@id\":\"https:\/\/www.fiarebancaetica.coop\/ca\/evento\/celebrada-la-asamblea-del-git-de-madrid-el-pasado-sabado-28-de-octubre\/#breadcrumb\"},\"inLanguage\":\"ca\",\"potentialAction\":[{\"@type\":\"ReadAction\",\"target\":[\"https:\/\/www.fiarebancaetica.coop\/ca\/evento\/celebrada-la-asamblea-del-git-de-madrid-el-pasado-sabado-28-de-octubre\/\"]}]},{\"@type\":\"ImageObject\",\"inLanguage\":\"ca\",\"@id\":\"https:\/\/www.fiarebancaetica.coop\/ca\/evento\/celebrada-la-asamblea-del-git-de-madrid-el-pasado-sabado-28-de-octubre\/#primaryimage\",\"url\":\"https:\/\/www.fiarebancaetica.coop\/app\/uploads\/sites\/2\/2024\/01\/cover-459-scaled.jpg\",\"contentUrl\":\"https:\/\/www.fiarebancaetica.coop\/app\/uploads\/sites\/2\/2024\/01\/cover-459-scaled.jpg\",\"width\":2560,\"height\":1920},{\"@type\":\"BreadcrumbList\",\"@id\":\"https:\/\/www.fiarebancaetica.coop\/ca\/evento\/celebrada-la-asamblea-del-git-de-madrid-el-pasado-sabado-28-de-octubre\/#breadcrumb\",\"itemListElement\":[{\"@type\":\"ListItem\",\"position\":1,\"name\":\"Home\",\"item\":\"https:\/\/www.fiarebancaetica.coop\/ca\/\"},{\"@type\":\"ListItem\",\"position\":2,\"name\":\"Celebrada la asamblea del GIT de Madrid, el pasado s\u00e1bado 28 de octubre\"}]},{\"@type\":\"WebSite\",\"@id\":\"https:\/\/www.fiarebancaetica.coop\/ca\/#website\",\"url\":\"https:\/\/www.fiarebancaetica.coop\/ca\/\",\"name\":\"Fiare Banca Etica\",\"description\":\"\",\"potentialAction\":[{\"@type\":\"SearchAction\",\"target\":{\"@type\":\"EntryPoint\",\"urlTemplate\":\"https:\/\/www.fiarebancaetica.coop\/ca\/?s={search_term_string}\"},\"query-input\":{\"@type\":\"PropertyValueSpecification\",\"valueRequired\":true,\"valueName\":\"search_term_string\"}}],\"inLanguage\":\"ca\"}]}<\/script>\n<!-- \/ Yoast SEO plugin. -->","yoast_head_json":{"title":"Celebrada la asamblea del GIT de Madrid, el pasado s\u00e1bado 28 de octubre - Fiare Banca Etica","robots":{"index":"index","follow":"follow","max-snippet":"max-snippet:-1","max-image-preview":"max-image-preview:large","max-video-preview":"max-video-preview:-1"},"canonical":"https:\/\/www.fiarebancaetica.coop\/ca\/evento\/celebrada-la-asamblea-del-git-de-madrid-el-pasado-sabado-28-de-octubre\/","og_locale":"ca_ES","og_type":"article","og_title":"Celebrada la asamblea del GIT de Madrid, el pasado s\u00e1bado 28 de octubre - Fiare Banca Etica","og_description":"El pasado s\u00e1bado 28 de septiembre, celebramos nuestra asamblea anual en el local de &#8220;Traficantes de sue\u00f1os&#8221;. Se intent\u00f3 dar un formato m\u00e1s participativo e informativo, trat\u00e1ndose temas relacionados con la operativa del banco, la base social, los nuevos proyectos de participaci\u00f3n y difusi\u00f3n, etc. Gracias a Laura, de Relaciones Asociativas, nos pusimos al d\u00eda [&hellip;]","og_url":"https:\/\/www.fiarebancaetica.coop\/ca\/evento\/celebrada-la-asamblea-del-git-de-madrid-el-pasado-sabado-28-de-octubre\/","og_site_name":"Fiare Banca Etica","article_modified_time":"2024-02-21T09:40:28+00:00","og_image":[{"width":2560,"height":1920,"url":"https:\/\/www.fiarebancaetica.coop\/app\/uploads\/sites\/2\/2024\/01\/cover-459-scaled.jpg","type":"image\/jpeg"}],"twitter_card":"summary_large_image","schema":{"@context":"https:\/\/schema.org","@graph":[{"@type":"WebPage","@id":"https:\/\/www.fiarebancaetica.coop\/ca\/evento\/celebrada-la-asamblea-del-git-de-madrid-el-pasado-sabado-28-de-octubre\/","url":"https:\/\/www.fiarebancaetica.coop\/ca\/evento\/celebrada-la-asamblea-del-git-de-madrid-el-pasado-sabado-28-de-octubre\/","name":"Celebrada la asamblea del GIT de Madrid, el pasado s\u00e1bado 28 de octubre - Fiare Banca Etica","isPartOf":{"@id":"https:\/\/www.fiarebancaetica.coop\/ca\/#website"},"primaryImageOfPage":{"@id":"https:\/\/www.fiarebancaetica.coop\/ca\/evento\/celebrada-la-asamblea-del-git-de-madrid-el-pasado-sabado-28-de-octubre\/#primaryimage"},"image":{"@id":"https:\/\/www.fiarebancaetica.coop\/ca\/evento\/celebrada-la-asamblea-del-git-de-madrid-el-pasado-sabado-28-de-octubre\/#primaryimage"},"thumbnailUrl":"https:\/\/www.fiarebancaetica.coop\/app\/uploads\/sites\/2\/2024\/01\/cover-459-scaled.jpg","datePublished":"2019-10-05T18:07:47+00:00","dateModified":"2024-02-21T09:40:28+00:00","breadcrumb":{"@id":"https:\/\/www.fiarebancaetica.coop\/ca\/evento\/celebrada-la-asamblea-del-git-de-madrid-el-pasado-sabado-28-de-octubre\/#breadcrumb"},"inLanguage":"ca","potentialAction":[{"@type":"ReadAction","target":["https:\/\/www.fiarebancaetica.coop\/ca\/evento\/celebrada-la-asamblea-del-git-de-madrid-el-pasado-sabado-28-de-octubre\/"]}]},{"@type":"ImageObject","inLanguage":"ca","@id":"https:\/\/www.fiarebancaetica.coop\/ca\/evento\/celebrada-la-asamblea-del-git-de-madrid-el-pasado-sabado-28-de-octubre\/#primaryimage","url":"https:\/\/www.fiarebancaetica.coop\/app\/uploads\/sites\/2\/2024\/01\/cover-459-scaled.jpg","contentUrl":"https:\/\/www.fiarebancaetica.coop\/app\/uploads\/sites\/2\/2024\/01\/cover-459-scaled.jpg","width":2560,"height":1920},{"@type":"BreadcrumbList","@id":"https:\/\/www.fiarebancaetica.coop\/ca\/evento\/celebrada-la-asamblea-del-git-de-madrid-el-pasado-sabado-28-de-octubre\/#breadcrumb","itemListElement":[{"@type":"ListItem","position":1,"name":"Home","item":"https:\/\/www.fiarebancaetica.coop\/ca\/"},{"@type":"ListItem","position":2,"name":"Celebrada la asamblea del GIT de Madrid, el pasado s\u00e1bado 28 de octubre"}]},{"@type":"WebSite","@id":"https:\/\/www.fiarebancaetica.coop\/ca\/#website","url":"https:\/\/www.fiarebancaetica.coop\/ca\/","name":"Fiare Banca Etica","description":"","potentialAction":[{"@type":"SearchAction","target":{"@type":"EntryPoint","urlTemplate":"https:\/\/www.fiarebancaetica.coop\/ca\/?s={search_term_string}"},"query-input":{"@type":"PropertyValueSpecification","valueRequired":true,"valueName":"search_term_string"}}],"inLanguage":"ca"}]}},"_links":{"self":[{"href":"https:\/\/www.fiarebancaetica.coop\/ca\/wp-json\/wp\/v2\/cbwpt_git_events\/350046","targetHints":{"allow":["GET"]}}],"collection":[{"href":"https:\/\/www.fiarebancaetica.coop\/ca\/wp-json\/wp\/v2\/cbwpt_git_events"}],"about":[{"href":"https:\/\/www.fiarebancaetica.coop\/ca\/wp-json\/wp\/v2\/types\/cbwpt_git_events"}],"author":[{"embeddable":true,"href":"https:\/\/www.fiarebancaetica.coop\/ca\/wp-json\/wp\/v2\/users\/1"}],"version-history":[{"count":1,"href":"https:\/\/www.fiarebancaetica.coop\/ca\/wp-json\/wp\/v2\/cbwpt_git_events\/350046\/revisions"}],"predecessor-version":[{"id":352084,"href":"https:\/\/www.fiarebancaetica.coop\/ca\/wp-json\/wp\/v2\/cbwpt_git_events\/350046\/revisions\/352084"}],"wp:featuredmedia":[{"embeddable":true,"href":"https:\/\/www.fiarebancaetica.coop\/ca\/wp-json\/wp\/v2\/media\/363934"}],"wp:attachment":[{"href":"https:\/\/www.fiarebancaetica.coop\/ca\/wp-json\/wp\/v2\/media?parent=350046"}],"wp:term":[{"taxonomy":"cbwpt_tags","embeddable":true,"href":"https:\/\/www.fiarebancaetica.coop\/ca\/wp-json\/wp\/v2\/git_tags?post=350046"},{"taxonomy":"author","embeddable":true,"href":"https:\/\/www.fiarebancaetica.coop\/ca\/wp-json\/wp\/v2\/coauthors?post=350046"}],"curies":[{"name":"wp","href":"https:\/\/api.w.org\/{rel}","templated":true}]}}

Celebrada la asamblea del GIT de Madrid, el pasado sábado 28 de octubre

<!-- This site is optimized with the Yoast SEO plugin v26.9 - https://yoast.com/product/yoast-seo-wordpress/ -->
<title>Celebrada la asamblea del GIT de Madrid, el pasado sábado 28 de octubre - Fiare Banca Etica</title>
<meta name="robots" content="index, follow, max-snippet:-1, max-image-preview:large, max-video-preview:-1" />
<link rel="canonical" href="https://www.fiarebancaetica.coop/ca/evento/celebrada-la-asamblea-del-git-de-madrid-el-pasado-sabado-28-de-octubre/" />
<meta property="og:locale" content="ca_ES" />
<meta property="og:type" content="article" />
<meta property="og:title" content="Celebrada la asamblea del GIT de Madrid, el pasado sábado 28 de octubre - Fiare Banca Etica" />
<meta property="og:description" content="El pasado sábado 28 de septiembre, celebramos nuestra asamblea anual en el local de &#8220;Traficantes de sueños&#8221;. Se intentó dar un formato más participativo e informativo, tratándose temas relacionados con la operativa del banco, la base social, los nuevos proyectos de participación y difusión, etc. Gracias a Laura, de Relaciones Asociativas, nos pusimos al día [&hellip;]" />
<meta property="og:url" content="https://www.fiarebancaetica.coop/ca/evento/celebrada-la-asamblea-del-git-de-madrid-el-pasado-sabado-28-de-octubre/" />
<meta property="og:site_name" content="Fiare Banca Etica" />
<meta property="article:modified_time" content="2024-02-21T09:40:28+00:00" />
<meta property="og:image" content="https://www.fiarebancaetica.coop/app/uploads/sites/2/2024/01/cover-459-scaled.jpg" />
	<meta property="og:image:width" content="2560" />
	<meta property="og:image:height" content="1920" />
	<meta property="og:image:type" content="image/jpeg" />
<meta name="twitter:card" content="summary_large_image" />
<script type="application/ld+json" class="yoast-schema-graph">{"@context":"https://schema.org","@graph":[{"@type":"WebPage","@id":"https://www.fiarebancaetica.coop/ca/evento/celebrada-la-asamblea-del-git-de-madrid-el-pasado-sabado-28-de-octubre/","url":"https://www.fiarebancaetica.coop/ca/evento/celebrada-la-asamblea-del-git-de-madrid-el-pasado-sabado-28-de-octubre/","name":"Celebrada la asamblea del GIT de Madrid, el pasado sábado 28 de octubre - Fiare Banca Etica","isPartOf":{"@id":"https://www.fiarebancaetica.coop/ca/#website"},"primaryImageOfPage":{"@id":"https://www.fiarebancaetica.coop/ca/evento/celebrada-la-asamblea-del-git-de-madrid-el-pasado-sabado-28-de-octubre/#primaryimage"},"image":{"@id":"https://www.fiarebancaetica.coop/ca/evento/celebrada-la-asamblea-del-git-de-madrid-el-pasado-sabado-28-de-octubre/#primaryimage"},"thumbnailUrl":"https://www.fiarebancaetica.coop/app/uploads/sites/2/2024/01/cover-459-scaled.jpg","datePublished":"2019-10-05T18:07:47+00:00","dateModified":"2024-02-21T09:40:28+00:00","breadcrumb":{"@id":"https://www.fiarebancaetica.coop/ca/evento/celebrada-la-asamblea-del-git-de-madrid-el-pasado-sabado-28-de-octubre/#breadcrumb"},"inLanguage":"ca","potentialAction":[{"@type":"ReadAction","target":["https://www.fiarebancaetica.coop/ca/evento/celebrada-la-asamblea-del-git-de-madrid-el-pasado-sabado-28-de-octubre/"]}]},{"@type":"ImageObject","inLanguage":"ca","@id":"https://www.fiarebancaetica.coop/ca/evento/celebrada-la-asamblea-del-git-de-madrid-el-pasado-sabado-28-de-octubre/#primaryimage","url":"https://www.fiarebancaetica.coop/app/uploads/sites/2/2024/01/cover-459-scaled.jpg","contentUrl":"https://www.fiarebancaetica.coop/app/uploads/sites/2/2024/01/cover-459-scaled.jpg","width":2560,"height":1920},{"@type":"BreadcrumbList","@id":"https://www.fiarebancaetica.coop/ca/evento/celebrada-la-asamblea-del-git-de-madrid-el-pasado-sabado-28-de-octubre/#breadcrumb","itemListElement":[{"@type":"ListItem","position":1,"name":"Home","item":"https://www.fiarebancaetica.coop/ca/"},{"@type":"ListItem","position":2,"name":"Celebrada la asamblea del GIT de Madrid, el pasado sábado 28 de octubre"}]},{"@type":"WebSite","@id":"https://www.fiarebancaetica.coop/ca/#website","url":"https://www.fiarebancaetica.coop/ca/","name":"Fiare Banca Etica","description":"","potentialAction":[{"@type":"SearchAction","target":{"@type":"EntryPoint","urlTemplate":"https://www.fiarebancaetica.coop/ca/?s={search_term_string}"},"query-input":{"@type":"PropertyValueSpecification","valueRequired":true,"valueName":"search_term_string"}}],"inLanguage":"ca"}]}</script>
<!-- / Yoast SEO plugin. -->

Celebrada la asamblea del GIT de Madrid, el pasado sábado 28 de octubre - Fiare Banca Etica

El pasado sábado 28 de septiembre, celebramos nuestra asamblea anual en el local de &#8220;Traficantes de sueños&#8221;. Se intentó dar un formato más participativo e informativo, tratándose temas relacionados con la operativa del banco, la base social, los nuevos proyectos de participación y difusión, etc. Gracias a Laura, de Relaciones Asociativas, nos pusimos al día [&hellip;]
