{"id":350330,"date":"2018-06-21T18:18:20","date_gmt":"2018-06-21T16:18:20","guid":{"rendered":"https:\/\/www.fiarebancaetica.coop\/evento\/nou-cafe-fiare-a-eivissa\/"},"modified":"2024-02-21T10:49:36","modified_gmt":"2024-02-21T09:49:36","slug":"nou-cafe-fiare-a-eivissa","status":"publish","type":"cbwpt_git_events","link":"https:\/\/www.fiarebancaetica.coop\/ca\/evento\/nou-cafe-fiare-a-eivissa\/","title":{"rendered":"Nou Caf\u00e8 Fiare a Eivissa"},"author":1,"featured_media":363691,"parent":0,"template":"","meta":{"_acf_changed":false},"git_tags":[11224],"coauthors":[2888,3598],"class_list":["post-350330","cbwpt_git_events","type-cbwpt_git_events","status-publish","has-post-thumbnail","hentry"],"acf":[],"yoast_head":"<!-- This site is optimized with the Yoast SEO plugin v26.9 - https:\/\/yoast.com\/product\/yoast-seo-wordpress\/ -->\n<title>Nou Caf\u00e8 Fiare a Eivissa - Fiare Banca Etica<\/title>\n<meta name=\"robots\" content=\"index, follow, max-snippet:-1, max-image-preview:large, max-video-preview:-1\" \/>\n<link rel=\"canonical\" href=\"https:\/\/www.fiarebancaetica.coop\/ca\/evento\/nou-cafe-fiare-a-eivissa\/\" \/>\n<meta property=\"og:locale\" content=\"ca_ES\" \/>\n<meta property=\"og:type\" content=\"article\" \/>\n<meta property=\"og:title\" content=\"Nou Caf\u00e8 Fiare a Eivissa - Fiare Banca Etica\" \/>\n<meta property=\"og:description\" content=\"A aquest cinqu\u00e8 Caf\u00e8 Fiare, a m\u00e9s dels temes que proposin les persones assistents, tractarem aquests assumptes: &#8211; \u00a0Resultats de Fiare Banca Etica al 2017 i la feina que s&#8217;est\u00e0 fent al 2018 &#8211; \u00a0Cr\u00e8dit atorgat a Balears &#8211; \u00a0Noves iniciatives Cohousing &#8211; \u00a0Planificaci\u00f3 d&#8217;activitats de difusi\u00f3 de Fiare Banca Etica a Eivissa Comptarem amb [&hellip;]\" \/>\n<meta property=\"og:url\" content=\"https:\/\/www.fiarebancaetica.coop\/ca\/evento\/nou-cafe-fiare-a-eivissa\/\" \/>\n<meta property=\"og:site_name\" content=\"Fiare Banca Etica\" \/>\n<meta property=\"article:modified_time\" content=\"2024-02-21T09:49:36+00:00\" \/>\n<meta property=\"og:image\" content=\"https:\/\/www.fiarebancaetica.coop\/app\/uploads\/sites\/2\/2024\/01\/cover-411.jpg\" \/>\n\t<meta property=\"og:image:width\" content=\"1122\" \/>\n\t<meta property=\"og:image:height\" content=\"1588\" \/>\n\t<meta property=\"og:image:type\" content=\"image\/jpeg\" \/>\n<meta name=\"twitter:card\" content=\"summary_large_image\" \/>\n<script type=\"application\/ld+json\" class=\"yoast-schema-graph\">{\"@context\":\"https:\/\/schema.org\",\"@graph\":[{\"@type\":\"WebPage\",\"@id\":\"https:\/\/www.fiarebancaetica.coop\/ca\/evento\/nou-cafe-fiare-a-eivissa\/\",\"url\":\"https:\/\/www.fiarebancaetica.coop\/ca\/evento\/nou-cafe-fiare-a-eivissa\/\",\"name\":\"Nou Caf\u00e8 Fiare a Eivissa - Fiare Banca Etica\",\"isPartOf\":{\"@id\":\"https:\/\/www.fiarebancaetica.coop\/ca\/#website\"},\"primaryImageOfPage\":{\"@id\":\"https:\/\/www.fiarebancaetica.coop\/ca\/evento\/nou-cafe-fiare-a-eivissa\/#primaryimage\"},\"image\":{\"@id\":\"https:\/\/www.fiarebancaetica.coop\/ca\/evento\/nou-cafe-fiare-a-eivissa\/#primaryimage\"},\"thumbnailUrl\":\"https:\/\/www.fiarebancaetica.coop\/app\/uploads\/sites\/2\/2024\/01\/cover-411.jpg\",\"datePublished\":\"2018-06-21T16:18:20+00:00\",\"dateModified\":\"2024-02-21T09:49:36+00:00\",\"breadcrumb\":{\"@id\":\"https:\/\/www.fiarebancaetica.coop\/ca\/evento\/nou-cafe-fiare-a-eivissa\/#breadcrumb\"},\"inLanguage\":\"ca\",\"potentialAction\":[{\"@type\":\"ReadAction\",\"target\":[\"https:\/\/www.fiarebancaetica.coop\/ca\/evento\/nou-cafe-fiare-a-eivissa\/\"]}]},{\"@type\":\"ImageObject\",\"inLanguage\":\"ca\",\"@id\":\"https:\/\/www.fiarebancaetica.coop\/ca\/evento\/nou-cafe-fiare-a-eivissa\/#primaryimage\",\"url\":\"https:\/\/www.fiarebancaetica.coop\/app\/uploads\/sites\/2\/2024\/01\/cover-411.jpg\",\"contentUrl\":\"https:\/\/www.fiarebancaetica.coop\/app\/uploads\/sites\/2\/2024\/01\/cover-411.jpg\",\"width\":1122,\"height\":1588},{\"@type\":\"BreadcrumbList\",\"@id\":\"https:\/\/www.fiarebancaetica.coop\/ca\/evento\/nou-cafe-fiare-a-eivissa\/#breadcrumb\",\"itemListElement\":[{\"@type\":\"ListItem\",\"position\":1,\"name\":\"Home\",\"item\":\"https:\/\/www.fiarebancaetica.coop\/ca\/\"},{\"@type\":\"ListItem\",\"position\":2,\"name\":\"Nou Caf\u00e8 Fiare a Eivissa\"}]},{\"@type\":\"WebSite\",\"@id\":\"https:\/\/www.fiarebancaetica.coop\/ca\/#website\",\"url\":\"https:\/\/www.fiarebancaetica.coop\/ca\/\",\"name\":\"Fiare Banca Etica\",\"description\":\"\",\"potentialAction\":[{\"@type\":\"SearchAction\",\"target\":{\"@type\":\"EntryPoint\",\"urlTemplate\":\"https:\/\/www.fiarebancaetica.coop\/ca\/?s={search_term_string}\"},\"query-input\":{\"@type\":\"PropertyValueSpecification\",\"valueRequired\":true,\"valueName\":\"search_term_string\"}}],\"inLanguage\":\"ca\"}]}<\/script>\n<!-- \/ Yoast SEO plugin. -->","yoast_head_json":{"title":"Nou Caf\u00e8 Fiare a Eivissa - Fiare Banca Etica","robots":{"index":"index","follow":"follow","max-snippet":"max-snippet:-1","max-image-preview":"max-image-preview:large","max-video-preview":"max-video-preview:-1"},"canonical":"https:\/\/www.fiarebancaetica.coop\/ca\/evento\/nou-cafe-fiare-a-eivissa\/","og_locale":"ca_ES","og_type":"article","og_title":"Nou Caf\u00e8 Fiare a Eivissa - Fiare Banca Etica","og_description":"A aquest cinqu\u00e8 Caf\u00e8 Fiare, a m\u00e9s dels temes que proposin les persones assistents, tractarem aquests assumptes: &#8211; \u00a0Resultats de Fiare Banca Etica al 2017 i la feina que s&#8217;est\u00e0 fent al 2018 &#8211; \u00a0Cr\u00e8dit atorgat a Balears &#8211; \u00a0Noves iniciatives Cohousing &#8211; \u00a0Planificaci\u00f3 d&#8217;activitats de difusi\u00f3 de Fiare Banca Etica a Eivissa Comptarem amb [&hellip;]","og_url":"https:\/\/www.fiarebancaetica.coop\/ca\/evento\/nou-cafe-fiare-a-eivissa\/","og_site_name":"Fiare Banca Etica","article_modified_time":"2024-02-21T09:49:36+00:00","og_image":[{"width":1122,"height":1588,"url":"https:\/\/www.fiarebancaetica.coop\/app\/uploads\/sites\/2\/2024\/01\/cover-411.jpg","type":"image\/jpeg"}],"twitter_card":"summary_large_image","schema":{"@context":"https:\/\/schema.org","@graph":[{"@type":"WebPage","@id":"https:\/\/www.fiarebancaetica.coop\/ca\/evento\/nou-cafe-fiare-a-eivissa\/","url":"https:\/\/www.fiarebancaetica.coop\/ca\/evento\/nou-cafe-fiare-a-eivissa\/","name":"Nou Caf\u00e8 Fiare a Eivissa - Fiare Banca Etica","isPartOf":{"@id":"https:\/\/www.fiarebancaetica.coop\/ca\/#website"},"primaryImageOfPage":{"@id":"https:\/\/www.fiarebancaetica.coop\/ca\/evento\/nou-cafe-fiare-a-eivissa\/#primaryimage"},"image":{"@id":"https:\/\/www.fiarebancaetica.coop\/ca\/evento\/nou-cafe-fiare-a-eivissa\/#primaryimage"},"thumbnailUrl":"https:\/\/www.fiarebancaetica.coop\/app\/uploads\/sites\/2\/2024\/01\/cover-411.jpg","datePublished":"2018-06-21T16:18:20+00:00","dateModified":"2024-02-21T09:49:36+00:00","breadcrumb":{"@id":"https:\/\/www.fiarebancaetica.coop\/ca\/evento\/nou-cafe-fiare-a-eivissa\/#breadcrumb"},"inLanguage":"ca","potentialAction":[{"@type":"ReadAction","target":["https:\/\/www.fiarebancaetica.coop\/ca\/evento\/nou-cafe-fiare-a-eivissa\/"]}]},{"@type":"ImageObject","inLanguage":"ca","@id":"https:\/\/www.fiarebancaetica.coop\/ca\/evento\/nou-cafe-fiare-a-eivissa\/#primaryimage","url":"https:\/\/www.fiarebancaetica.coop\/app\/uploads\/sites\/2\/2024\/01\/cover-411.jpg","contentUrl":"https:\/\/www.fiarebancaetica.coop\/app\/uploads\/sites\/2\/2024\/01\/cover-411.jpg","width":1122,"height":1588},{"@type":"BreadcrumbList","@id":"https:\/\/www.fiarebancaetica.coop\/ca\/evento\/nou-cafe-fiare-a-eivissa\/#breadcrumb","itemListElement":[{"@type":"ListItem","position":1,"name":"Home","item":"https:\/\/www.fiarebancaetica.coop\/ca\/"},{"@type":"ListItem","position":2,"name":"Nou Caf\u00e8 Fiare a Eivissa"}]},{"@type":"WebSite","@id":"https:\/\/www.fiarebancaetica.coop\/ca\/#website","url":"https:\/\/www.fiarebancaetica.coop\/ca\/","name":"Fiare Banca Etica","description":"","potentialAction":[{"@type":"SearchAction","target":{"@type":"EntryPoint","urlTemplate":"https:\/\/www.fiarebancaetica.coop\/ca\/?s={search_term_string}"},"query-input":{"@type":"PropertyValueSpecification","valueRequired":true,"valueName":"search_term_string"}}],"inLanguage":"ca"}]}},"_links":{"self":[{"href":"https:\/\/www.fiarebancaetica.coop\/ca\/wp-json\/wp\/v2\/cbwpt_git_events\/350330","targetHints":{"allow":["GET"]}}],"collection":[{"href":"https:\/\/www.fiarebancaetica.coop\/ca\/wp-json\/wp\/v2\/cbwpt_git_events"}],"about":[{"href":"https:\/\/www.fiarebancaetica.coop\/ca\/wp-json\/wp\/v2\/types\/cbwpt_git_events"}],"author":[{"embeddable":true,"href":"https:\/\/www.fiarebancaetica.coop\/ca\/wp-json\/wp\/v2\/users\/1"}],"version-history":[{"count":1,"href":"https:\/\/www.fiarebancaetica.coop\/ca\/wp-json\/wp\/v2\/cbwpt_git_events\/350330\/revisions"}],"predecessor-version":[{"id":352207,"href":"https:\/\/www.fiarebancaetica.coop\/ca\/wp-json\/wp\/v2\/cbwpt_git_events\/350330\/revisions\/352207"}],"wp:featuredmedia":[{"embeddable":true,"href":"https:\/\/www.fiarebancaetica.coop\/ca\/wp-json\/wp\/v2\/media\/363691"}],"wp:attachment":[{"href":"https:\/\/www.fiarebancaetica.coop\/ca\/wp-json\/wp\/v2\/media?parent=350330"}],"wp:term":[{"taxonomy":"cbwpt_tags","embeddable":true,"href":"https:\/\/www.fiarebancaetica.coop\/ca\/wp-json\/wp\/v2\/git_tags?post=350330"},{"taxonomy":"author","embeddable":true,"href":"https:\/\/www.fiarebancaetica.coop\/ca\/wp-json\/wp\/v2\/coauthors?post=350330"}],"curies":[{"name":"wp","href":"https:\/\/api.w.org\/{rel}","templated":true}]}}

Nou Cafè Fiare a Eivissa

<!-- This site is optimized with the Yoast SEO plugin v26.9 - https://yoast.com/product/yoast-seo-wordpress/ -->
<title>Nou Cafè Fiare a Eivissa - Fiare Banca Etica</title>
<meta name="robots" content="index, follow, max-snippet:-1, max-image-preview:large, max-video-preview:-1" />
<link rel="canonical" href="https://www.fiarebancaetica.coop/ca/evento/nou-cafe-fiare-a-eivissa/" />
<meta property="og:locale" content="ca_ES" />
<meta property="og:type" content="article" />
<meta property="og:title" content="Nou Cafè Fiare a Eivissa - Fiare Banca Etica" />
<meta property="og:description" content="A aquest cinquè Cafè Fiare, a més dels temes que proposin les persones assistents, tractarem aquests assumptes: &#8211;  Resultats de Fiare Banca Etica al 2017 i la feina que s&#8217;està fent al 2018 &#8211;  Crèdit atorgat a Balears &#8211;  Noves iniciatives Cohousing &#8211;  Planificació d&#8217;activitats de difusió de Fiare Banca Etica a Eivissa Comptarem amb [&hellip;]" />
<meta property="og:url" content="https://www.fiarebancaetica.coop/ca/evento/nou-cafe-fiare-a-eivissa/" />
<meta property="og:site_name" content="Fiare Banca Etica" />
<meta property="article:modified_time" content="2024-02-21T09:49:36+00:00" />
<meta property="og:image" content="https://www.fiarebancaetica.coop/app/uploads/sites/2/2024/01/cover-411.jpg" />
	<meta property="og:image:width" content="1122" />
	<meta property="og:image:height" content="1588" />
	<meta property="og:image:type" content="image/jpeg" />
<meta name="twitter:card" content="summary_large_image" />
<script type="application/ld+json" class="yoast-schema-graph">{"@context":"https://schema.org","@graph":[{"@type":"WebPage","@id":"https://www.fiarebancaetica.coop/ca/evento/nou-cafe-fiare-a-eivissa/","url":"https://www.fiarebancaetica.coop/ca/evento/nou-cafe-fiare-a-eivissa/","name":"Nou Cafè Fiare a Eivissa - Fiare Banca Etica","isPartOf":{"@id":"https://www.fiarebancaetica.coop/ca/#website"},"primaryImageOfPage":{"@id":"https://www.fiarebancaetica.coop/ca/evento/nou-cafe-fiare-a-eivissa/#primaryimage"},"image":{"@id":"https://www.fiarebancaetica.coop/ca/evento/nou-cafe-fiare-a-eivissa/#primaryimage"},"thumbnailUrl":"https://www.fiarebancaetica.coop/app/uploads/sites/2/2024/01/cover-411.jpg","datePublished":"2018-06-21T16:18:20+00:00","dateModified":"2024-02-21T09:49:36+00:00","breadcrumb":{"@id":"https://www.fiarebancaetica.coop/ca/evento/nou-cafe-fiare-a-eivissa/#breadcrumb"},"inLanguage":"ca","potentialAction":[{"@type":"ReadAction","target":["https://www.fiarebancaetica.coop/ca/evento/nou-cafe-fiare-a-eivissa/"]}]},{"@type":"ImageObject","inLanguage":"ca","@id":"https://www.fiarebancaetica.coop/ca/evento/nou-cafe-fiare-a-eivissa/#primaryimage","url":"https://www.fiarebancaetica.coop/app/uploads/sites/2/2024/01/cover-411.jpg","contentUrl":"https://www.fiarebancaetica.coop/app/uploads/sites/2/2024/01/cover-411.jpg","width":1122,"height":1588},{"@type":"BreadcrumbList","@id":"https://www.fiarebancaetica.coop/ca/evento/nou-cafe-fiare-a-eivissa/#breadcrumb","itemListElement":[{"@type":"ListItem","position":1,"name":"Home","item":"https://www.fiarebancaetica.coop/ca/"},{"@type":"ListItem","position":2,"name":"Nou Cafè Fiare a Eivissa"}]},{"@type":"WebSite","@id":"https://www.fiarebancaetica.coop/ca/#website","url":"https://www.fiarebancaetica.coop/ca/","name":"Fiare Banca Etica","description":"","potentialAction":[{"@type":"SearchAction","target":{"@type":"EntryPoint","urlTemplate":"https://www.fiarebancaetica.coop/ca/?s={search_term_string}"},"query-input":{"@type":"PropertyValueSpecification","valueRequired":true,"valueName":"search_term_string"}}],"inLanguage":"ca"}]}</script>
<!-- / Yoast SEO plugin. -->

Nou Cafè Fiare a Eivissa - Fiare Banca Etica

A aquest cinquè Cafè Fiare, a més dels temes que proposin les persones assistents, tractarem aquests assumptes: &#8211;  Resultats de Fiare Banca Etica al 2017 i la feina que s&#8217;està fent al 2018 &#8211;  Crèdit atorgat a Balears &#8211;  Noves iniciatives Cohousing &#8211;  Planificació d&#8217;activitats de difusió de Fiare Banca Etica a Eivissa Comptarem amb [&hellip;]
