{"id":350382,"date":"2018-05-02T21:55:35","date_gmt":"2018-05-02T19:55:35","guid":{"rendered":"https:\/\/www.fiarebancaetica.coop\/evento\/cafe-fiare-a-eivissa-previ-a-lassemblea-general\/"},"modified":"2024-02-21T10:53:24","modified_gmt":"2024-02-21T09:53:24","slug":"cafe-fiare-a-eivissa-previ-a-lassemblea-general","status":"publish","type":"cbwpt_git_events","link":"https:\/\/www.fiarebancaetica.coop\/ca\/evento\/cafe-fiare-a-eivissa-previ-a-lassemblea-general\/","title":{"rendered":"Caf\u00e8 Fiare a Eivissa previ a l&#8217;assemblea general"},"author":1,"featured_media":0,"parent":0,"template":"","meta":{"_acf_changed":false},"git_tags":[11224],"coauthors":[2888,3598],"class_list":["post-350382","cbwpt_git_events","type-cbwpt_git_events","status-publish","hentry"],"acf":[],"yoast_head":"<!-- This site is optimized with the Yoast SEO plugin v26.9 - https:\/\/yoast.com\/product\/yoast-seo-wordpress\/ -->\n<title>Caf\u00e8 Fiare a Eivissa previ a l&#039;assemblea general - Fiare Banca Etica<\/title>\n<meta name=\"robots\" content=\"index, follow, max-snippet:-1, max-image-preview:large, max-video-preview:-1\" \/>\n<link rel=\"canonical\" href=\"https:\/\/www.fiarebancaetica.coop\/ca\/evento\/cafe-fiare-a-eivissa-previ-a-lassemblea-general\/\" \/>\n<meta property=\"og:locale\" content=\"ca_ES\" \/>\n<meta property=\"og:type\" content=\"article\" \/>\n<meta property=\"og:title\" content=\"Caf\u00e8 Fiare a Eivissa previ a l&#039;assemblea general - Fiare Banca Etica\" \/>\n<meta property=\"og:description\" content=\"Hem preparat un Caf\u00e8 Fiare &#8220;d&#8217;urg\u00e8ncia&#8221; per aquest dijous 3 de maig, a les 19.00 al Districte Hip\u00e8rbole d&#8217;Eivissa, en qu\u00e8 es podr\u00e0 fer el pre-registre per a participar online a l&#8217;Assemblea General de la Cooperativa que se celebrar\u00e0 el 12 de maig. Per aix\u00f2, si tens ordinador port\u00e0til seria recomanable que el duguessis, a [&hellip;]\" \/>\n<meta property=\"og:url\" content=\"https:\/\/www.fiarebancaetica.coop\/ca\/evento\/cafe-fiare-a-eivissa-previ-a-lassemblea-general\/\" \/>\n<meta property=\"og:site_name\" content=\"Fiare Banca Etica\" \/>\n<meta property=\"article:modified_time\" content=\"2024-02-21T09:53:24+00:00\" \/>\n<meta name=\"twitter:card\" content=\"summary_large_image\" \/>\n<script type=\"application\/ld+json\" class=\"yoast-schema-graph\">{\"@context\":\"https:\/\/schema.org\",\"@graph\":[{\"@type\":\"WebPage\",\"@id\":\"https:\/\/www.fiarebancaetica.coop\/ca\/evento\/cafe-fiare-a-eivissa-previ-a-lassemblea-general\/\",\"url\":\"https:\/\/www.fiarebancaetica.coop\/ca\/evento\/cafe-fiare-a-eivissa-previ-a-lassemblea-general\/\",\"name\":\"Caf\u00e8 Fiare a Eivissa previ a l'assemblea general - Fiare Banca Etica\",\"isPartOf\":{\"@id\":\"https:\/\/www.fiarebancaetica.coop\/ca\/#website\"},\"datePublished\":\"2018-05-02T19:55:35+00:00\",\"dateModified\":\"2024-02-21T09:53:24+00:00\",\"breadcrumb\":{\"@id\":\"https:\/\/www.fiarebancaetica.coop\/ca\/evento\/cafe-fiare-a-eivissa-previ-a-lassemblea-general\/#breadcrumb\"},\"inLanguage\":\"ca\",\"potentialAction\":[{\"@type\":\"ReadAction\",\"target\":[\"https:\/\/www.fiarebancaetica.coop\/ca\/evento\/cafe-fiare-a-eivissa-previ-a-lassemblea-general\/\"]}]},{\"@type\":\"BreadcrumbList\",\"@id\":\"https:\/\/www.fiarebancaetica.coop\/ca\/evento\/cafe-fiare-a-eivissa-previ-a-lassemblea-general\/#breadcrumb\",\"itemListElement\":[{\"@type\":\"ListItem\",\"position\":1,\"name\":\"Home\",\"item\":\"https:\/\/www.fiarebancaetica.coop\/ca\/\"},{\"@type\":\"ListItem\",\"position\":2,\"name\":\"Caf\u00e8 Fiare a Eivissa previ a l&#8217;assemblea general\"}]},{\"@type\":\"WebSite\",\"@id\":\"https:\/\/www.fiarebancaetica.coop\/ca\/#website\",\"url\":\"https:\/\/www.fiarebancaetica.coop\/ca\/\",\"name\":\"Fiare Banca Etica\",\"description\":\"\",\"potentialAction\":[{\"@type\":\"SearchAction\",\"target\":{\"@type\":\"EntryPoint\",\"urlTemplate\":\"https:\/\/www.fiarebancaetica.coop\/ca\/?s={search_term_string}\"},\"query-input\":{\"@type\":\"PropertyValueSpecification\",\"valueRequired\":true,\"valueName\":\"search_term_string\"}}],\"inLanguage\":\"ca\"}]}<\/script>\n<!-- \/ Yoast SEO plugin. -->","yoast_head_json":{"title":"Caf\u00e8 Fiare a Eivissa previ a l'assemblea general - Fiare Banca Etica","robots":{"index":"index","follow":"follow","max-snippet":"max-snippet:-1","max-image-preview":"max-image-preview:large","max-video-preview":"max-video-preview:-1"},"canonical":"https:\/\/www.fiarebancaetica.coop\/ca\/evento\/cafe-fiare-a-eivissa-previ-a-lassemblea-general\/","og_locale":"ca_ES","og_type":"article","og_title":"Caf\u00e8 Fiare a Eivissa previ a l'assemblea general - Fiare Banca Etica","og_description":"Hem preparat un Caf\u00e8 Fiare &#8220;d&#8217;urg\u00e8ncia&#8221; per aquest dijous 3 de maig, a les 19.00 al Districte Hip\u00e8rbole d&#8217;Eivissa, en qu\u00e8 es podr\u00e0 fer el pre-registre per a participar online a l&#8217;Assemblea General de la Cooperativa que se celebrar\u00e0 el 12 de maig. Per aix\u00f2, si tens ordinador port\u00e0til seria recomanable que el duguessis, a [&hellip;]","og_url":"https:\/\/www.fiarebancaetica.coop\/ca\/evento\/cafe-fiare-a-eivissa-previ-a-lassemblea-general\/","og_site_name":"Fiare Banca Etica","article_modified_time":"2024-02-21T09:53:24+00:00","twitter_card":"summary_large_image","schema":{"@context":"https:\/\/schema.org","@graph":[{"@type":"WebPage","@id":"https:\/\/www.fiarebancaetica.coop\/ca\/evento\/cafe-fiare-a-eivissa-previ-a-lassemblea-general\/","url":"https:\/\/www.fiarebancaetica.coop\/ca\/evento\/cafe-fiare-a-eivissa-previ-a-lassemblea-general\/","name":"Caf\u00e8 Fiare a Eivissa previ a l'assemblea general - Fiare Banca Etica","isPartOf":{"@id":"https:\/\/www.fiarebancaetica.coop\/ca\/#website"},"datePublished":"2018-05-02T19:55:35+00:00","dateModified":"2024-02-21T09:53:24+00:00","breadcrumb":{"@id":"https:\/\/www.fiarebancaetica.coop\/ca\/evento\/cafe-fiare-a-eivissa-previ-a-lassemblea-general\/#breadcrumb"},"inLanguage":"ca","potentialAction":[{"@type":"ReadAction","target":["https:\/\/www.fiarebancaetica.coop\/ca\/evento\/cafe-fiare-a-eivissa-previ-a-lassemblea-general\/"]}]},{"@type":"BreadcrumbList","@id":"https:\/\/www.fiarebancaetica.coop\/ca\/evento\/cafe-fiare-a-eivissa-previ-a-lassemblea-general\/#breadcrumb","itemListElement":[{"@type":"ListItem","position":1,"name":"Home","item":"https:\/\/www.fiarebancaetica.coop\/ca\/"},{"@type":"ListItem","position":2,"name":"Caf\u00e8 Fiare a Eivissa previ a l&#8217;assemblea general"}]},{"@type":"WebSite","@id":"https:\/\/www.fiarebancaetica.coop\/ca\/#website","url":"https:\/\/www.fiarebancaetica.coop\/ca\/","name":"Fiare Banca Etica","description":"","potentialAction":[{"@type":"SearchAction","target":{"@type":"EntryPoint","urlTemplate":"https:\/\/www.fiarebancaetica.coop\/ca\/?s={search_term_string}"},"query-input":{"@type":"PropertyValueSpecification","valueRequired":true,"valueName":"search_term_string"}}],"inLanguage":"ca"}]}},"_links":{"self":[{"href":"https:\/\/www.fiarebancaetica.coop\/ca\/wp-json\/wp\/v2\/cbwpt_git_events\/350382","targetHints":{"allow":["GET"]}}],"collection":[{"href":"https:\/\/www.fiarebancaetica.coop\/ca\/wp-json\/wp\/v2\/cbwpt_git_events"}],"about":[{"href":"https:\/\/www.fiarebancaetica.coop\/ca\/wp-json\/wp\/v2\/types\/cbwpt_git_events"}],"author":[{"embeddable":true,"href":"https:\/\/www.fiarebancaetica.coop\/ca\/wp-json\/wp\/v2\/users\/1"}],"version-history":[{"count":1,"href":"https:\/\/www.fiarebancaetica.coop\/ca\/wp-json\/wp\/v2\/cbwpt_git_events\/350382\/revisions"}],"predecessor-version":[{"id":352229,"href":"https:\/\/www.fiarebancaetica.coop\/ca\/wp-json\/wp\/v2\/cbwpt_git_events\/350382\/revisions\/352229"}],"wp:attachment":[{"href":"https:\/\/www.fiarebancaetica.coop\/ca\/wp-json\/wp\/v2\/media?parent=350382"}],"wp:term":[{"taxonomy":"cbwpt_tags","embeddable":true,"href":"https:\/\/www.fiarebancaetica.coop\/ca\/wp-json\/wp\/v2\/git_tags?post=350382"},{"taxonomy":"author","embeddable":true,"href":"https:\/\/www.fiarebancaetica.coop\/ca\/wp-json\/wp\/v2\/coauthors?post=350382"}],"curies":[{"name":"wp","href":"https:\/\/api.w.org\/{rel}","templated":true}]}}

Cafè Fiare a Eivissa previ a l&#8217;assemblea general

<!-- This site is optimized with the Yoast SEO plugin v26.9 - https://yoast.com/product/yoast-seo-wordpress/ -->
<title>Cafè Fiare a Eivissa previ a l&#039;assemblea general - Fiare Banca Etica</title>
<meta name="robots" content="index, follow, max-snippet:-1, max-image-preview:large, max-video-preview:-1" />
<link rel="canonical" href="https://www.fiarebancaetica.coop/ca/evento/cafe-fiare-a-eivissa-previ-a-lassemblea-general/" />
<meta property="og:locale" content="ca_ES" />
<meta property="og:type" content="article" />
<meta property="og:title" content="Cafè Fiare a Eivissa previ a l&#039;assemblea general - Fiare Banca Etica" />
<meta property="og:description" content="Hem preparat un Cafè Fiare &#8220;d&#8217;urgència&#8221; per aquest dijous 3 de maig, a les 19.00 al Districte Hipèrbole d&#8217;Eivissa, en què es podrà fer el pre-registre per a participar online a l&#8217;Assemblea General de la Cooperativa que se celebrarà el 12 de maig. Per això, si tens ordinador portàtil seria recomanable que el duguessis, a [&hellip;]" />
<meta property="og:url" content="https://www.fiarebancaetica.coop/ca/evento/cafe-fiare-a-eivissa-previ-a-lassemblea-general/" />
<meta property="og:site_name" content="Fiare Banca Etica" />
<meta property="article:modified_time" content="2024-02-21T09:53:24+00:00" />
<meta name="twitter:card" content="summary_large_image" />
<script type="application/ld+json" class="yoast-schema-graph">{"@context":"https://schema.org","@graph":[{"@type":"WebPage","@id":"https://www.fiarebancaetica.coop/ca/evento/cafe-fiare-a-eivissa-previ-a-lassemblea-general/","url":"https://www.fiarebancaetica.coop/ca/evento/cafe-fiare-a-eivissa-previ-a-lassemblea-general/","name":"Cafè Fiare a Eivissa previ a l'assemblea general - Fiare Banca Etica","isPartOf":{"@id":"https://www.fiarebancaetica.coop/ca/#website"},"datePublished":"2018-05-02T19:55:35+00:00","dateModified":"2024-02-21T09:53:24+00:00","breadcrumb":{"@id":"https://www.fiarebancaetica.coop/ca/evento/cafe-fiare-a-eivissa-previ-a-lassemblea-general/#breadcrumb"},"inLanguage":"ca","potentialAction":[{"@type":"ReadAction","target":["https://www.fiarebancaetica.coop/ca/evento/cafe-fiare-a-eivissa-previ-a-lassemblea-general/"]}]},{"@type":"BreadcrumbList","@id":"https://www.fiarebancaetica.coop/ca/evento/cafe-fiare-a-eivissa-previ-a-lassemblea-general/#breadcrumb","itemListElement":[{"@type":"ListItem","position":1,"name":"Home","item":"https://www.fiarebancaetica.coop/ca/"},{"@type":"ListItem","position":2,"name":"Cafè Fiare a Eivissa previ a l&#8217;assemblea general"}]},{"@type":"WebSite","@id":"https://www.fiarebancaetica.coop/ca/#website","url":"https://www.fiarebancaetica.coop/ca/","name":"Fiare Banca Etica","description":"","potentialAction":[{"@type":"SearchAction","target":{"@type":"EntryPoint","urlTemplate":"https://www.fiarebancaetica.coop/ca/?s={search_term_string}"},"query-input":{"@type":"PropertyValueSpecification","valueRequired":true,"valueName":"search_term_string"}}],"inLanguage":"ca"}]}</script>
<!-- / Yoast SEO plugin. -->

Cafè Fiare a Eivissa previ a l'assemblea general - Fiare Banca Etica

Hem preparat un Cafè Fiare &#8220;d&#8217;urgència&#8221; per aquest dijous 3 de maig, a les 19.00 al Districte Hipèrbole d&#8217;Eivissa, en què es podrà fer el pre-registre per a participar online a l&#8217;Assemblea General de la Cooperativa que se celebrarà el 12 de maig. Per això, si tens ordinador portàtil seria recomanable que el duguessis, a [&hellip;]
