{"id":350393,"date":"2018-04-18T23:37:14","date_gmt":"2018-04-18T21:37:14","guid":{"rendered":"https:\/\/www.fiarebancaetica.coop\/evento\/20-04-2018-fiare-participa-a-ibi-a-la-jornada-dalternatives-economiques\/"},"modified":"2024-02-21T10:53:34","modified_gmt":"2024-02-21T09:53:34","slug":"20-04-2018-fiare-participa-a-ibi-a-la-jornada-dalternatives-economiques","status":"publish","type":"cbwpt_git_events","link":"https:\/\/www.fiarebancaetica.coop\/ca\/evento\/20-04-2018-fiare-participa-a-ibi-a-la-jornada-dalternatives-economiques\/","title":{"rendered":"20\/04\/2018 FIARE PARTICIPA A IBI A LA &#8220;JORNADA D&#8217;ALTERNATIVES ECON\u00d2MIQUES&#8221;"},"author":8060,"featured_media":363052,"parent":0,"template":"","meta":{"_acf_changed":false},"git_tags":[11230],"coauthors":[12483],"class_list":["post-350393","cbwpt_git_events","type-cbwpt_git_events","status-publish","has-post-thumbnail","hentry"],"acf":[],"yoast_head":"<!-- This site is optimized with the Yoast SEO plugin v26.9 - https:\/\/yoast.com\/product\/yoast-seo-wordpress\/ -->\n<title>20\/04\/2018 FIARE PARTICIPA A IBI A LA &quot;JORNADA D&#039;ALTERNATIVES ECON\u00d2MIQUES&quot; - Fiare Banca Etica<\/title>\n<meta name=\"robots\" content=\"index, follow, max-snippet:-1, max-image-preview:large, max-video-preview:-1\" \/>\n<link rel=\"canonical\" href=\"https:\/\/www.fiarebancaetica.coop\/ca\/evento\/20-04-2018-fiare-participa-a-ibi-a-la-jornada-dalternatives-economiques\/\" \/>\n<meta property=\"og:locale\" content=\"ca_ES\" \/>\n<meta property=\"og:type\" content=\"article\" \/>\n<meta property=\"og:title\" content=\"20\/04\/2018 FIARE PARTICIPA A IBI A LA &quot;JORNADA D&#039;ALTERNATIVES ECON\u00d2MIQUES&quot; - Fiare Banca Etica\" \/>\n<meta property=\"og:description\" content=\"Jornada d&#8217;alternatives econ\u00f2miques amb la participaci\u00f3n de Som Energia i Fiare Banca \u00c8tica\u00a0\" \/>\n<meta property=\"og:url\" content=\"https:\/\/www.fiarebancaetica.coop\/ca\/evento\/20-04-2018-fiare-participa-a-ibi-a-la-jornada-dalternatives-economiques\/\" \/>\n<meta property=\"og:site_name\" content=\"Fiare Banca Etica\" \/>\n<meta property=\"article:modified_time\" content=\"2024-02-21T09:53:34+00:00\" \/>\n<meta property=\"og:image\" content=\"https:\/\/www.fiarebancaetica.coop\/app\/uploads\/sites\/2\/2024\/01\/cover-283.jpg\" \/>\n\t<meta property=\"og:image:width\" content=\"1131\" \/>\n\t<meta property=\"og:image:height\" content=\"1600\" \/>\n\t<meta property=\"og:image:type\" content=\"image\/jpeg\" \/>\n<meta name=\"twitter:card\" content=\"summary_large_image\" \/>\n<script type=\"application\/ld+json\" class=\"yoast-schema-graph\">{\"@context\":\"https:\/\/schema.org\",\"@graph\":[{\"@type\":\"WebPage\",\"@id\":\"https:\/\/www.fiarebancaetica.coop\/ca\/evento\/20-04-2018-fiare-participa-a-ibi-a-la-jornada-dalternatives-economiques\/\",\"url\":\"https:\/\/www.fiarebancaetica.coop\/ca\/evento\/20-04-2018-fiare-participa-a-ibi-a-la-jornada-dalternatives-economiques\/\",\"name\":\"20\/04\/2018 FIARE PARTICIPA A IBI A LA \\\"JORNADA D'ALTERNATIVES ECON\u00d2MIQUES\\\" - Fiare Banca Etica\",\"isPartOf\":{\"@id\":\"https:\/\/www.fiarebancaetica.coop\/ca\/#website\"},\"primaryImageOfPage\":{\"@id\":\"https:\/\/www.fiarebancaetica.coop\/ca\/evento\/20-04-2018-fiare-participa-a-ibi-a-la-jornada-dalternatives-economiques\/#primaryimage\"},\"image\":{\"@id\":\"https:\/\/www.fiarebancaetica.coop\/ca\/evento\/20-04-2018-fiare-participa-a-ibi-a-la-jornada-dalternatives-economiques\/#primaryimage\"},\"thumbnailUrl\":\"https:\/\/www.fiarebancaetica.coop\/app\/uploads\/sites\/2\/2024\/01\/cover-283.jpg\",\"datePublished\":\"2018-04-18T21:37:14+00:00\",\"dateModified\":\"2024-02-21T09:53:34+00:00\",\"breadcrumb\":{\"@id\":\"https:\/\/www.fiarebancaetica.coop\/ca\/evento\/20-04-2018-fiare-participa-a-ibi-a-la-jornada-dalternatives-economiques\/#breadcrumb\"},\"inLanguage\":\"ca\",\"potentialAction\":[{\"@type\":\"ReadAction\",\"target\":[\"https:\/\/www.fiarebancaetica.coop\/ca\/evento\/20-04-2018-fiare-participa-a-ibi-a-la-jornada-dalternatives-economiques\/\"]}]},{\"@type\":\"ImageObject\",\"inLanguage\":\"ca\",\"@id\":\"https:\/\/www.fiarebancaetica.coop\/ca\/evento\/20-04-2018-fiare-participa-a-ibi-a-la-jornada-dalternatives-economiques\/#primaryimage\",\"url\":\"https:\/\/www.fiarebancaetica.coop\/app\/uploads\/sites\/2\/2024\/01\/cover-283.jpg\",\"contentUrl\":\"https:\/\/www.fiarebancaetica.coop\/app\/uploads\/sites\/2\/2024\/01\/cover-283.jpg\",\"width\":1131,\"height\":1600},{\"@type\":\"BreadcrumbList\",\"@id\":\"https:\/\/www.fiarebancaetica.coop\/ca\/evento\/20-04-2018-fiare-participa-a-ibi-a-la-jornada-dalternatives-economiques\/#breadcrumb\",\"itemListElement\":[{\"@type\":\"ListItem\",\"position\":1,\"name\":\"Home\",\"item\":\"https:\/\/www.fiarebancaetica.coop\/ca\/\"},{\"@type\":\"ListItem\",\"position\":2,\"name\":\"20\/04\/2018 FIARE PARTICIPA A IBI A LA &#8220;JORNADA D&#8217;ALTERNATIVES ECON\u00d2MIQUES&#8221;\"}]},{\"@type\":\"WebSite\",\"@id\":\"https:\/\/www.fiarebancaetica.coop\/ca\/#website\",\"url\":\"https:\/\/www.fiarebancaetica.coop\/ca\/\",\"name\":\"Fiare Banca Etica\",\"description\":\"\",\"potentialAction\":[{\"@type\":\"SearchAction\",\"target\":{\"@type\":\"EntryPoint\",\"urlTemplate\":\"https:\/\/www.fiarebancaetica.coop\/ca\/?s={search_term_string}\"},\"query-input\":{\"@type\":\"PropertyValueSpecification\",\"valueRequired\":true,\"valueName\":\"search_term_string\"}}],\"inLanguage\":\"ca\"}]}<\/script>\n<!-- \/ Yoast SEO plugin. -->","yoast_head_json":{"title":"20\/04\/2018 FIARE PARTICIPA A IBI A LA \"JORNADA D'ALTERNATIVES ECON\u00d2MIQUES\" - Fiare Banca Etica","robots":{"index":"index","follow":"follow","max-snippet":"max-snippet:-1","max-image-preview":"max-image-preview:large","max-video-preview":"max-video-preview:-1"},"canonical":"https:\/\/www.fiarebancaetica.coop\/ca\/evento\/20-04-2018-fiare-participa-a-ibi-a-la-jornada-dalternatives-economiques\/","og_locale":"ca_ES","og_type":"article","og_title":"20\/04\/2018 FIARE PARTICIPA A IBI A LA \"JORNADA D'ALTERNATIVES ECON\u00d2MIQUES\" - Fiare Banca Etica","og_description":"Jornada d&#8217;alternatives econ\u00f2miques amb la participaci\u00f3n de Som Energia i Fiare Banca \u00c8tica\u00a0","og_url":"https:\/\/www.fiarebancaetica.coop\/ca\/evento\/20-04-2018-fiare-participa-a-ibi-a-la-jornada-dalternatives-economiques\/","og_site_name":"Fiare Banca Etica","article_modified_time":"2024-02-21T09:53:34+00:00","og_image":[{"width":1131,"height":1600,"url":"https:\/\/www.fiarebancaetica.coop\/app\/uploads\/sites\/2\/2024\/01\/cover-283.jpg","type":"image\/jpeg"}],"twitter_card":"summary_large_image","schema":{"@context":"https:\/\/schema.org","@graph":[{"@type":"WebPage","@id":"https:\/\/www.fiarebancaetica.coop\/ca\/evento\/20-04-2018-fiare-participa-a-ibi-a-la-jornada-dalternatives-economiques\/","url":"https:\/\/www.fiarebancaetica.coop\/ca\/evento\/20-04-2018-fiare-participa-a-ibi-a-la-jornada-dalternatives-economiques\/","name":"20\/04\/2018 FIARE PARTICIPA A IBI A LA \"JORNADA D'ALTERNATIVES ECON\u00d2MIQUES\" - Fiare Banca Etica","isPartOf":{"@id":"https:\/\/www.fiarebancaetica.coop\/ca\/#website"},"primaryImageOfPage":{"@id":"https:\/\/www.fiarebancaetica.coop\/ca\/evento\/20-04-2018-fiare-participa-a-ibi-a-la-jornada-dalternatives-economiques\/#primaryimage"},"image":{"@id":"https:\/\/www.fiarebancaetica.coop\/ca\/evento\/20-04-2018-fiare-participa-a-ibi-a-la-jornada-dalternatives-economiques\/#primaryimage"},"thumbnailUrl":"https:\/\/www.fiarebancaetica.coop\/app\/uploads\/sites\/2\/2024\/01\/cover-283.jpg","datePublished":"2018-04-18T21:37:14+00:00","dateModified":"2024-02-21T09:53:34+00:00","breadcrumb":{"@id":"https:\/\/www.fiarebancaetica.coop\/ca\/evento\/20-04-2018-fiare-participa-a-ibi-a-la-jornada-dalternatives-economiques\/#breadcrumb"},"inLanguage":"ca","potentialAction":[{"@type":"ReadAction","target":["https:\/\/www.fiarebancaetica.coop\/ca\/evento\/20-04-2018-fiare-participa-a-ibi-a-la-jornada-dalternatives-economiques\/"]}]},{"@type":"ImageObject","inLanguage":"ca","@id":"https:\/\/www.fiarebancaetica.coop\/ca\/evento\/20-04-2018-fiare-participa-a-ibi-a-la-jornada-dalternatives-economiques\/#primaryimage","url":"https:\/\/www.fiarebancaetica.coop\/app\/uploads\/sites\/2\/2024\/01\/cover-283.jpg","contentUrl":"https:\/\/www.fiarebancaetica.coop\/app\/uploads\/sites\/2\/2024\/01\/cover-283.jpg","width":1131,"height":1600},{"@type":"BreadcrumbList","@id":"https:\/\/www.fiarebancaetica.coop\/ca\/evento\/20-04-2018-fiare-participa-a-ibi-a-la-jornada-dalternatives-economiques\/#breadcrumb","itemListElement":[{"@type":"ListItem","position":1,"name":"Home","item":"https:\/\/www.fiarebancaetica.coop\/ca\/"},{"@type":"ListItem","position":2,"name":"20\/04\/2018 FIARE PARTICIPA A IBI A LA &#8220;JORNADA D&#8217;ALTERNATIVES ECON\u00d2MIQUES&#8221;"}]},{"@type":"WebSite","@id":"https:\/\/www.fiarebancaetica.coop\/ca\/#website","url":"https:\/\/www.fiarebancaetica.coop\/ca\/","name":"Fiare Banca Etica","description":"","potentialAction":[{"@type":"SearchAction","target":{"@type":"EntryPoint","urlTemplate":"https:\/\/www.fiarebancaetica.coop\/ca\/?s={search_term_string}"},"query-input":{"@type":"PropertyValueSpecification","valueRequired":true,"valueName":"search_term_string"}}],"inLanguage":"ca"}]}},"_links":{"self":[{"href":"https:\/\/www.fiarebancaetica.coop\/ca\/wp-json\/wp\/v2\/cbwpt_git_events\/350393","targetHints":{"allow":["GET"]}}],"collection":[{"href":"https:\/\/www.fiarebancaetica.coop\/ca\/wp-json\/wp\/v2\/cbwpt_git_events"}],"about":[{"href":"https:\/\/www.fiarebancaetica.coop\/ca\/wp-json\/wp\/v2\/types\/cbwpt_git_events"}],"author":[{"embeddable":true,"href":"https:\/\/www.fiarebancaetica.coop\/ca\/wp-json\/wp\/v2\/users\/8060"}],"version-history":[{"count":1,"href":"https:\/\/www.fiarebancaetica.coop\/ca\/wp-json\/wp\/v2\/cbwpt_git_events\/350393\/revisions"}],"predecessor-version":[{"id":352234,"href":"https:\/\/www.fiarebancaetica.coop\/ca\/wp-json\/wp\/v2\/cbwpt_git_events\/350393\/revisions\/352234"}],"wp:featuredmedia":[{"embeddable":true,"href":"https:\/\/www.fiarebancaetica.coop\/ca\/wp-json\/wp\/v2\/media\/363052"}],"wp:attachment":[{"href":"https:\/\/www.fiarebancaetica.coop\/ca\/wp-json\/wp\/v2\/media?parent=350393"}],"wp:term":[{"taxonomy":"cbwpt_tags","embeddable":true,"href":"https:\/\/www.fiarebancaetica.coop\/ca\/wp-json\/wp\/v2\/git_tags?post=350393"},{"taxonomy":"author","embeddable":true,"href":"https:\/\/www.fiarebancaetica.coop\/ca\/wp-json\/wp\/v2\/coauthors?post=350393"}],"curies":[{"name":"wp","href":"https:\/\/api.w.org\/{rel}","templated":true}]}}

20/04/2018 FIARE PARTICIPA A IBI A LA &#8220;JORNADA D&#8217;ALTERNATIVES ECONÒMIQUES&#8221;

<!-- This site is optimized with the Yoast SEO plugin v26.9 - https://yoast.com/product/yoast-seo-wordpress/ -->
<title>20/04/2018 FIARE PARTICIPA A IBI A LA &quot;JORNADA D&#039;ALTERNATIVES ECONÒMIQUES&quot; - Fiare Banca Etica</title>
<meta name="robots" content="index, follow, max-snippet:-1, max-image-preview:large, max-video-preview:-1" />
<link rel="canonical" href="https://www.fiarebancaetica.coop/ca/evento/20-04-2018-fiare-participa-a-ibi-a-la-jornada-dalternatives-economiques/" />
<meta property="og:locale" content="ca_ES" />
<meta property="og:type" content="article" />
<meta property="og:title" content="20/04/2018 FIARE PARTICIPA A IBI A LA &quot;JORNADA D&#039;ALTERNATIVES ECONÒMIQUES&quot; - Fiare Banca Etica" />
<meta property="og:description" content="Jornada d&#8217;alternatives econòmiques amb la participación de Som Energia i Fiare Banca Ètica " />
<meta property="og:url" content="https://www.fiarebancaetica.coop/ca/evento/20-04-2018-fiare-participa-a-ibi-a-la-jornada-dalternatives-economiques/" />
<meta property="og:site_name" content="Fiare Banca Etica" />
<meta property="article:modified_time" content="2024-02-21T09:53:34+00:00" />
<meta property="og:image" content="https://www.fiarebancaetica.coop/app/uploads/sites/2/2024/01/cover-283.jpg" />
	<meta property="og:image:width" content="1131" />
	<meta property="og:image:height" content="1600" />
	<meta property="og:image:type" content="image/jpeg" />
<meta name="twitter:card" content="summary_large_image" />
<script type="application/ld+json" class="yoast-schema-graph">{"@context":"https://schema.org","@graph":[{"@type":"WebPage","@id":"https://www.fiarebancaetica.coop/ca/evento/20-04-2018-fiare-participa-a-ibi-a-la-jornada-dalternatives-economiques/","url":"https://www.fiarebancaetica.coop/ca/evento/20-04-2018-fiare-participa-a-ibi-a-la-jornada-dalternatives-economiques/","name":"20/04/2018 FIARE PARTICIPA A IBI A LA \"JORNADA D'ALTERNATIVES ECONÒMIQUES\" - Fiare Banca Etica","isPartOf":{"@id":"https://www.fiarebancaetica.coop/ca/#website"},"primaryImageOfPage":{"@id":"https://www.fiarebancaetica.coop/ca/evento/20-04-2018-fiare-participa-a-ibi-a-la-jornada-dalternatives-economiques/#primaryimage"},"image":{"@id":"https://www.fiarebancaetica.coop/ca/evento/20-04-2018-fiare-participa-a-ibi-a-la-jornada-dalternatives-economiques/#primaryimage"},"thumbnailUrl":"https://www.fiarebancaetica.coop/app/uploads/sites/2/2024/01/cover-283.jpg","datePublished":"2018-04-18T21:37:14+00:00","dateModified":"2024-02-21T09:53:34+00:00","breadcrumb":{"@id":"https://www.fiarebancaetica.coop/ca/evento/20-04-2018-fiare-participa-a-ibi-a-la-jornada-dalternatives-economiques/#breadcrumb"},"inLanguage":"ca","potentialAction":[{"@type":"ReadAction","target":["https://www.fiarebancaetica.coop/ca/evento/20-04-2018-fiare-participa-a-ibi-a-la-jornada-dalternatives-economiques/"]}]},{"@type":"ImageObject","inLanguage":"ca","@id":"https://www.fiarebancaetica.coop/ca/evento/20-04-2018-fiare-participa-a-ibi-a-la-jornada-dalternatives-economiques/#primaryimage","url":"https://www.fiarebancaetica.coop/app/uploads/sites/2/2024/01/cover-283.jpg","contentUrl":"https://www.fiarebancaetica.coop/app/uploads/sites/2/2024/01/cover-283.jpg","width":1131,"height":1600},{"@type":"BreadcrumbList","@id":"https://www.fiarebancaetica.coop/ca/evento/20-04-2018-fiare-participa-a-ibi-a-la-jornada-dalternatives-economiques/#breadcrumb","itemListElement":[{"@type":"ListItem","position":1,"name":"Home","item":"https://www.fiarebancaetica.coop/ca/"},{"@type":"ListItem","position":2,"name":"20/04/2018 FIARE PARTICIPA A IBI A LA &#8220;JORNADA D&#8217;ALTERNATIVES ECONÒMIQUES&#8221;"}]},{"@type":"WebSite","@id":"https://www.fiarebancaetica.coop/ca/#website","url":"https://www.fiarebancaetica.coop/ca/","name":"Fiare Banca Etica","description":"","potentialAction":[{"@type":"SearchAction","target":{"@type":"EntryPoint","urlTemplate":"https://www.fiarebancaetica.coop/ca/?s={search_term_string}"},"query-input":{"@type":"PropertyValueSpecification","valueRequired":true,"valueName":"search_term_string"}}],"inLanguage":"ca"}]}</script>
<!-- / Yoast SEO plugin. -->

20/04/2018 FIARE PARTICIPA A IBI A LA "JORNADA D'ALTERNATIVES ECONÒMIQUES" - Fiare Banca Etica

Jornada d&#8217;alternatives econòmiques amb la participación de Som Energia i Fiare Banca Ètica
