{"id":350598,"date":"2017-10-14T17:58:08","date_gmt":"2017-10-14T15:58:08","guid":{"rendered":"https:\/\/www.fiarebancaetica.coop\/evento\/fiare-a-les-tertulies-dadall\/"},"modified":"2024-02-21T11:56:29","modified_gmt":"2024-02-21T10:56:29","slug":"fiare-a-les-tertulies-dadall","status":"publish","type":"cbwpt_git_events","link":"https:\/\/www.fiarebancaetica.coop\/ca\/evento\/fiare-a-les-tertulies-dadall\/","title":{"rendered":"Fiare a les tertulies d&#8217;Adall"},"author":8060,"featured_media":363042,"parent":0,"template":"","meta":{"_acf_changed":false},"git_tags":[11230],"coauthors":[12483],"class_list":["post-350598","cbwpt_git_events","type-cbwpt_git_events","status-publish","has-post-thumbnail","hentry"],"acf":[],"yoast_head":"<!-- This site is optimized with the Yoast SEO plugin v26.9 - https:\/\/yoast.com\/product\/yoast-seo-wordpress\/ -->\n<title>Fiare a les tertulies d&#039;Adall - Fiare Banca Etica<\/title>\n<meta name=\"robots\" content=\"index, follow, max-snippet:-1, max-image-preview:large, max-video-preview:-1\" \/>\n<link rel=\"canonical\" href=\"https:\/\/www.fiarebancaetica.coop\/ca\/evento\/fiare-a-les-tertulies-dadall\/\" \/>\n<meta property=\"og:locale\" content=\"ca_ES\" \/>\n<meta property=\"og:type\" content=\"article\" \/>\n<meta property=\"og:title\" content=\"Fiare a les tertulies d&#039;Adall - Fiare Banca Etica\" \/>\n<meta property=\"og:description\" content=\"FIARE Banca \u00c9tica La banca que necesitem Una alternativa dins del mercat financer, per avan\u00e7ar cap \u00a0a una economia \u00a0amb uns altres valors, al servei d\u00fana societat m\u00e9s justa. Per Ram\u00f3n Cardona Pla coordinador de l GIT FIARE dAlacant, Castell\u00f3 i Val\u00e8ncia\" \/>\n<meta property=\"og:url\" content=\"https:\/\/www.fiarebancaetica.coop\/ca\/evento\/fiare-a-les-tertulies-dadall\/\" \/>\n<meta property=\"og:site_name\" content=\"Fiare Banca Etica\" \/>\n<meta property=\"article:modified_time\" content=\"2024-02-21T10:56:29+00:00\" \/>\n<meta property=\"og:image\" content=\"https:\/\/www.fiarebancaetica.coop\/app\/uploads\/sites\/2\/2024\/01\/cover-281.jpg\" \/>\n\t<meta property=\"og:image:width\" content=\"1135\" \/>\n\t<meta property=\"og:image:height\" content=\"1600\" \/>\n\t<meta property=\"og:image:type\" content=\"image\/jpeg\" \/>\n<meta name=\"twitter:card\" content=\"summary_large_image\" \/>\n<script type=\"application\/ld+json\" class=\"yoast-schema-graph\">{\"@context\":\"https:\/\/schema.org\",\"@graph\":[{\"@type\":\"WebPage\",\"@id\":\"https:\/\/www.fiarebancaetica.coop\/ca\/evento\/fiare-a-les-tertulies-dadall\/\",\"url\":\"https:\/\/www.fiarebancaetica.coop\/ca\/evento\/fiare-a-les-tertulies-dadall\/\",\"name\":\"Fiare a les tertulies d'Adall - Fiare Banca Etica\",\"isPartOf\":{\"@id\":\"https:\/\/www.fiarebancaetica.coop\/ca\/#website\"},\"primaryImageOfPage\":{\"@id\":\"https:\/\/www.fiarebancaetica.coop\/ca\/evento\/fiare-a-les-tertulies-dadall\/#primaryimage\"},\"image\":{\"@id\":\"https:\/\/www.fiarebancaetica.coop\/ca\/evento\/fiare-a-les-tertulies-dadall\/#primaryimage\"},\"thumbnailUrl\":\"https:\/\/www.fiarebancaetica.coop\/app\/uploads\/sites\/2\/2024\/01\/cover-281.jpg\",\"datePublished\":\"2017-10-14T15:58:08+00:00\",\"dateModified\":\"2024-02-21T10:56:29+00:00\",\"breadcrumb\":{\"@id\":\"https:\/\/www.fiarebancaetica.coop\/ca\/evento\/fiare-a-les-tertulies-dadall\/#breadcrumb\"},\"inLanguage\":\"ca\",\"potentialAction\":[{\"@type\":\"ReadAction\",\"target\":[\"https:\/\/www.fiarebancaetica.coop\/ca\/evento\/fiare-a-les-tertulies-dadall\/\"]}]},{\"@type\":\"ImageObject\",\"inLanguage\":\"ca\",\"@id\":\"https:\/\/www.fiarebancaetica.coop\/ca\/evento\/fiare-a-les-tertulies-dadall\/#primaryimage\",\"url\":\"https:\/\/www.fiarebancaetica.coop\/app\/uploads\/sites\/2\/2024\/01\/cover-281.jpg\",\"contentUrl\":\"https:\/\/www.fiarebancaetica.coop\/app\/uploads\/sites\/2\/2024\/01\/cover-281.jpg\",\"width\":1135,\"height\":1600},{\"@type\":\"BreadcrumbList\",\"@id\":\"https:\/\/www.fiarebancaetica.coop\/ca\/evento\/fiare-a-les-tertulies-dadall\/#breadcrumb\",\"itemListElement\":[{\"@type\":\"ListItem\",\"position\":1,\"name\":\"Home\",\"item\":\"https:\/\/www.fiarebancaetica.coop\/ca\/\"},{\"@type\":\"ListItem\",\"position\":2,\"name\":\"Fiare a les tertulies d&#8217;Adall\"}]},{\"@type\":\"WebSite\",\"@id\":\"https:\/\/www.fiarebancaetica.coop\/ca\/#website\",\"url\":\"https:\/\/www.fiarebancaetica.coop\/ca\/\",\"name\":\"Fiare Banca Etica\",\"description\":\"\",\"potentialAction\":[{\"@type\":\"SearchAction\",\"target\":{\"@type\":\"EntryPoint\",\"urlTemplate\":\"https:\/\/www.fiarebancaetica.coop\/ca\/?s={search_term_string}\"},\"query-input\":{\"@type\":\"PropertyValueSpecification\",\"valueRequired\":true,\"valueName\":\"search_term_string\"}}],\"inLanguage\":\"ca\"}]}<\/script>\n<!-- \/ Yoast SEO plugin. -->","yoast_head_json":{"title":"Fiare a les tertulies d'Adall - Fiare Banca Etica","robots":{"index":"index","follow":"follow","max-snippet":"max-snippet:-1","max-image-preview":"max-image-preview:large","max-video-preview":"max-video-preview:-1"},"canonical":"https:\/\/www.fiarebancaetica.coop\/ca\/evento\/fiare-a-les-tertulies-dadall\/","og_locale":"ca_ES","og_type":"article","og_title":"Fiare a les tertulies d'Adall - Fiare Banca Etica","og_description":"FIARE Banca \u00c9tica La banca que necesitem Una alternativa dins del mercat financer, per avan\u00e7ar cap \u00a0a una economia \u00a0amb uns altres valors, al servei d\u00fana societat m\u00e9s justa. Per Ram\u00f3n Cardona Pla coordinador de l GIT FIARE dAlacant, Castell\u00f3 i Val\u00e8ncia","og_url":"https:\/\/www.fiarebancaetica.coop\/ca\/evento\/fiare-a-les-tertulies-dadall\/","og_site_name":"Fiare Banca Etica","article_modified_time":"2024-02-21T10:56:29+00:00","og_image":[{"width":1135,"height":1600,"url":"https:\/\/www.fiarebancaetica.coop\/app\/uploads\/sites\/2\/2024\/01\/cover-281.jpg","type":"image\/jpeg"}],"twitter_card":"summary_large_image","schema":{"@context":"https:\/\/schema.org","@graph":[{"@type":"WebPage","@id":"https:\/\/www.fiarebancaetica.coop\/ca\/evento\/fiare-a-les-tertulies-dadall\/","url":"https:\/\/www.fiarebancaetica.coop\/ca\/evento\/fiare-a-les-tertulies-dadall\/","name":"Fiare a les tertulies d'Adall - Fiare Banca Etica","isPartOf":{"@id":"https:\/\/www.fiarebancaetica.coop\/ca\/#website"},"primaryImageOfPage":{"@id":"https:\/\/www.fiarebancaetica.coop\/ca\/evento\/fiare-a-les-tertulies-dadall\/#primaryimage"},"image":{"@id":"https:\/\/www.fiarebancaetica.coop\/ca\/evento\/fiare-a-les-tertulies-dadall\/#primaryimage"},"thumbnailUrl":"https:\/\/www.fiarebancaetica.coop\/app\/uploads\/sites\/2\/2024\/01\/cover-281.jpg","datePublished":"2017-10-14T15:58:08+00:00","dateModified":"2024-02-21T10:56:29+00:00","breadcrumb":{"@id":"https:\/\/www.fiarebancaetica.coop\/ca\/evento\/fiare-a-les-tertulies-dadall\/#breadcrumb"},"inLanguage":"ca","potentialAction":[{"@type":"ReadAction","target":["https:\/\/www.fiarebancaetica.coop\/ca\/evento\/fiare-a-les-tertulies-dadall\/"]}]},{"@type":"ImageObject","inLanguage":"ca","@id":"https:\/\/www.fiarebancaetica.coop\/ca\/evento\/fiare-a-les-tertulies-dadall\/#primaryimage","url":"https:\/\/www.fiarebancaetica.coop\/app\/uploads\/sites\/2\/2024\/01\/cover-281.jpg","contentUrl":"https:\/\/www.fiarebancaetica.coop\/app\/uploads\/sites\/2\/2024\/01\/cover-281.jpg","width":1135,"height":1600},{"@type":"BreadcrumbList","@id":"https:\/\/www.fiarebancaetica.coop\/ca\/evento\/fiare-a-les-tertulies-dadall\/#breadcrumb","itemListElement":[{"@type":"ListItem","position":1,"name":"Home","item":"https:\/\/www.fiarebancaetica.coop\/ca\/"},{"@type":"ListItem","position":2,"name":"Fiare a les tertulies d&#8217;Adall"}]},{"@type":"WebSite","@id":"https:\/\/www.fiarebancaetica.coop\/ca\/#website","url":"https:\/\/www.fiarebancaetica.coop\/ca\/","name":"Fiare Banca Etica","description":"","potentialAction":[{"@type":"SearchAction","target":{"@type":"EntryPoint","urlTemplate":"https:\/\/www.fiarebancaetica.coop\/ca\/?s={search_term_string}"},"query-input":{"@type":"PropertyValueSpecification","valueRequired":true,"valueName":"search_term_string"}}],"inLanguage":"ca"}]}},"_links":{"self":[{"href":"https:\/\/www.fiarebancaetica.coop\/ca\/wp-json\/wp\/v2\/cbwpt_git_events\/350598","targetHints":{"allow":["GET"]}}],"collection":[{"href":"https:\/\/www.fiarebancaetica.coop\/ca\/wp-json\/wp\/v2\/cbwpt_git_events"}],"about":[{"href":"https:\/\/www.fiarebancaetica.coop\/ca\/wp-json\/wp\/v2\/types\/cbwpt_git_events"}],"author":[{"embeddable":true,"href":"https:\/\/www.fiarebancaetica.coop\/ca\/wp-json\/wp\/v2\/users\/8060"}],"version-history":[{"count":1,"href":"https:\/\/www.fiarebancaetica.coop\/ca\/wp-json\/wp\/v2\/cbwpt_git_events\/350598\/revisions"}],"predecessor-version":[{"id":350599,"href":"https:\/\/www.fiarebancaetica.coop\/ca\/wp-json\/wp\/v2\/cbwpt_git_events\/350598\/revisions\/350599"}],"wp:featuredmedia":[{"embeddable":true,"href":"https:\/\/www.fiarebancaetica.coop\/ca\/wp-json\/wp\/v2\/media\/363042"}],"wp:attachment":[{"href":"https:\/\/www.fiarebancaetica.coop\/ca\/wp-json\/wp\/v2\/media?parent=350598"}],"wp:term":[{"taxonomy":"cbwpt_tags","embeddable":true,"href":"https:\/\/www.fiarebancaetica.coop\/ca\/wp-json\/wp\/v2\/git_tags?post=350598"},{"taxonomy":"author","embeddable":true,"href":"https:\/\/www.fiarebancaetica.coop\/ca\/wp-json\/wp\/v2\/coauthors?post=350598"}],"curies":[{"name":"wp","href":"https:\/\/api.w.org\/{rel}","templated":true}]}}

<!-- This site is optimized with the Yoast SEO plugin v26.9 - https://yoast.com/product/yoast-seo-wordpress/ -->
<title>Fiare a les tertulies d&#039;Adall - Fiare Banca Etica</title>
<meta name="robots" content="index, follow, max-snippet:-1, max-image-preview:large, max-video-preview:-1" />
<link rel="canonical" href="https://www.fiarebancaetica.coop/ca/evento/fiare-a-les-tertulies-dadall/" />
<meta property="og:locale" content="ca_ES" />
<meta property="og:type" content="article" />
<meta property="og:title" content="Fiare a les tertulies d&#039;Adall - Fiare Banca Etica" />
<meta property="og:description" content="FIARE Banca Ética La banca que necesitem Una alternativa dins del mercat financer, per avançar cap  a una economia  amb uns altres valors, al servei dúna societat més justa. Per Ramón Cardona Pla coordinador de l GIT FIARE dAlacant, Castelló i València" />
<meta property="og:url" content="https://www.fiarebancaetica.coop/ca/evento/fiare-a-les-tertulies-dadall/" />
<meta property="og:site_name" content="Fiare Banca Etica" />
<meta property="article:modified_time" content="2024-02-21T10:56:29+00:00" />
<meta property="og:image" content="https://www.fiarebancaetica.coop/app/uploads/sites/2/2024/01/cover-281.jpg" />
	<meta property="og:image:width" content="1135" />
	<meta property="og:image:height" content="1600" />
	<meta property="og:image:type" content="image/jpeg" />
<meta name="twitter:card" content="summary_large_image" />
<script type="application/ld+json" class="yoast-schema-graph">{"@context":"https://schema.org","@graph":[{"@type":"WebPage","@id":"https://www.fiarebancaetica.coop/ca/evento/fiare-a-les-tertulies-dadall/","url":"https://www.fiarebancaetica.coop/ca/evento/fiare-a-les-tertulies-dadall/","name":"Fiare a les tertulies d'Adall - Fiare Banca Etica","isPartOf":{"@id":"https://www.fiarebancaetica.coop/ca/#website"},"primaryImageOfPage":{"@id":"https://www.fiarebancaetica.coop/ca/evento/fiare-a-les-tertulies-dadall/#primaryimage"},"image":{"@id":"https://www.fiarebancaetica.coop/ca/evento/fiare-a-les-tertulies-dadall/#primaryimage"},"thumbnailUrl":"https://www.fiarebancaetica.coop/app/uploads/sites/2/2024/01/cover-281.jpg","datePublished":"2017-10-14T15:58:08+00:00","dateModified":"2024-02-21T10:56:29+00:00","breadcrumb":{"@id":"https://www.fiarebancaetica.coop/ca/evento/fiare-a-les-tertulies-dadall/#breadcrumb"},"inLanguage":"ca","potentialAction":[{"@type":"ReadAction","target":["https://www.fiarebancaetica.coop/ca/evento/fiare-a-les-tertulies-dadall/"]}]},{"@type":"ImageObject","inLanguage":"ca","@id":"https://www.fiarebancaetica.coop/ca/evento/fiare-a-les-tertulies-dadall/#primaryimage","url":"https://www.fiarebancaetica.coop/app/uploads/sites/2/2024/01/cover-281.jpg","contentUrl":"https://www.fiarebancaetica.coop/app/uploads/sites/2/2024/01/cover-281.jpg","width":1135,"height":1600},{"@type":"BreadcrumbList","@id":"https://www.fiarebancaetica.coop/ca/evento/fiare-a-les-tertulies-dadall/#breadcrumb","itemListElement":[{"@type":"ListItem","position":1,"name":"Home","item":"https://www.fiarebancaetica.coop/ca/"},{"@type":"ListItem","position":2,"name":"Fiare a les tertulies d&#8217;Adall"}]},{"@type":"WebSite","@id":"https://www.fiarebancaetica.coop/ca/#website","url":"https://www.fiarebancaetica.coop/ca/","name":"Fiare Banca Etica","description":"","potentialAction":[{"@type":"SearchAction","target":{"@type":"EntryPoint","urlTemplate":"https://www.fiarebancaetica.coop/ca/?s={search_term_string}"},"query-input":{"@type":"PropertyValueSpecification","valueRequired":true,"valueName":"search_term_string"}}],"inLanguage":"ca"}]}</script>
<!-- / Yoast SEO plugin. -->

FIARE Banca Ética La banca que necesitem Una alternativa dins del mercat financer, per avançar cap  a una economia  amb uns altres valors, al servei dúna societat més justa. Per Ramón Cardona Pla coordinador de l GIT FIARE dAlacant, Castelló i València
