{"id":350928,"date":"2016-09-30T21:43:07","date_gmt":"2016-09-30T19:43:07","guid":{"rendered":"https:\/\/www.fiarebancaetica.coop\/evento\/arbore-a-primeira-cooperativa-de-consumo-consciente-de-galiza-fai-15-anos\/"},"modified":"2024-02-21T12:05:31","modified_gmt":"2024-02-21T11:05:31","slug":"arbore-a-primeira-cooperativa-de-consumo-consciente-de-galiza-fai-15-anos","status":"publish","type":"cbwpt_git_events","link":"https:\/\/www.fiarebancaetica.coop\/ca\/evento\/arbore-a-primeira-cooperativa-de-consumo-consciente-de-galiza-fai-15-anos\/","title":{"rendered":"\u00c1rbore, a primeira cooperativa de consumo consciente de Galiza, fai 15 anos"},"author":1,"featured_media":363406,"parent":0,"template":"","meta":{"_acf_changed":false},"git_tags":[11221],"coauthors":[2888],"class_list":["post-350928","cbwpt_git_events","type-cbwpt_git_events","status-publish","has-post-thumbnail","hentry"],"acf":[],"yoast_head":"<!-- This site is optimized with the Yoast SEO plugin v26.9 - https:\/\/yoast.com\/product\/yoast-seo-wordpress\/ -->\n<title>\u00c1rbore, a primeira cooperativa de consumo consciente de Galiza, fai 15 anos - Fiare Banca Etica<\/title>\n<meta name=\"robots\" content=\"index, follow, max-snippet:-1, max-image-preview:large, max-video-preview:-1\" \/>\n<link rel=\"canonical\" href=\"https:\/\/www.fiarebancaetica.coop\/ca\/evento\/arbore-a-primeira-cooperativa-de-consumo-consciente-de-galiza-fai-15-anos\/\" \/>\n<meta property=\"og:locale\" content=\"ca_ES\" \/>\n<meta property=\"og:type\" content=\"article\" \/>\n<meta property=\"og:title\" content=\"\u00c1rbore, a primeira cooperativa de consumo consciente de Galiza, fai 15 anos - Fiare Banca Etica\" \/>\n<meta property=\"og:description\" content=\"Comercio xusto, consumo consciente, econom\u00eda solidaria non eran conceptos moi estendidos en Galiza al\u00f3 polos comezos de s\u00e9culo XXI. Foi daquela cando, en Vigo, un grupo de persoas decidiu dar un paso adiante que elas propias reco\u00f1ecen como daquela arriscado e constitu\u00edr \u00c1rbore, a primeira cooperativa de consumo consciente e comercio xusto de Galiza. Aos [&hellip;]\" \/>\n<meta property=\"og:url\" content=\"https:\/\/www.fiarebancaetica.coop\/ca\/evento\/arbore-a-primeira-cooperativa-de-consumo-consciente-de-galiza-fai-15-anos\/\" \/>\n<meta property=\"og:site_name\" content=\"Fiare Banca Etica\" \/>\n<meta property=\"article:modified_time\" content=\"2024-02-21T11:05:31+00:00\" \/>\n<meta property=\"og:image\" content=\"https:\/\/www.fiarebancaetica.coop\/app\/uploads\/sites\/2\/2024\/01\/cover-354.jpg\" \/>\n\t<meta property=\"og:image:width\" content=\"768\" \/>\n\t<meta property=\"og:image:height\" content=\"582\" \/>\n\t<meta property=\"og:image:type\" content=\"image\/jpeg\" \/>\n<meta name=\"twitter:card\" content=\"summary_large_image\" \/>\n<script type=\"application\/ld+json\" class=\"yoast-schema-graph\">{\"@context\":\"https:\/\/schema.org\",\"@graph\":[{\"@type\":\"WebPage\",\"@id\":\"https:\/\/www.fiarebancaetica.coop\/ca\/evento\/arbore-a-primeira-cooperativa-de-consumo-consciente-de-galiza-fai-15-anos\/\",\"url\":\"https:\/\/www.fiarebancaetica.coop\/ca\/evento\/arbore-a-primeira-cooperativa-de-consumo-consciente-de-galiza-fai-15-anos\/\",\"name\":\"\u00c1rbore, a primeira cooperativa de consumo consciente de Galiza, fai 15 anos - Fiare Banca Etica\",\"isPartOf\":{\"@id\":\"https:\/\/www.fiarebancaetica.coop\/ca\/#website\"},\"primaryImageOfPage\":{\"@id\":\"https:\/\/www.fiarebancaetica.coop\/ca\/evento\/arbore-a-primeira-cooperativa-de-consumo-consciente-de-galiza-fai-15-anos\/#primaryimage\"},\"image\":{\"@id\":\"https:\/\/www.fiarebancaetica.coop\/ca\/evento\/arbore-a-primeira-cooperativa-de-consumo-consciente-de-galiza-fai-15-anos\/#primaryimage\"},\"thumbnailUrl\":\"https:\/\/www.fiarebancaetica.coop\/app\/uploads\/sites\/2\/2024\/01\/cover-354.jpg\",\"datePublished\":\"2016-09-30T19:43:07+00:00\",\"dateModified\":\"2024-02-21T11:05:31+00:00\",\"breadcrumb\":{\"@id\":\"https:\/\/www.fiarebancaetica.coop\/ca\/evento\/arbore-a-primeira-cooperativa-de-consumo-consciente-de-galiza-fai-15-anos\/#breadcrumb\"},\"inLanguage\":\"ca\",\"potentialAction\":[{\"@type\":\"ReadAction\",\"target\":[\"https:\/\/www.fiarebancaetica.coop\/ca\/evento\/arbore-a-primeira-cooperativa-de-consumo-consciente-de-galiza-fai-15-anos\/\"]}]},{\"@type\":\"ImageObject\",\"inLanguage\":\"ca\",\"@id\":\"https:\/\/www.fiarebancaetica.coop\/ca\/evento\/arbore-a-primeira-cooperativa-de-consumo-consciente-de-galiza-fai-15-anos\/#primaryimage\",\"url\":\"https:\/\/www.fiarebancaetica.coop\/app\/uploads\/sites\/2\/2024\/01\/cover-354.jpg\",\"contentUrl\":\"https:\/\/www.fiarebancaetica.coop\/app\/uploads\/sites\/2\/2024\/01\/cover-354.jpg\",\"width\":768,\"height\":582},{\"@type\":\"BreadcrumbList\",\"@id\":\"https:\/\/www.fiarebancaetica.coop\/ca\/evento\/arbore-a-primeira-cooperativa-de-consumo-consciente-de-galiza-fai-15-anos\/#breadcrumb\",\"itemListElement\":[{\"@type\":\"ListItem\",\"position\":1,\"name\":\"Home\",\"item\":\"https:\/\/www.fiarebancaetica.coop\/ca\/\"},{\"@type\":\"ListItem\",\"position\":2,\"name\":\"\u00c1rbore, a primeira cooperativa de consumo consciente de Galiza, fai 15 anos\"}]},{\"@type\":\"WebSite\",\"@id\":\"https:\/\/www.fiarebancaetica.coop\/ca\/#website\",\"url\":\"https:\/\/www.fiarebancaetica.coop\/ca\/\",\"name\":\"Fiare Banca Etica\",\"description\":\"\",\"potentialAction\":[{\"@type\":\"SearchAction\",\"target\":{\"@type\":\"EntryPoint\",\"urlTemplate\":\"https:\/\/www.fiarebancaetica.coop\/ca\/?s={search_term_string}\"},\"query-input\":{\"@type\":\"PropertyValueSpecification\",\"valueRequired\":true,\"valueName\":\"search_term_string\"}}],\"inLanguage\":\"ca\"}]}<\/script>\n<!-- \/ Yoast SEO plugin. -->","yoast_head_json":{"title":"\u00c1rbore, a primeira cooperativa de consumo consciente de Galiza, fai 15 anos - Fiare Banca Etica","robots":{"index":"index","follow":"follow","max-snippet":"max-snippet:-1","max-image-preview":"max-image-preview:large","max-video-preview":"max-video-preview:-1"},"canonical":"https:\/\/www.fiarebancaetica.coop\/ca\/evento\/arbore-a-primeira-cooperativa-de-consumo-consciente-de-galiza-fai-15-anos\/","og_locale":"ca_ES","og_type":"article","og_title":"\u00c1rbore, a primeira cooperativa de consumo consciente de Galiza, fai 15 anos - Fiare Banca Etica","og_description":"Comercio xusto, consumo consciente, econom\u00eda solidaria non eran conceptos moi estendidos en Galiza al\u00f3 polos comezos de s\u00e9culo XXI. Foi daquela cando, en Vigo, un grupo de persoas decidiu dar un paso adiante que elas propias reco\u00f1ecen como daquela arriscado e constitu\u00edr \u00c1rbore, a primeira cooperativa de consumo consciente e comercio xusto de Galiza. Aos [&hellip;]","og_url":"https:\/\/www.fiarebancaetica.coop\/ca\/evento\/arbore-a-primeira-cooperativa-de-consumo-consciente-de-galiza-fai-15-anos\/","og_site_name":"Fiare Banca Etica","article_modified_time":"2024-02-21T11:05:31+00:00","og_image":[{"width":768,"height":582,"url":"https:\/\/www.fiarebancaetica.coop\/app\/uploads\/sites\/2\/2024\/01\/cover-354.jpg","type":"image\/jpeg"}],"twitter_card":"summary_large_image","schema":{"@context":"https:\/\/schema.org","@graph":[{"@type":"WebPage","@id":"https:\/\/www.fiarebancaetica.coop\/ca\/evento\/arbore-a-primeira-cooperativa-de-consumo-consciente-de-galiza-fai-15-anos\/","url":"https:\/\/www.fiarebancaetica.coop\/ca\/evento\/arbore-a-primeira-cooperativa-de-consumo-consciente-de-galiza-fai-15-anos\/","name":"\u00c1rbore, a primeira cooperativa de consumo consciente de Galiza, fai 15 anos - Fiare Banca Etica","isPartOf":{"@id":"https:\/\/www.fiarebancaetica.coop\/ca\/#website"},"primaryImageOfPage":{"@id":"https:\/\/www.fiarebancaetica.coop\/ca\/evento\/arbore-a-primeira-cooperativa-de-consumo-consciente-de-galiza-fai-15-anos\/#primaryimage"},"image":{"@id":"https:\/\/www.fiarebancaetica.coop\/ca\/evento\/arbore-a-primeira-cooperativa-de-consumo-consciente-de-galiza-fai-15-anos\/#primaryimage"},"thumbnailUrl":"https:\/\/www.fiarebancaetica.coop\/app\/uploads\/sites\/2\/2024\/01\/cover-354.jpg","datePublished":"2016-09-30T19:43:07+00:00","dateModified":"2024-02-21T11:05:31+00:00","breadcrumb":{"@id":"https:\/\/www.fiarebancaetica.coop\/ca\/evento\/arbore-a-primeira-cooperativa-de-consumo-consciente-de-galiza-fai-15-anos\/#breadcrumb"},"inLanguage":"ca","potentialAction":[{"@type":"ReadAction","target":["https:\/\/www.fiarebancaetica.coop\/ca\/evento\/arbore-a-primeira-cooperativa-de-consumo-consciente-de-galiza-fai-15-anos\/"]}]},{"@type":"ImageObject","inLanguage":"ca","@id":"https:\/\/www.fiarebancaetica.coop\/ca\/evento\/arbore-a-primeira-cooperativa-de-consumo-consciente-de-galiza-fai-15-anos\/#primaryimage","url":"https:\/\/www.fiarebancaetica.coop\/app\/uploads\/sites\/2\/2024\/01\/cover-354.jpg","contentUrl":"https:\/\/www.fiarebancaetica.coop\/app\/uploads\/sites\/2\/2024\/01\/cover-354.jpg","width":768,"height":582},{"@type":"BreadcrumbList","@id":"https:\/\/www.fiarebancaetica.coop\/ca\/evento\/arbore-a-primeira-cooperativa-de-consumo-consciente-de-galiza-fai-15-anos\/#breadcrumb","itemListElement":[{"@type":"ListItem","position":1,"name":"Home","item":"https:\/\/www.fiarebancaetica.coop\/ca\/"},{"@type":"ListItem","position":2,"name":"\u00c1rbore, a primeira cooperativa de consumo consciente de Galiza, fai 15 anos"}]},{"@type":"WebSite","@id":"https:\/\/www.fiarebancaetica.coop\/ca\/#website","url":"https:\/\/www.fiarebancaetica.coop\/ca\/","name":"Fiare Banca Etica","description":"","potentialAction":[{"@type":"SearchAction","target":{"@type":"EntryPoint","urlTemplate":"https:\/\/www.fiarebancaetica.coop\/ca\/?s={search_term_string}"},"query-input":{"@type":"PropertyValueSpecification","valueRequired":true,"valueName":"search_term_string"}}],"inLanguage":"ca"}]}},"_links":{"self":[{"href":"https:\/\/www.fiarebancaetica.coop\/ca\/wp-json\/wp\/v2\/cbwpt_git_events\/350928","targetHints":{"allow":["GET"]}}],"collection":[{"href":"https:\/\/www.fiarebancaetica.coop\/ca\/wp-json\/wp\/v2\/cbwpt_git_events"}],"about":[{"href":"https:\/\/www.fiarebancaetica.coop\/ca\/wp-json\/wp\/v2\/types\/cbwpt_git_events"}],"author":[{"embeddable":true,"href":"https:\/\/www.fiarebancaetica.coop\/ca\/wp-json\/wp\/v2\/users\/1"}],"version-history":[{"count":1,"href":"https:\/\/www.fiarebancaetica.coop\/ca\/wp-json\/wp\/v2\/cbwpt_git_events\/350928\/revisions"}],"predecessor-version":[{"id":350932,"href":"https:\/\/www.fiarebancaetica.coop\/ca\/wp-json\/wp\/v2\/cbwpt_git_events\/350928\/revisions\/350932"}],"wp:featuredmedia":[{"embeddable":true,"href":"https:\/\/www.fiarebancaetica.coop\/ca\/wp-json\/wp\/v2\/media\/363406"}],"wp:attachment":[{"href":"https:\/\/www.fiarebancaetica.coop\/ca\/wp-json\/wp\/v2\/media?parent=350928"}],"wp:term":[{"taxonomy":"cbwpt_tags","embeddable":true,"href":"https:\/\/www.fiarebancaetica.coop\/ca\/wp-json\/wp\/v2\/git_tags?post=350928"},{"taxonomy":"author","embeddable":true,"href":"https:\/\/www.fiarebancaetica.coop\/ca\/wp-json\/wp\/v2\/coauthors?post=350928"}],"curies":[{"name":"wp","href":"https:\/\/api.w.org\/{rel}","templated":true}]}}

Árbore, a primeira cooperativa de consumo consciente de Galiza, fai 15 anos

<!-- This site is optimized with the Yoast SEO plugin v26.9 - https://yoast.com/product/yoast-seo-wordpress/ -->
<title>Árbore, a primeira cooperativa de consumo consciente de Galiza, fai 15 anos - Fiare Banca Etica</title>
<meta name="robots" content="index, follow, max-snippet:-1, max-image-preview:large, max-video-preview:-1" />
<link rel="canonical" href="https://www.fiarebancaetica.coop/ca/evento/arbore-a-primeira-cooperativa-de-consumo-consciente-de-galiza-fai-15-anos/" />
<meta property="og:locale" content="ca_ES" />
<meta property="og:type" content="article" />
<meta property="og:title" content="Árbore, a primeira cooperativa de consumo consciente de Galiza, fai 15 anos - Fiare Banca Etica" />
<meta property="og:description" content="Comercio xusto, consumo consciente, economía solidaria non eran conceptos moi estendidos en Galiza aló polos comezos de século XXI. Foi daquela cando, en Vigo, un grupo de persoas decidiu dar un paso adiante que elas propias recoñecen como daquela arriscado e constituír Árbore, a primeira cooperativa de consumo consciente e comercio xusto de Galiza. Aos [&hellip;]" />
<meta property="og:url" content="https://www.fiarebancaetica.coop/ca/evento/arbore-a-primeira-cooperativa-de-consumo-consciente-de-galiza-fai-15-anos/" />
<meta property="og:site_name" content="Fiare Banca Etica" />
<meta property="article:modified_time" content="2024-02-21T11:05:31+00:00" />
<meta property="og:image" content="https://www.fiarebancaetica.coop/app/uploads/sites/2/2024/01/cover-354.jpg" />
	<meta property="og:image:width" content="768" />
	<meta property="og:image:height" content="582" />
	<meta property="og:image:type" content="image/jpeg" />
<meta name="twitter:card" content="summary_large_image" />
<script type="application/ld+json" class="yoast-schema-graph">{"@context":"https://schema.org","@graph":[{"@type":"WebPage","@id":"https://www.fiarebancaetica.coop/ca/evento/arbore-a-primeira-cooperativa-de-consumo-consciente-de-galiza-fai-15-anos/","url":"https://www.fiarebancaetica.coop/ca/evento/arbore-a-primeira-cooperativa-de-consumo-consciente-de-galiza-fai-15-anos/","name":"Árbore, a primeira cooperativa de consumo consciente de Galiza, fai 15 anos - Fiare Banca Etica","isPartOf":{"@id":"https://www.fiarebancaetica.coop/ca/#website"},"primaryImageOfPage":{"@id":"https://www.fiarebancaetica.coop/ca/evento/arbore-a-primeira-cooperativa-de-consumo-consciente-de-galiza-fai-15-anos/#primaryimage"},"image":{"@id":"https://www.fiarebancaetica.coop/ca/evento/arbore-a-primeira-cooperativa-de-consumo-consciente-de-galiza-fai-15-anos/#primaryimage"},"thumbnailUrl":"https://www.fiarebancaetica.coop/app/uploads/sites/2/2024/01/cover-354.jpg","datePublished":"2016-09-30T19:43:07+00:00","dateModified":"2024-02-21T11:05:31+00:00","breadcrumb":{"@id":"https://www.fiarebancaetica.coop/ca/evento/arbore-a-primeira-cooperativa-de-consumo-consciente-de-galiza-fai-15-anos/#breadcrumb"},"inLanguage":"ca","potentialAction":[{"@type":"ReadAction","target":["https://www.fiarebancaetica.coop/ca/evento/arbore-a-primeira-cooperativa-de-consumo-consciente-de-galiza-fai-15-anos/"]}]},{"@type":"ImageObject","inLanguage":"ca","@id":"https://www.fiarebancaetica.coop/ca/evento/arbore-a-primeira-cooperativa-de-consumo-consciente-de-galiza-fai-15-anos/#primaryimage","url":"https://www.fiarebancaetica.coop/app/uploads/sites/2/2024/01/cover-354.jpg","contentUrl":"https://www.fiarebancaetica.coop/app/uploads/sites/2/2024/01/cover-354.jpg","width":768,"height":582},{"@type":"BreadcrumbList","@id":"https://www.fiarebancaetica.coop/ca/evento/arbore-a-primeira-cooperativa-de-consumo-consciente-de-galiza-fai-15-anos/#breadcrumb","itemListElement":[{"@type":"ListItem","position":1,"name":"Home","item":"https://www.fiarebancaetica.coop/ca/"},{"@type":"ListItem","position":2,"name":"Árbore, a primeira cooperativa de consumo consciente de Galiza, fai 15 anos"}]},{"@type":"WebSite","@id":"https://www.fiarebancaetica.coop/ca/#website","url":"https://www.fiarebancaetica.coop/ca/","name":"Fiare Banca Etica","description":"","potentialAction":[{"@type":"SearchAction","target":{"@type":"EntryPoint","urlTemplate":"https://www.fiarebancaetica.coop/ca/?s={search_term_string}"},"query-input":{"@type":"PropertyValueSpecification","valueRequired":true,"valueName":"search_term_string"}}],"inLanguage":"ca"}]}</script>
<!-- / Yoast SEO plugin. -->

Árbore, a primeira cooperativa de consumo consciente de Galiza, fai 15 anos - Fiare Banca Etica

Comercio xusto, consumo consciente, economía solidaria non eran conceptos moi estendidos en Galiza aló polos comezos de século XXI. Foi daquela cando, en Vigo, un grupo de persoas decidiu dar un paso adiante que elas propias recoñecen como daquela arriscado e constituír Árbore, a primeira cooperativa de consumo consciente e comercio xusto de Galiza. Aos [&hellip;]
