{"id":349863,"date":"2021-11-21T23:07:26","date_gmt":"2021-11-21T22:07:26","guid":{"rendered":"https:\/\/www.fiarebancaetica.coop\/evento\/fiare-a-la-fira-ess-de-terrassa-cooperativa\/"},"modified":"2024-02-21T10:33:58","modified_gmt":"2024-02-21T09:33:58","slug":"fiare-a-la-fira-ess-de-terrassa-cooperativa","status":"publish","type":"cbwpt_git_events","link":"https:\/\/www.fiarebancaetica.coop\/eu\/evento\/fiare-a-la-fira-ess-de-terrassa-cooperativa\/","title":{"rendered":"Fiare a la fira ESS de Terrassa Cooperativa"},"author":1,"featured_media":363311,"parent":0,"template":"","meta":{"_acf_changed":false},"git_tags":[11219],"coauthors":[2888],"class_list":["post-349863","cbwpt_git_events","type-cbwpt_git_events","status-publish","has-post-thumbnail","hentry"],"acf":[],"yoast_head":"<!-- This site is optimized with the Yoast SEO plugin v26.9 - https:\/\/yoast.com\/product\/yoast-seo-wordpress\/ -->\n<title>Fiare a la fira ESS de Terrassa Cooperativa - Fiare Banca Etica<\/title>\n<meta name=\"robots\" content=\"index, follow, max-snippet:-1, max-image-preview:large, max-video-preview:-1\" \/>\n<link rel=\"canonical\" href=\"https:\/\/www.fiarebancaetica.coop\/eu\/evento\/fiare-a-la-fira-ess-de-terrassa-cooperativa\/\" \/>\n<meta property=\"og:locale\" content=\"eu_ES\" \/>\n<meta property=\"og:type\" content=\"article\" \/>\n<meta property=\"og:title\" content=\"Fiare a la fira ESS de Terrassa Cooperativa - Fiare Banca Etica\" \/>\n<meta property=\"og:description\" content=\"S\u2019inicien les activitats de Terrassa Cooperativa. Des d\u2019avui i fins el 30 de novembre, hi ha una o m\u00e9s activitats di\u00e0ries sobre el m\u00f3n cooperatiu i altres iniciatives amb alt valor de transformaci\u00f3 social. Podeu consultar el programa a: https:\/\/terrassacooperativa.cat\/activitats En el conjunt d\u2019activitats destaca la Fira d\u2019Economia Social i Solid\u00e0ria del proper dissabte 27 [&hellip;]\" \/>\n<meta property=\"og:url\" content=\"https:\/\/www.fiarebancaetica.coop\/eu\/evento\/fiare-a-la-fira-ess-de-terrassa-cooperativa\/\" \/>\n<meta property=\"og:site_name\" content=\"Fiare Banca Etica\" \/>\n<meta property=\"article:modified_time\" content=\"2024-02-21T09:33:58+00:00\" \/>\n<meta property=\"og:image\" content=\"https:\/\/www.fiarebancaetica.coop\/app\/uploads\/sites\/2\/2024\/01\/cover-335.jpg\" \/>\n\t<meta property=\"og:image:width\" content=\"1080\" \/>\n\t<meta property=\"og:image:height\" content=\"1080\" \/>\n\t<meta property=\"og:image:type\" content=\"image\/gif\" \/>\n<meta name=\"twitter:card\" content=\"summary_large_image\" \/>\n<script type=\"application\/ld+json\" class=\"yoast-schema-graph\">{\"@context\":\"https:\/\/schema.org\",\"@graph\":[{\"@type\":\"WebPage\",\"@id\":\"https:\/\/www.fiarebancaetica.coop\/eu\/evento\/fiare-a-la-fira-ess-de-terrassa-cooperativa\/\",\"url\":\"https:\/\/www.fiarebancaetica.coop\/eu\/evento\/fiare-a-la-fira-ess-de-terrassa-cooperativa\/\",\"name\":\"Fiare a la fira ESS de Terrassa Cooperativa - Fiare Banca Etica\",\"isPartOf\":{\"@id\":\"https:\/\/www.fiarebancaetica.coop\/eu\/#website\"},\"primaryImageOfPage\":{\"@id\":\"https:\/\/www.fiarebancaetica.coop\/eu\/evento\/fiare-a-la-fira-ess-de-terrassa-cooperativa\/#primaryimage\"},\"image\":{\"@id\":\"https:\/\/www.fiarebancaetica.coop\/eu\/evento\/fiare-a-la-fira-ess-de-terrassa-cooperativa\/#primaryimage\"},\"thumbnailUrl\":\"https:\/\/www.fiarebancaetica.coop\/app\/uploads\/sites\/2\/2024\/01\/cover-335.jpg\",\"datePublished\":\"2021-11-21T22:07:26+00:00\",\"dateModified\":\"2024-02-21T09:33:58+00:00\",\"breadcrumb\":{\"@id\":\"https:\/\/www.fiarebancaetica.coop\/eu\/evento\/fiare-a-la-fira-ess-de-terrassa-cooperativa\/#breadcrumb\"},\"inLanguage\":\"eu\",\"potentialAction\":[{\"@type\":\"ReadAction\",\"target\":[\"https:\/\/www.fiarebancaetica.coop\/eu\/evento\/fiare-a-la-fira-ess-de-terrassa-cooperativa\/\"]}]},{\"@type\":\"ImageObject\",\"inLanguage\":\"eu\",\"@id\":\"https:\/\/www.fiarebancaetica.coop\/eu\/evento\/fiare-a-la-fira-ess-de-terrassa-cooperativa\/#primaryimage\",\"url\":\"https:\/\/www.fiarebancaetica.coop\/app\/uploads\/sites\/2\/2024\/01\/cover-335.jpg\",\"contentUrl\":\"https:\/\/www.fiarebancaetica.coop\/app\/uploads\/sites\/2\/2024\/01\/cover-335.jpg\",\"width\":1080,\"height\":1080},{\"@type\":\"BreadcrumbList\",\"@id\":\"https:\/\/www.fiarebancaetica.coop\/eu\/evento\/fiare-a-la-fira-ess-de-terrassa-cooperativa\/#breadcrumb\",\"itemListElement\":[{\"@type\":\"ListItem\",\"position\":1,\"name\":\"Home\",\"item\":\"https:\/\/www.fiarebancaetica.coop\/eu\/\"},{\"@type\":\"ListItem\",\"position\":2,\"name\":\"Fiare a la fira ESS de Terrassa Cooperativa\"}]},{\"@type\":\"WebSite\",\"@id\":\"https:\/\/www.fiarebancaetica.coop\/eu\/#website\",\"url\":\"https:\/\/www.fiarebancaetica.coop\/eu\/\",\"name\":\"Fiare Banca Etica\",\"description\":\"\",\"potentialAction\":[{\"@type\":\"SearchAction\",\"target\":{\"@type\":\"EntryPoint\",\"urlTemplate\":\"https:\/\/www.fiarebancaetica.coop\/eu\/?s={search_term_string}\"},\"query-input\":{\"@type\":\"PropertyValueSpecification\",\"valueRequired\":true,\"valueName\":\"search_term_string\"}}],\"inLanguage\":\"eu\"}]}<\/script>\n<!-- \/ Yoast SEO plugin. -->","yoast_head_json":{"title":"Fiare a la fira ESS de Terrassa Cooperativa - Fiare Banca Etica","robots":{"index":"index","follow":"follow","max-snippet":"max-snippet:-1","max-image-preview":"max-image-preview:large","max-video-preview":"max-video-preview:-1"},"canonical":"https:\/\/www.fiarebancaetica.coop\/eu\/evento\/fiare-a-la-fira-ess-de-terrassa-cooperativa\/","og_locale":"eu_ES","og_type":"article","og_title":"Fiare a la fira ESS de Terrassa Cooperativa - Fiare Banca Etica","og_description":"S\u2019inicien les activitats de Terrassa Cooperativa. Des d\u2019avui i fins el 30 de novembre, hi ha una o m\u00e9s activitats di\u00e0ries sobre el m\u00f3n cooperatiu i altres iniciatives amb alt valor de transformaci\u00f3 social. Podeu consultar el programa a: https:\/\/terrassacooperativa.cat\/activitats En el conjunt d\u2019activitats destaca la Fira d\u2019Economia Social i Solid\u00e0ria del proper dissabte 27 [&hellip;]","og_url":"https:\/\/www.fiarebancaetica.coop\/eu\/evento\/fiare-a-la-fira-ess-de-terrassa-cooperativa\/","og_site_name":"Fiare Banca Etica","article_modified_time":"2024-02-21T09:33:58+00:00","og_image":[{"width":1080,"height":1080,"url":"https:\/\/www.fiarebancaetica.coop\/app\/uploads\/sites\/2\/2024\/01\/cover-335.jpg","type":"image\/gif"}],"twitter_card":"summary_large_image","schema":{"@context":"https:\/\/schema.org","@graph":[{"@type":"WebPage","@id":"https:\/\/www.fiarebancaetica.coop\/eu\/evento\/fiare-a-la-fira-ess-de-terrassa-cooperativa\/","url":"https:\/\/www.fiarebancaetica.coop\/eu\/evento\/fiare-a-la-fira-ess-de-terrassa-cooperativa\/","name":"Fiare a la fira ESS de Terrassa Cooperativa - Fiare Banca Etica","isPartOf":{"@id":"https:\/\/www.fiarebancaetica.coop\/eu\/#website"},"primaryImageOfPage":{"@id":"https:\/\/www.fiarebancaetica.coop\/eu\/evento\/fiare-a-la-fira-ess-de-terrassa-cooperativa\/#primaryimage"},"image":{"@id":"https:\/\/www.fiarebancaetica.coop\/eu\/evento\/fiare-a-la-fira-ess-de-terrassa-cooperativa\/#primaryimage"},"thumbnailUrl":"https:\/\/www.fiarebancaetica.coop\/app\/uploads\/sites\/2\/2024\/01\/cover-335.jpg","datePublished":"2021-11-21T22:07:26+00:00","dateModified":"2024-02-21T09:33:58+00:00","breadcrumb":{"@id":"https:\/\/www.fiarebancaetica.coop\/eu\/evento\/fiare-a-la-fira-ess-de-terrassa-cooperativa\/#breadcrumb"},"inLanguage":"eu","potentialAction":[{"@type":"ReadAction","target":["https:\/\/www.fiarebancaetica.coop\/eu\/evento\/fiare-a-la-fira-ess-de-terrassa-cooperativa\/"]}]},{"@type":"ImageObject","inLanguage":"eu","@id":"https:\/\/www.fiarebancaetica.coop\/eu\/evento\/fiare-a-la-fira-ess-de-terrassa-cooperativa\/#primaryimage","url":"https:\/\/www.fiarebancaetica.coop\/app\/uploads\/sites\/2\/2024\/01\/cover-335.jpg","contentUrl":"https:\/\/www.fiarebancaetica.coop\/app\/uploads\/sites\/2\/2024\/01\/cover-335.jpg","width":1080,"height":1080},{"@type":"BreadcrumbList","@id":"https:\/\/www.fiarebancaetica.coop\/eu\/evento\/fiare-a-la-fira-ess-de-terrassa-cooperativa\/#breadcrumb","itemListElement":[{"@type":"ListItem","position":1,"name":"Home","item":"https:\/\/www.fiarebancaetica.coop\/eu\/"},{"@type":"ListItem","position":2,"name":"Fiare a la fira ESS de Terrassa Cooperativa"}]},{"@type":"WebSite","@id":"https:\/\/www.fiarebancaetica.coop\/eu\/#website","url":"https:\/\/www.fiarebancaetica.coop\/eu\/","name":"Fiare Banca Etica","description":"","potentialAction":[{"@type":"SearchAction","target":{"@type":"EntryPoint","urlTemplate":"https:\/\/www.fiarebancaetica.coop\/eu\/?s={search_term_string}"},"query-input":{"@type":"PropertyValueSpecification","valueRequired":true,"valueName":"search_term_string"}}],"inLanguage":"eu"}]}},"_links":{"self":[{"href":"https:\/\/www.fiarebancaetica.coop\/eu\/wp-json\/wp\/v2\/cbwpt_git_events\/349863","targetHints":{"allow":["GET"]}}],"collection":[{"href":"https:\/\/www.fiarebancaetica.coop\/eu\/wp-json\/wp\/v2\/cbwpt_git_events"}],"about":[{"href":"https:\/\/www.fiarebancaetica.coop\/eu\/wp-json\/wp\/v2\/types\/cbwpt_git_events"}],"author":[{"embeddable":true,"href":"https:\/\/www.fiarebancaetica.coop\/eu\/wp-json\/wp\/v2\/users\/1"}],"version-history":[{"count":1,"href":"https:\/\/www.fiarebancaetica.coop\/eu\/wp-json\/wp\/v2\/cbwpt_git_events\/349863\/revisions"}],"predecessor-version":[{"id":352005,"href":"https:\/\/www.fiarebancaetica.coop\/eu\/wp-json\/wp\/v2\/cbwpt_git_events\/349863\/revisions\/352005"}],"wp:featuredmedia":[{"embeddable":true,"href":"https:\/\/www.fiarebancaetica.coop\/eu\/wp-json\/wp\/v2\/media\/363311"}],"wp:attachment":[{"href":"https:\/\/www.fiarebancaetica.coop\/eu\/wp-json\/wp\/v2\/media?parent=349863"}],"wp:term":[{"taxonomy":"cbwpt_tags","embeddable":true,"href":"https:\/\/www.fiarebancaetica.coop\/eu\/wp-json\/wp\/v2\/git_tags?post=349863"},{"taxonomy":"author","embeddable":true,"href":"https:\/\/www.fiarebancaetica.coop\/eu\/wp-json\/wp\/v2\/coauthors?post=349863"}],"curies":[{"name":"wp","href":"https:\/\/api.w.org\/{rel}","templated":true}]}}

<!-- This site is optimized with the Yoast SEO plugin v26.9 - https://yoast.com/product/yoast-seo-wordpress/ -->
<title>Fiare a la fira ESS de Terrassa Cooperativa - Fiare Banca Etica</title>
<meta name="robots" content="index, follow, max-snippet:-1, max-image-preview:large, max-video-preview:-1" />
<link rel="canonical" href="https://www.fiarebancaetica.coop/eu/evento/fiare-a-la-fira-ess-de-terrassa-cooperativa/" />
<meta property="og:locale" content="eu_ES" />
<meta property="og:type" content="article" />
<meta property="og:title" content="Fiare a la fira ESS de Terrassa Cooperativa - Fiare Banca Etica" />
<meta property="og:description" content="S’inicien les activitats de Terrassa Cooperativa. Des d’avui i fins el 30 de novembre, hi ha una o més activitats diàries sobre el món cooperatiu i altres iniciatives amb alt valor de transformació social. Podeu consultar el programa a: https://terrassacooperativa.cat/activitats En el conjunt d’activitats destaca la Fira d’Economia Social i Solidària del proper dissabte 27 [&hellip;]" />
<meta property="og:url" content="https://www.fiarebancaetica.coop/eu/evento/fiare-a-la-fira-ess-de-terrassa-cooperativa/" />
<meta property="og:site_name" content="Fiare Banca Etica" />
<meta property="article:modified_time" content="2024-02-21T09:33:58+00:00" />
<meta property="og:image" content="https://www.fiarebancaetica.coop/app/uploads/sites/2/2024/01/cover-335.jpg" />
	<meta property="og:image:width" content="1080" />
	<meta property="og:image:height" content="1080" />
	<meta property="og:image:type" content="image/gif" />
<meta name="twitter:card" content="summary_large_image" />
<script type="application/ld+json" class="yoast-schema-graph">{"@context":"https://schema.org","@graph":[{"@type":"WebPage","@id":"https://www.fiarebancaetica.coop/eu/evento/fiare-a-la-fira-ess-de-terrassa-cooperativa/","url":"https://www.fiarebancaetica.coop/eu/evento/fiare-a-la-fira-ess-de-terrassa-cooperativa/","name":"Fiare a la fira ESS de Terrassa Cooperativa - Fiare Banca Etica","isPartOf":{"@id":"https://www.fiarebancaetica.coop/eu/#website"},"primaryImageOfPage":{"@id":"https://www.fiarebancaetica.coop/eu/evento/fiare-a-la-fira-ess-de-terrassa-cooperativa/#primaryimage"},"image":{"@id":"https://www.fiarebancaetica.coop/eu/evento/fiare-a-la-fira-ess-de-terrassa-cooperativa/#primaryimage"},"thumbnailUrl":"https://www.fiarebancaetica.coop/app/uploads/sites/2/2024/01/cover-335.jpg","datePublished":"2021-11-21T22:07:26+00:00","dateModified":"2024-02-21T09:33:58+00:00","breadcrumb":{"@id":"https://www.fiarebancaetica.coop/eu/evento/fiare-a-la-fira-ess-de-terrassa-cooperativa/#breadcrumb"},"inLanguage":"eu","potentialAction":[{"@type":"ReadAction","target":["https://www.fiarebancaetica.coop/eu/evento/fiare-a-la-fira-ess-de-terrassa-cooperativa/"]}]},{"@type":"ImageObject","inLanguage":"eu","@id":"https://www.fiarebancaetica.coop/eu/evento/fiare-a-la-fira-ess-de-terrassa-cooperativa/#primaryimage","url":"https://www.fiarebancaetica.coop/app/uploads/sites/2/2024/01/cover-335.jpg","contentUrl":"https://www.fiarebancaetica.coop/app/uploads/sites/2/2024/01/cover-335.jpg","width":1080,"height":1080},{"@type":"BreadcrumbList","@id":"https://www.fiarebancaetica.coop/eu/evento/fiare-a-la-fira-ess-de-terrassa-cooperativa/#breadcrumb","itemListElement":[{"@type":"ListItem","position":1,"name":"Home","item":"https://www.fiarebancaetica.coop/eu/"},{"@type":"ListItem","position":2,"name":"Fiare a la fira ESS de Terrassa Cooperativa"}]},{"@type":"WebSite","@id":"https://www.fiarebancaetica.coop/eu/#website","url":"https://www.fiarebancaetica.coop/eu/","name":"Fiare Banca Etica","description":"","potentialAction":[{"@type":"SearchAction","target":{"@type":"EntryPoint","urlTemplate":"https://www.fiarebancaetica.coop/eu/?s={search_term_string}"},"query-input":{"@type":"PropertyValueSpecification","valueRequired":true,"valueName":"search_term_string"}}],"inLanguage":"eu"}]}</script>
<!-- / Yoast SEO plugin. -->

S’inicien les activitats de Terrassa Cooperativa. Des d’avui i fins el 30 de novembre, hi ha una o més activitats diàries sobre el món cooperatiu i altres iniciatives amb alt valor de transformació social. Podeu consultar el programa a: https://terrassacooperativa.cat/activitats En el conjunt d’activitats destaca la Fira d’Economia Social i Solidària del proper dissabte 27 [&hellip;]
