{"id":349995,"date":"2019-11-07T16:56:41","date_gmt":"2019-11-07T15:56:41","guid":{"rendered":"https:\/\/www.fiarebancaetica.coop\/evento\/documental-els-fils-del-tauler\/"},"modified":"2024-02-21T10:38:36","modified_gmt":"2024-02-21T09:38:36","slug":"documental-els-fils-del-tauler","status":"publish","type":"cbwpt_git_events","link":"https:\/\/www.fiarebancaetica.coop\/eu\/evento\/documental-els-fils-del-tauler\/","title":{"rendered":"Documental: Els fils del tauler"},"author":1,"featured_media":363106,"parent":0,"template":"","meta":{"_acf_changed":false},"git_tags":[11225],"coauthors":[2888],"class_list":["post-349995","cbwpt_git_events","type-cbwpt_git_events","status-publish","has-post-thumbnail","hentry"],"acf":[],"yoast_head":"<!-- This site is optimized with the Yoast SEO plugin v26.9 - https:\/\/yoast.com\/product\/yoast-seo-wordpress\/ -->\n<title>Documental: Els fils del tauler - Fiare Banca Etica<\/title>\n<meta name=\"robots\" content=\"index, follow, max-snippet:-1, max-image-preview:large, max-video-preview:-1\" \/>\n<link rel=\"canonical\" href=\"https:\/\/www.fiarebancaetica.coop\/eu\/evento\/documental-els-fils-del-tauler\/\" \/>\n<meta property=\"og:locale\" content=\"eu_ES\" \/>\n<meta property=\"og:type\" content=\"article\" \/>\n<meta property=\"og:title\" content=\"Documental: Els fils del tauler - Fiare Banca Etica\" \/>\n<meta property=\"og:description\" content=\"El proper divendres 8 de novembre a les 19:30 hores al CINEBAIX de Sant Feliu de Llobregat es far\u00e0 la projecci\u00f3 del documental: &#8220;Els fils del tauler&#8221;\u00a0del Col\u00b7lectiu Mirades dins del Festival de cinema de la Mediterr\u00e0nia i del Llevant. Aquesta projecci\u00f3 est\u00e0 coorganitzada per CINEBAIX, el centre Del\u00e0s i la Fundaci\u00f3 Finances \u00c8tiques (https:\/\/finanzaseticas.net) [&hellip;]\" \/>\n<meta property=\"og:url\" content=\"https:\/\/www.fiarebancaetica.coop\/eu\/evento\/documental-els-fils-del-tauler\/\" \/>\n<meta property=\"og:site_name\" content=\"Fiare Banca Etica\" \/>\n<meta property=\"article:modified_time\" content=\"2024-02-21T09:38:36+00:00\" \/>\n<meta property=\"og:image\" content=\"https:\/\/www.fiarebancaetica.coop\/app\/uploads\/sites\/2\/2024\/01\/cover-294.jpg\" \/>\n\t<meta property=\"og:image:width\" content=\"1409\" \/>\n\t<meta property=\"og:image:height\" content=\"2048\" \/>\n\t<meta property=\"og:image:type\" content=\"image\/jpeg\" \/>\n<meta name=\"twitter:card\" content=\"summary_large_image\" \/>\n<script type=\"application\/ld+json\" class=\"yoast-schema-graph\">{\"@context\":\"https:\/\/schema.org\",\"@graph\":[{\"@type\":\"WebPage\",\"@id\":\"https:\/\/www.fiarebancaetica.coop\/eu\/evento\/documental-els-fils-del-tauler\/\",\"url\":\"https:\/\/www.fiarebancaetica.coop\/eu\/evento\/documental-els-fils-del-tauler\/\",\"name\":\"Documental: Els fils del tauler - Fiare Banca Etica\",\"isPartOf\":{\"@id\":\"https:\/\/www.fiarebancaetica.coop\/eu\/#website\"},\"primaryImageOfPage\":{\"@id\":\"https:\/\/www.fiarebancaetica.coop\/eu\/evento\/documental-els-fils-del-tauler\/#primaryimage\"},\"image\":{\"@id\":\"https:\/\/www.fiarebancaetica.coop\/eu\/evento\/documental-els-fils-del-tauler\/#primaryimage\"},\"thumbnailUrl\":\"https:\/\/www.fiarebancaetica.coop\/app\/uploads\/sites\/2\/2024\/01\/cover-294.jpg\",\"datePublished\":\"2019-11-07T15:56:41+00:00\",\"dateModified\":\"2024-02-21T09:38:36+00:00\",\"breadcrumb\":{\"@id\":\"https:\/\/www.fiarebancaetica.coop\/eu\/evento\/documental-els-fils-del-tauler\/#breadcrumb\"},\"inLanguage\":\"eu\",\"potentialAction\":[{\"@type\":\"ReadAction\",\"target\":[\"https:\/\/www.fiarebancaetica.coop\/eu\/evento\/documental-els-fils-del-tauler\/\"]}]},{\"@type\":\"ImageObject\",\"inLanguage\":\"eu\",\"@id\":\"https:\/\/www.fiarebancaetica.coop\/eu\/evento\/documental-els-fils-del-tauler\/#primaryimage\",\"url\":\"https:\/\/www.fiarebancaetica.coop\/app\/uploads\/sites\/2\/2024\/01\/cover-294.jpg\",\"contentUrl\":\"https:\/\/www.fiarebancaetica.coop\/app\/uploads\/sites\/2\/2024\/01\/cover-294.jpg\",\"width\":1409,\"height\":2048},{\"@type\":\"BreadcrumbList\",\"@id\":\"https:\/\/www.fiarebancaetica.coop\/eu\/evento\/documental-els-fils-del-tauler\/#breadcrumb\",\"itemListElement\":[{\"@type\":\"ListItem\",\"position\":1,\"name\":\"Home\",\"item\":\"https:\/\/www.fiarebancaetica.coop\/eu\/\"},{\"@type\":\"ListItem\",\"position\":2,\"name\":\"Documental: Els fils del tauler\"}]},{\"@type\":\"WebSite\",\"@id\":\"https:\/\/www.fiarebancaetica.coop\/eu\/#website\",\"url\":\"https:\/\/www.fiarebancaetica.coop\/eu\/\",\"name\":\"Fiare Banca Etica\",\"description\":\"\",\"potentialAction\":[{\"@type\":\"SearchAction\",\"target\":{\"@type\":\"EntryPoint\",\"urlTemplate\":\"https:\/\/www.fiarebancaetica.coop\/eu\/?s={search_term_string}\"},\"query-input\":{\"@type\":\"PropertyValueSpecification\",\"valueRequired\":true,\"valueName\":\"search_term_string\"}}],\"inLanguage\":\"eu\"}]}<\/script>\n<!-- \/ Yoast SEO plugin. -->","yoast_head_json":{"title":"Documental: Els fils del tauler - Fiare Banca Etica","robots":{"index":"index","follow":"follow","max-snippet":"max-snippet:-1","max-image-preview":"max-image-preview:large","max-video-preview":"max-video-preview:-1"},"canonical":"https:\/\/www.fiarebancaetica.coop\/eu\/evento\/documental-els-fils-del-tauler\/","og_locale":"eu_ES","og_type":"article","og_title":"Documental: Els fils del tauler - Fiare Banca Etica","og_description":"El proper divendres 8 de novembre a les 19:30 hores al CINEBAIX de Sant Feliu de Llobregat es far\u00e0 la projecci\u00f3 del documental: &#8220;Els fils del tauler&#8221;\u00a0del Col\u00b7lectiu Mirades dins del Festival de cinema de la Mediterr\u00e0nia i del Llevant. Aquesta projecci\u00f3 est\u00e0 coorganitzada per CINEBAIX, el centre Del\u00e0s i la Fundaci\u00f3 Finances \u00c8tiques (https:\/\/finanzaseticas.net) [&hellip;]","og_url":"https:\/\/www.fiarebancaetica.coop\/eu\/evento\/documental-els-fils-del-tauler\/","og_site_name":"Fiare Banca Etica","article_modified_time":"2024-02-21T09:38:36+00:00","og_image":[{"width":1409,"height":2048,"url":"https:\/\/www.fiarebancaetica.coop\/app\/uploads\/sites\/2\/2024\/01\/cover-294.jpg","type":"image\/jpeg"}],"twitter_card":"summary_large_image","schema":{"@context":"https:\/\/schema.org","@graph":[{"@type":"WebPage","@id":"https:\/\/www.fiarebancaetica.coop\/eu\/evento\/documental-els-fils-del-tauler\/","url":"https:\/\/www.fiarebancaetica.coop\/eu\/evento\/documental-els-fils-del-tauler\/","name":"Documental: Els fils del tauler - Fiare Banca Etica","isPartOf":{"@id":"https:\/\/www.fiarebancaetica.coop\/eu\/#website"},"primaryImageOfPage":{"@id":"https:\/\/www.fiarebancaetica.coop\/eu\/evento\/documental-els-fils-del-tauler\/#primaryimage"},"image":{"@id":"https:\/\/www.fiarebancaetica.coop\/eu\/evento\/documental-els-fils-del-tauler\/#primaryimage"},"thumbnailUrl":"https:\/\/www.fiarebancaetica.coop\/app\/uploads\/sites\/2\/2024\/01\/cover-294.jpg","datePublished":"2019-11-07T15:56:41+00:00","dateModified":"2024-02-21T09:38:36+00:00","breadcrumb":{"@id":"https:\/\/www.fiarebancaetica.coop\/eu\/evento\/documental-els-fils-del-tauler\/#breadcrumb"},"inLanguage":"eu","potentialAction":[{"@type":"ReadAction","target":["https:\/\/www.fiarebancaetica.coop\/eu\/evento\/documental-els-fils-del-tauler\/"]}]},{"@type":"ImageObject","inLanguage":"eu","@id":"https:\/\/www.fiarebancaetica.coop\/eu\/evento\/documental-els-fils-del-tauler\/#primaryimage","url":"https:\/\/www.fiarebancaetica.coop\/app\/uploads\/sites\/2\/2024\/01\/cover-294.jpg","contentUrl":"https:\/\/www.fiarebancaetica.coop\/app\/uploads\/sites\/2\/2024\/01\/cover-294.jpg","width":1409,"height":2048},{"@type":"BreadcrumbList","@id":"https:\/\/www.fiarebancaetica.coop\/eu\/evento\/documental-els-fils-del-tauler\/#breadcrumb","itemListElement":[{"@type":"ListItem","position":1,"name":"Home","item":"https:\/\/www.fiarebancaetica.coop\/eu\/"},{"@type":"ListItem","position":2,"name":"Documental: Els fils del tauler"}]},{"@type":"WebSite","@id":"https:\/\/www.fiarebancaetica.coop\/eu\/#website","url":"https:\/\/www.fiarebancaetica.coop\/eu\/","name":"Fiare Banca Etica","description":"","potentialAction":[{"@type":"SearchAction","target":{"@type":"EntryPoint","urlTemplate":"https:\/\/www.fiarebancaetica.coop\/eu\/?s={search_term_string}"},"query-input":{"@type":"PropertyValueSpecification","valueRequired":true,"valueName":"search_term_string"}}],"inLanguage":"eu"}]}},"_links":{"self":[{"href":"https:\/\/www.fiarebancaetica.coop\/eu\/wp-json\/wp\/v2\/cbwpt_git_events\/349995","targetHints":{"allow":["GET"]}}],"collection":[{"href":"https:\/\/www.fiarebancaetica.coop\/eu\/wp-json\/wp\/v2\/cbwpt_git_events"}],"about":[{"href":"https:\/\/www.fiarebancaetica.coop\/eu\/wp-json\/wp\/v2\/types\/cbwpt_git_events"}],"author":[{"embeddable":true,"href":"https:\/\/www.fiarebancaetica.coop\/eu\/wp-json\/wp\/v2\/users\/1"}],"version-history":[{"count":1,"href":"https:\/\/www.fiarebancaetica.coop\/eu\/wp-json\/wp\/v2\/cbwpt_git_events\/349995\/revisions"}],"predecessor-version":[{"id":349999,"href":"https:\/\/www.fiarebancaetica.coop\/eu\/wp-json\/wp\/v2\/cbwpt_git_events\/349995\/revisions\/349999"}],"wp:featuredmedia":[{"embeddable":true,"href":"https:\/\/www.fiarebancaetica.coop\/eu\/wp-json\/wp\/v2\/media\/363106"}],"wp:attachment":[{"href":"https:\/\/www.fiarebancaetica.coop\/eu\/wp-json\/wp\/v2\/media?parent=349995"}],"wp:term":[{"taxonomy":"cbwpt_tags","embeddable":true,"href":"https:\/\/www.fiarebancaetica.coop\/eu\/wp-json\/wp\/v2\/git_tags?post=349995"},{"taxonomy":"author","embeddable":true,"href":"https:\/\/www.fiarebancaetica.coop\/eu\/wp-json\/wp\/v2\/coauthors?post=349995"}],"curies":[{"name":"wp","href":"https:\/\/api.w.org\/{rel}","templated":true}]}}

<!-- This site is optimized with the Yoast SEO plugin v26.9 - https://yoast.com/product/yoast-seo-wordpress/ -->
<title>Documental: Els fils del tauler - Fiare Banca Etica</title>
<meta name="robots" content="index, follow, max-snippet:-1, max-image-preview:large, max-video-preview:-1" />
<link rel="canonical" href="https://www.fiarebancaetica.coop/eu/evento/documental-els-fils-del-tauler/" />
<meta property="og:locale" content="eu_ES" />
<meta property="og:type" content="article" />
<meta property="og:title" content="Documental: Els fils del tauler - Fiare Banca Etica" />
<meta property="og:description" content="El proper divendres 8 de novembre a les 19:30 hores al CINEBAIX de Sant Feliu de Llobregat es farà la projecció del documental: &#8220;Els fils del tauler&#8221; del Col·lectiu Mirades dins del Festival de cinema de la Mediterrània i del Llevant. Aquesta projecció està coorganitzada per CINEBAIX, el centre Delàs i la Fundació Finances Ètiques (https://finanzaseticas.net) [&hellip;]" />
<meta property="og:url" content="https://www.fiarebancaetica.coop/eu/evento/documental-els-fils-del-tauler/" />
<meta property="og:site_name" content="Fiare Banca Etica" />
<meta property="article:modified_time" content="2024-02-21T09:38:36+00:00" />
<meta property="og:image" content="https://www.fiarebancaetica.coop/app/uploads/sites/2/2024/01/cover-294.jpg" />
	<meta property="og:image:width" content="1409" />
	<meta property="og:image:height" content="2048" />
	<meta property="og:image:type" content="image/jpeg" />
<meta name="twitter:card" content="summary_large_image" />
<script type="application/ld+json" class="yoast-schema-graph">{"@context":"https://schema.org","@graph":[{"@type":"WebPage","@id":"https://www.fiarebancaetica.coop/eu/evento/documental-els-fils-del-tauler/","url":"https://www.fiarebancaetica.coop/eu/evento/documental-els-fils-del-tauler/","name":"Documental: Els fils del tauler - Fiare Banca Etica","isPartOf":{"@id":"https://www.fiarebancaetica.coop/eu/#website"},"primaryImageOfPage":{"@id":"https://www.fiarebancaetica.coop/eu/evento/documental-els-fils-del-tauler/#primaryimage"},"image":{"@id":"https://www.fiarebancaetica.coop/eu/evento/documental-els-fils-del-tauler/#primaryimage"},"thumbnailUrl":"https://www.fiarebancaetica.coop/app/uploads/sites/2/2024/01/cover-294.jpg","datePublished":"2019-11-07T15:56:41+00:00","dateModified":"2024-02-21T09:38:36+00:00","breadcrumb":{"@id":"https://www.fiarebancaetica.coop/eu/evento/documental-els-fils-del-tauler/#breadcrumb"},"inLanguage":"eu","potentialAction":[{"@type":"ReadAction","target":["https://www.fiarebancaetica.coop/eu/evento/documental-els-fils-del-tauler/"]}]},{"@type":"ImageObject","inLanguage":"eu","@id":"https://www.fiarebancaetica.coop/eu/evento/documental-els-fils-del-tauler/#primaryimage","url":"https://www.fiarebancaetica.coop/app/uploads/sites/2/2024/01/cover-294.jpg","contentUrl":"https://www.fiarebancaetica.coop/app/uploads/sites/2/2024/01/cover-294.jpg","width":1409,"height":2048},{"@type":"BreadcrumbList","@id":"https://www.fiarebancaetica.coop/eu/evento/documental-els-fils-del-tauler/#breadcrumb","itemListElement":[{"@type":"ListItem","position":1,"name":"Home","item":"https://www.fiarebancaetica.coop/eu/"},{"@type":"ListItem","position":2,"name":"Documental: Els fils del tauler"}]},{"@type":"WebSite","@id":"https://www.fiarebancaetica.coop/eu/#website","url":"https://www.fiarebancaetica.coop/eu/","name":"Fiare Banca Etica","description":"","potentialAction":[{"@type":"SearchAction","target":{"@type":"EntryPoint","urlTemplate":"https://www.fiarebancaetica.coop/eu/?s={search_term_string}"},"query-input":{"@type":"PropertyValueSpecification","valueRequired":true,"valueName":"search_term_string"}}],"inLanguage":"eu"}]}</script>
<!-- / Yoast SEO plugin. -->

El proper divendres 8 de novembre a les 19:30 hores al CINEBAIX de Sant Feliu de Llobregat es farà la projecció del documental: &#8220;Els fils del tauler&#8221; del Col·lectiu Mirades dins del Festival de cinema de la Mediterrània i del Llevant. Aquesta projecció està coorganitzada per CINEBAIX, el centre Delàs i la Fundació Finances Ètiques (https://finanzaseticas.net) [&hellip;]
