{"id":350038,"date":"2019-10-05T20:13:51","date_gmt":"2019-10-05T18:13:51","guid":{"rendered":"https:\/\/www.fiarebancaetica.coop\/evento\/debate-universitario-en-la-universidad-de-comillas\/"},"modified":"2024-02-21T10:40:24","modified_gmt":"2024-02-21T09:40:24","slug":"debate-universitario-en-la-universidad-de-comillas","status":"publish","type":"cbwpt_git_events","link":"https:\/\/www.fiarebancaetica.coop\/eu\/evento\/debate-universitario-en-la-universidad-de-comillas\/","title":{"rendered":"Debate universitario en la Universidad de Comillas"},"author":1,"featured_media":363938,"parent":0,"template":"","meta":{"_acf_changed":false},"git_tags":[11223],"coauthors":[2888],"class_list":["post-350038","cbwpt_git_events","type-cbwpt_git_events","status-publish","has-post-thumbnail","hentry"],"acf":[],"yoast_head":"<!-- This site is optimized with the Yoast SEO plugin v26.9 - https:\/\/yoast.com\/product\/yoast-seo-wordpress\/ -->\n<title>Debate universitario en la Universidad de Comillas - Fiare Banca Etica<\/title>\n<meta name=\"robots\" content=\"index, follow, max-snippet:-1, max-image-preview:large, max-video-preview:-1\" \/>\n<link rel=\"canonical\" href=\"https:\/\/www.fiarebancaetica.coop\/eu\/evento\/debate-universitario-en-la-universidad-de-comillas\/\" \/>\n<meta property=\"og:locale\" content=\"eu_ES\" \/>\n<meta property=\"og:type\" content=\"article\" \/>\n<meta property=\"og:title\" content=\"Debate universitario en la Universidad de Comillas - Fiare Banca Etica\" \/>\n<meta property=\"og:description\" content=\"El GIT de Madrid celebra su primer debate universitario en la Universidad de Comillas en Madrid cuyo t\u00edtulo es &#8220;\u00bfQu\u00e9 posici\u00f3n debe tener la \u00e9tica en la banca?&#8221;. Es un acto de difusi\u00f3n, con este nuevo formato, en el que se realiza un debate sobre el tema propuesto, las finanzas en general, y las \u00e9ticas [&hellip;]\" \/>\n<meta property=\"og:url\" content=\"https:\/\/www.fiarebancaetica.coop\/eu\/evento\/debate-universitario-en-la-universidad-de-comillas\/\" \/>\n<meta property=\"og:site_name\" content=\"Fiare Banca Etica\" \/>\n<meta property=\"article:modified_time\" content=\"2024-02-21T09:40:24+00:00\" \/>\n<meta property=\"og:image\" content=\"https:\/\/www.fiarebancaetica.coop\/app\/uploads\/sites\/2\/2024\/01\/cover-460.jpg\" \/>\n\t<meta property=\"og:image:width\" content=\"793\" \/>\n\t<meta property=\"og:image:height\" content=\"1122\" \/>\n\t<meta property=\"og:image:type\" content=\"image\/jpeg\" \/>\n<meta name=\"twitter:card\" content=\"summary_large_image\" \/>\n<script type=\"application\/ld+json\" class=\"yoast-schema-graph\">{\"@context\":\"https:\/\/schema.org\",\"@graph\":[{\"@type\":\"WebPage\",\"@id\":\"https:\/\/www.fiarebancaetica.coop\/eu\/evento\/debate-universitario-en-la-universidad-de-comillas\/\",\"url\":\"https:\/\/www.fiarebancaetica.coop\/eu\/evento\/debate-universitario-en-la-universidad-de-comillas\/\",\"name\":\"Debate universitario en la Universidad de Comillas - Fiare Banca Etica\",\"isPartOf\":{\"@id\":\"https:\/\/www.fiarebancaetica.coop\/eu\/#website\"},\"primaryImageOfPage\":{\"@id\":\"https:\/\/www.fiarebancaetica.coop\/eu\/evento\/debate-universitario-en-la-universidad-de-comillas\/#primaryimage\"},\"image\":{\"@id\":\"https:\/\/www.fiarebancaetica.coop\/eu\/evento\/debate-universitario-en-la-universidad-de-comillas\/#primaryimage\"},\"thumbnailUrl\":\"https:\/\/www.fiarebancaetica.coop\/app\/uploads\/sites\/2\/2024\/01\/cover-460.jpg\",\"datePublished\":\"2019-10-05T18:13:51+00:00\",\"dateModified\":\"2024-02-21T09:40:24+00:00\",\"breadcrumb\":{\"@id\":\"https:\/\/www.fiarebancaetica.coop\/eu\/evento\/debate-universitario-en-la-universidad-de-comillas\/#breadcrumb\"},\"inLanguage\":\"eu\",\"potentialAction\":[{\"@type\":\"ReadAction\",\"target\":[\"https:\/\/www.fiarebancaetica.coop\/eu\/evento\/debate-universitario-en-la-universidad-de-comillas\/\"]}]},{\"@type\":\"ImageObject\",\"inLanguage\":\"eu\",\"@id\":\"https:\/\/www.fiarebancaetica.coop\/eu\/evento\/debate-universitario-en-la-universidad-de-comillas\/#primaryimage\",\"url\":\"https:\/\/www.fiarebancaetica.coop\/app\/uploads\/sites\/2\/2024\/01\/cover-460.jpg\",\"contentUrl\":\"https:\/\/www.fiarebancaetica.coop\/app\/uploads\/sites\/2\/2024\/01\/cover-460.jpg\",\"width\":793,\"height\":1122},{\"@type\":\"BreadcrumbList\",\"@id\":\"https:\/\/www.fiarebancaetica.coop\/eu\/evento\/debate-universitario-en-la-universidad-de-comillas\/#breadcrumb\",\"itemListElement\":[{\"@type\":\"ListItem\",\"position\":1,\"name\":\"Home\",\"item\":\"https:\/\/www.fiarebancaetica.coop\/eu\/\"},{\"@type\":\"ListItem\",\"position\":2,\"name\":\"Debate universitario en la Universidad de Comillas\"}]},{\"@type\":\"WebSite\",\"@id\":\"https:\/\/www.fiarebancaetica.coop\/eu\/#website\",\"url\":\"https:\/\/www.fiarebancaetica.coop\/eu\/\",\"name\":\"Fiare Banca Etica\",\"description\":\"\",\"potentialAction\":[{\"@type\":\"SearchAction\",\"target\":{\"@type\":\"EntryPoint\",\"urlTemplate\":\"https:\/\/www.fiarebancaetica.coop\/eu\/?s={search_term_string}\"},\"query-input\":{\"@type\":\"PropertyValueSpecification\",\"valueRequired\":true,\"valueName\":\"search_term_string\"}}],\"inLanguage\":\"eu\"}]}<\/script>\n<!-- \/ Yoast SEO plugin. -->","yoast_head_json":{"title":"Debate universitario en la Universidad de Comillas - Fiare Banca Etica","robots":{"index":"index","follow":"follow","max-snippet":"max-snippet:-1","max-image-preview":"max-image-preview:large","max-video-preview":"max-video-preview:-1"},"canonical":"https:\/\/www.fiarebancaetica.coop\/eu\/evento\/debate-universitario-en-la-universidad-de-comillas\/","og_locale":"eu_ES","og_type":"article","og_title":"Debate universitario en la Universidad de Comillas - Fiare Banca Etica","og_description":"El GIT de Madrid celebra su primer debate universitario en la Universidad de Comillas en Madrid cuyo t\u00edtulo es &#8220;\u00bfQu\u00e9 posici\u00f3n debe tener la \u00e9tica en la banca?&#8221;. Es un acto de difusi\u00f3n, con este nuevo formato, en el que se realiza un debate sobre el tema propuesto, las finanzas en general, y las \u00e9ticas [&hellip;]","og_url":"https:\/\/www.fiarebancaetica.coop\/eu\/evento\/debate-universitario-en-la-universidad-de-comillas\/","og_site_name":"Fiare Banca Etica","article_modified_time":"2024-02-21T09:40:24+00:00","og_image":[{"width":793,"height":1122,"url":"https:\/\/www.fiarebancaetica.coop\/app\/uploads\/sites\/2\/2024\/01\/cover-460.jpg","type":"image\/jpeg"}],"twitter_card":"summary_large_image","schema":{"@context":"https:\/\/schema.org","@graph":[{"@type":"WebPage","@id":"https:\/\/www.fiarebancaetica.coop\/eu\/evento\/debate-universitario-en-la-universidad-de-comillas\/","url":"https:\/\/www.fiarebancaetica.coop\/eu\/evento\/debate-universitario-en-la-universidad-de-comillas\/","name":"Debate universitario en la Universidad de Comillas - Fiare Banca Etica","isPartOf":{"@id":"https:\/\/www.fiarebancaetica.coop\/eu\/#website"},"primaryImageOfPage":{"@id":"https:\/\/www.fiarebancaetica.coop\/eu\/evento\/debate-universitario-en-la-universidad-de-comillas\/#primaryimage"},"image":{"@id":"https:\/\/www.fiarebancaetica.coop\/eu\/evento\/debate-universitario-en-la-universidad-de-comillas\/#primaryimage"},"thumbnailUrl":"https:\/\/www.fiarebancaetica.coop\/app\/uploads\/sites\/2\/2024\/01\/cover-460.jpg","datePublished":"2019-10-05T18:13:51+00:00","dateModified":"2024-02-21T09:40:24+00:00","breadcrumb":{"@id":"https:\/\/www.fiarebancaetica.coop\/eu\/evento\/debate-universitario-en-la-universidad-de-comillas\/#breadcrumb"},"inLanguage":"eu","potentialAction":[{"@type":"ReadAction","target":["https:\/\/www.fiarebancaetica.coop\/eu\/evento\/debate-universitario-en-la-universidad-de-comillas\/"]}]},{"@type":"ImageObject","inLanguage":"eu","@id":"https:\/\/www.fiarebancaetica.coop\/eu\/evento\/debate-universitario-en-la-universidad-de-comillas\/#primaryimage","url":"https:\/\/www.fiarebancaetica.coop\/app\/uploads\/sites\/2\/2024\/01\/cover-460.jpg","contentUrl":"https:\/\/www.fiarebancaetica.coop\/app\/uploads\/sites\/2\/2024\/01\/cover-460.jpg","width":793,"height":1122},{"@type":"BreadcrumbList","@id":"https:\/\/www.fiarebancaetica.coop\/eu\/evento\/debate-universitario-en-la-universidad-de-comillas\/#breadcrumb","itemListElement":[{"@type":"ListItem","position":1,"name":"Home","item":"https:\/\/www.fiarebancaetica.coop\/eu\/"},{"@type":"ListItem","position":2,"name":"Debate universitario en la Universidad de Comillas"}]},{"@type":"WebSite","@id":"https:\/\/www.fiarebancaetica.coop\/eu\/#website","url":"https:\/\/www.fiarebancaetica.coop\/eu\/","name":"Fiare Banca Etica","description":"","potentialAction":[{"@type":"SearchAction","target":{"@type":"EntryPoint","urlTemplate":"https:\/\/www.fiarebancaetica.coop\/eu\/?s={search_term_string}"},"query-input":{"@type":"PropertyValueSpecification","valueRequired":true,"valueName":"search_term_string"}}],"inLanguage":"eu"}]}},"_links":{"self":[{"href":"https:\/\/www.fiarebancaetica.coop\/eu\/wp-json\/wp\/v2\/cbwpt_git_events\/350038","targetHints":{"allow":["GET"]}}],"collection":[{"href":"https:\/\/www.fiarebancaetica.coop\/eu\/wp-json\/wp\/v2\/cbwpt_git_events"}],"about":[{"href":"https:\/\/www.fiarebancaetica.coop\/eu\/wp-json\/wp\/v2\/types\/cbwpt_git_events"}],"author":[{"embeddable":true,"href":"https:\/\/www.fiarebancaetica.coop\/eu\/wp-json\/wp\/v2\/users\/1"}],"version-history":[{"count":1,"href":"https:\/\/www.fiarebancaetica.coop\/eu\/wp-json\/wp\/v2\/cbwpt_git_events\/350038\/revisions"}],"predecessor-version":[{"id":350042,"href":"https:\/\/www.fiarebancaetica.coop\/eu\/wp-json\/wp\/v2\/cbwpt_git_events\/350038\/revisions\/350042"}],"wp:featuredmedia":[{"embeddable":true,"href":"https:\/\/www.fiarebancaetica.coop\/eu\/wp-json\/wp\/v2\/media\/363938"}],"wp:attachment":[{"href":"https:\/\/www.fiarebancaetica.coop\/eu\/wp-json\/wp\/v2\/media?parent=350038"}],"wp:term":[{"taxonomy":"cbwpt_tags","embeddable":true,"href":"https:\/\/www.fiarebancaetica.coop\/eu\/wp-json\/wp\/v2\/git_tags?post=350038"},{"taxonomy":"author","embeddable":true,"href":"https:\/\/www.fiarebancaetica.coop\/eu\/wp-json\/wp\/v2\/coauthors?post=350038"}],"curies":[{"name":"wp","href":"https:\/\/api.w.org\/{rel}","templated":true}]}}

<!-- This site is optimized with the Yoast SEO plugin v26.9 - https://yoast.com/product/yoast-seo-wordpress/ -->
<title>Debate universitario en la Universidad de Comillas - Fiare Banca Etica</title>
<meta name="robots" content="index, follow, max-snippet:-1, max-image-preview:large, max-video-preview:-1" />
<link rel="canonical" href="https://www.fiarebancaetica.coop/eu/evento/debate-universitario-en-la-universidad-de-comillas/" />
<meta property="og:locale" content="eu_ES" />
<meta property="og:type" content="article" />
<meta property="og:title" content="Debate universitario en la Universidad de Comillas - Fiare Banca Etica" />
<meta property="og:description" content="El GIT de Madrid celebra su primer debate universitario en la Universidad de Comillas en Madrid cuyo título es &#8220;¿Qué posición debe tener la ética en la banca?&#8221;. Es un acto de difusión, con este nuevo formato, en el que se realiza un debate sobre el tema propuesto, las finanzas en general, y las éticas [&hellip;]" />
<meta property="og:url" content="https://www.fiarebancaetica.coop/eu/evento/debate-universitario-en-la-universidad-de-comillas/" />
<meta property="og:site_name" content="Fiare Banca Etica" />
<meta property="article:modified_time" content="2024-02-21T09:40:24+00:00" />
<meta property="og:image" content="https://www.fiarebancaetica.coop/app/uploads/sites/2/2024/01/cover-460.jpg" />
	<meta property="og:image:width" content="793" />
	<meta property="og:image:height" content="1122" />
	<meta property="og:image:type" content="image/jpeg" />
<meta name="twitter:card" content="summary_large_image" />
<script type="application/ld+json" class="yoast-schema-graph">{"@context":"https://schema.org","@graph":[{"@type":"WebPage","@id":"https://www.fiarebancaetica.coop/eu/evento/debate-universitario-en-la-universidad-de-comillas/","url":"https://www.fiarebancaetica.coop/eu/evento/debate-universitario-en-la-universidad-de-comillas/","name":"Debate universitario en la Universidad de Comillas - Fiare Banca Etica","isPartOf":{"@id":"https://www.fiarebancaetica.coop/eu/#website"},"primaryImageOfPage":{"@id":"https://www.fiarebancaetica.coop/eu/evento/debate-universitario-en-la-universidad-de-comillas/#primaryimage"},"image":{"@id":"https://www.fiarebancaetica.coop/eu/evento/debate-universitario-en-la-universidad-de-comillas/#primaryimage"},"thumbnailUrl":"https://www.fiarebancaetica.coop/app/uploads/sites/2/2024/01/cover-460.jpg","datePublished":"2019-10-05T18:13:51+00:00","dateModified":"2024-02-21T09:40:24+00:00","breadcrumb":{"@id":"https://www.fiarebancaetica.coop/eu/evento/debate-universitario-en-la-universidad-de-comillas/#breadcrumb"},"inLanguage":"eu","potentialAction":[{"@type":"ReadAction","target":["https://www.fiarebancaetica.coop/eu/evento/debate-universitario-en-la-universidad-de-comillas/"]}]},{"@type":"ImageObject","inLanguage":"eu","@id":"https://www.fiarebancaetica.coop/eu/evento/debate-universitario-en-la-universidad-de-comillas/#primaryimage","url":"https://www.fiarebancaetica.coop/app/uploads/sites/2/2024/01/cover-460.jpg","contentUrl":"https://www.fiarebancaetica.coop/app/uploads/sites/2/2024/01/cover-460.jpg","width":793,"height":1122},{"@type":"BreadcrumbList","@id":"https://www.fiarebancaetica.coop/eu/evento/debate-universitario-en-la-universidad-de-comillas/#breadcrumb","itemListElement":[{"@type":"ListItem","position":1,"name":"Home","item":"https://www.fiarebancaetica.coop/eu/"},{"@type":"ListItem","position":2,"name":"Debate universitario en la Universidad de Comillas"}]},{"@type":"WebSite","@id":"https://www.fiarebancaetica.coop/eu/#website","url":"https://www.fiarebancaetica.coop/eu/","name":"Fiare Banca Etica","description":"","potentialAction":[{"@type":"SearchAction","target":{"@type":"EntryPoint","urlTemplate":"https://www.fiarebancaetica.coop/eu/?s={search_term_string}"},"query-input":{"@type":"PropertyValueSpecification","valueRequired":true,"valueName":"search_term_string"}}],"inLanguage":"eu"}]}</script>
<!-- / Yoast SEO plugin. -->

El GIT de Madrid celebra su primer debate universitario en la Universidad de Comillas en Madrid cuyo título es &#8220;¿Qué posición debe tener la ética en la banca?&#8221;. Es un acto de difusión, con este nuevo formato, en el que se realiza un debate sobre el tema propuesto, las finanzas en general, y las éticas [&hellip;]
