{"id":350056,"date":"2019-09-15T17:02:31","date_gmt":"2019-09-15T15:02:31","guid":{"rendered":"https:\/\/www.fiarebancaetica.coop\/evento\/v-fira-del-mercat-social-de-mallorca\/"},"modified":"2024-02-21T10:40:35","modified_gmt":"2024-02-21T09:40:35","slug":"v-fira-del-mercat-social-de-mallorca","status":"publish","type":"cbwpt_git_events","link":"https:\/\/www.fiarebancaetica.coop\/eu\/evento\/v-fira-del-mercat-social-de-mallorca\/","title":{"rendered":"V Fira del Mercat Social de Mallorca"},"author":1,"featured_media":363724,"parent":0,"template":"","meta":{"_acf_changed":false},"git_tags":[11224],"coauthors":[2888,3598],"class_list":["post-350056","cbwpt_git_events","type-cbwpt_git_events","status-publish","has-post-thumbnail","hentry"],"acf":[],"yoast_head":"<!-- This site is optimized with the Yoast SEO plugin v26.9 - https:\/\/yoast.com\/product\/yoast-seo-wordpress\/ -->\n<title>V Fira del Mercat Social de Mallorca - Fiare Banca Etica<\/title>\n<meta name=\"robots\" content=\"index, follow, max-snippet:-1, max-image-preview:large, max-video-preview:-1\" \/>\n<link rel=\"canonical\" href=\"https:\/\/www.fiarebancaetica.coop\/eu\/evento\/v-fira-del-mercat-social-de-mallorca\/\" \/>\n<meta property=\"og:locale\" content=\"eu_ES\" \/>\n<meta property=\"og:type\" content=\"article\" \/>\n<meta property=\"og:title\" content=\"V Fira del Mercat Social de Mallorca - Fiare Banca Etica\" \/>\n<meta property=\"og:description\" content=\"Torna la Fira del Mercat Social de Mallorca, en la cinquena edici\u00f3. I ho fa amb importants novetats: La Fira nom\u00e9s ser\u00e0 un dia, dissabte 28 de setembre Pr\u00e8via a la Fira, una s\u00e8rie d&#8217;actes de les entitats que hi participaran conformaran la Setmana de les Economies Transformadores. Pots consultar quines s\u00f3n al programa que [&hellip;]\" \/>\n<meta property=\"og:url\" content=\"https:\/\/www.fiarebancaetica.coop\/eu\/evento\/v-fira-del-mercat-social-de-mallorca\/\" \/>\n<meta property=\"og:site_name\" content=\"Fiare Banca Etica\" \/>\n<meta property=\"article:modified_time\" content=\"2024-02-21T09:40:35+00:00\" \/>\n<meta property=\"og:image\" content=\"https:\/\/www.fiarebancaetica.coop\/app\/uploads\/sites\/2\/2024\/01\/cover-418.jpg\" \/>\n\t<meta property=\"og:image:width\" content=\"1122\" \/>\n\t<meta property=\"og:image:height\" content=\"1588\" \/>\n\t<meta property=\"og:image:type\" content=\"image\/jpeg\" \/>\n<meta name=\"twitter:card\" content=\"summary_large_image\" \/>\n<script type=\"application\/ld+json\" class=\"yoast-schema-graph\">{\"@context\":\"https:\/\/schema.org\",\"@graph\":[{\"@type\":\"WebPage\",\"@id\":\"https:\/\/www.fiarebancaetica.coop\/eu\/evento\/v-fira-del-mercat-social-de-mallorca\/\",\"url\":\"https:\/\/www.fiarebancaetica.coop\/eu\/evento\/v-fira-del-mercat-social-de-mallorca\/\",\"name\":\"V Fira del Mercat Social de Mallorca - Fiare Banca Etica\",\"isPartOf\":{\"@id\":\"https:\/\/www.fiarebancaetica.coop\/eu\/#website\"},\"primaryImageOfPage\":{\"@id\":\"https:\/\/www.fiarebancaetica.coop\/eu\/evento\/v-fira-del-mercat-social-de-mallorca\/#primaryimage\"},\"image\":{\"@id\":\"https:\/\/www.fiarebancaetica.coop\/eu\/evento\/v-fira-del-mercat-social-de-mallorca\/#primaryimage\"},\"thumbnailUrl\":\"https:\/\/www.fiarebancaetica.coop\/app\/uploads\/sites\/2\/2024\/01\/cover-418.jpg\",\"datePublished\":\"2019-09-15T15:02:31+00:00\",\"dateModified\":\"2024-02-21T09:40:35+00:00\",\"breadcrumb\":{\"@id\":\"https:\/\/www.fiarebancaetica.coop\/eu\/evento\/v-fira-del-mercat-social-de-mallorca\/#breadcrumb\"},\"inLanguage\":\"eu\",\"potentialAction\":[{\"@type\":\"ReadAction\",\"target\":[\"https:\/\/www.fiarebancaetica.coop\/eu\/evento\/v-fira-del-mercat-social-de-mallorca\/\"]}]},{\"@type\":\"ImageObject\",\"inLanguage\":\"eu\",\"@id\":\"https:\/\/www.fiarebancaetica.coop\/eu\/evento\/v-fira-del-mercat-social-de-mallorca\/#primaryimage\",\"url\":\"https:\/\/www.fiarebancaetica.coop\/app\/uploads\/sites\/2\/2024\/01\/cover-418.jpg\",\"contentUrl\":\"https:\/\/www.fiarebancaetica.coop\/app\/uploads\/sites\/2\/2024\/01\/cover-418.jpg\",\"width\":1122,\"height\":1588},{\"@type\":\"BreadcrumbList\",\"@id\":\"https:\/\/www.fiarebancaetica.coop\/eu\/evento\/v-fira-del-mercat-social-de-mallorca\/#breadcrumb\",\"itemListElement\":[{\"@type\":\"ListItem\",\"position\":1,\"name\":\"Home\",\"item\":\"https:\/\/www.fiarebancaetica.coop\/eu\/\"},{\"@type\":\"ListItem\",\"position\":2,\"name\":\"V Fira del Mercat Social de Mallorca\"}]},{\"@type\":\"WebSite\",\"@id\":\"https:\/\/www.fiarebancaetica.coop\/eu\/#website\",\"url\":\"https:\/\/www.fiarebancaetica.coop\/eu\/\",\"name\":\"Fiare Banca Etica\",\"description\":\"\",\"potentialAction\":[{\"@type\":\"SearchAction\",\"target\":{\"@type\":\"EntryPoint\",\"urlTemplate\":\"https:\/\/www.fiarebancaetica.coop\/eu\/?s={search_term_string}\"},\"query-input\":{\"@type\":\"PropertyValueSpecification\",\"valueRequired\":true,\"valueName\":\"search_term_string\"}}],\"inLanguage\":\"eu\"}]}<\/script>\n<!-- \/ Yoast SEO plugin. -->","yoast_head_json":{"title":"V Fira del Mercat Social de Mallorca - Fiare Banca Etica","robots":{"index":"index","follow":"follow","max-snippet":"max-snippet:-1","max-image-preview":"max-image-preview:large","max-video-preview":"max-video-preview:-1"},"canonical":"https:\/\/www.fiarebancaetica.coop\/eu\/evento\/v-fira-del-mercat-social-de-mallorca\/","og_locale":"eu_ES","og_type":"article","og_title":"V Fira del Mercat Social de Mallorca - Fiare Banca Etica","og_description":"Torna la Fira del Mercat Social de Mallorca, en la cinquena edici\u00f3. I ho fa amb importants novetats: La Fira nom\u00e9s ser\u00e0 un dia, dissabte 28 de setembre Pr\u00e8via a la Fira, una s\u00e8rie d&#8217;actes de les entitats que hi participaran conformaran la Setmana de les Economies Transformadores. Pots consultar quines s\u00f3n al programa que [&hellip;]","og_url":"https:\/\/www.fiarebancaetica.coop\/eu\/evento\/v-fira-del-mercat-social-de-mallorca\/","og_site_name":"Fiare Banca Etica","article_modified_time":"2024-02-21T09:40:35+00:00","og_image":[{"width":1122,"height":1588,"url":"https:\/\/www.fiarebancaetica.coop\/app\/uploads\/sites\/2\/2024\/01\/cover-418.jpg","type":"image\/jpeg"}],"twitter_card":"summary_large_image","schema":{"@context":"https:\/\/schema.org","@graph":[{"@type":"WebPage","@id":"https:\/\/www.fiarebancaetica.coop\/eu\/evento\/v-fira-del-mercat-social-de-mallorca\/","url":"https:\/\/www.fiarebancaetica.coop\/eu\/evento\/v-fira-del-mercat-social-de-mallorca\/","name":"V Fira del Mercat Social de Mallorca - Fiare Banca Etica","isPartOf":{"@id":"https:\/\/www.fiarebancaetica.coop\/eu\/#website"},"primaryImageOfPage":{"@id":"https:\/\/www.fiarebancaetica.coop\/eu\/evento\/v-fira-del-mercat-social-de-mallorca\/#primaryimage"},"image":{"@id":"https:\/\/www.fiarebancaetica.coop\/eu\/evento\/v-fira-del-mercat-social-de-mallorca\/#primaryimage"},"thumbnailUrl":"https:\/\/www.fiarebancaetica.coop\/app\/uploads\/sites\/2\/2024\/01\/cover-418.jpg","datePublished":"2019-09-15T15:02:31+00:00","dateModified":"2024-02-21T09:40:35+00:00","breadcrumb":{"@id":"https:\/\/www.fiarebancaetica.coop\/eu\/evento\/v-fira-del-mercat-social-de-mallorca\/#breadcrumb"},"inLanguage":"eu","potentialAction":[{"@type":"ReadAction","target":["https:\/\/www.fiarebancaetica.coop\/eu\/evento\/v-fira-del-mercat-social-de-mallorca\/"]}]},{"@type":"ImageObject","inLanguage":"eu","@id":"https:\/\/www.fiarebancaetica.coop\/eu\/evento\/v-fira-del-mercat-social-de-mallorca\/#primaryimage","url":"https:\/\/www.fiarebancaetica.coop\/app\/uploads\/sites\/2\/2024\/01\/cover-418.jpg","contentUrl":"https:\/\/www.fiarebancaetica.coop\/app\/uploads\/sites\/2\/2024\/01\/cover-418.jpg","width":1122,"height":1588},{"@type":"BreadcrumbList","@id":"https:\/\/www.fiarebancaetica.coop\/eu\/evento\/v-fira-del-mercat-social-de-mallorca\/#breadcrumb","itemListElement":[{"@type":"ListItem","position":1,"name":"Home","item":"https:\/\/www.fiarebancaetica.coop\/eu\/"},{"@type":"ListItem","position":2,"name":"V Fira del Mercat Social de Mallorca"}]},{"@type":"WebSite","@id":"https:\/\/www.fiarebancaetica.coop\/eu\/#website","url":"https:\/\/www.fiarebancaetica.coop\/eu\/","name":"Fiare Banca Etica","description":"","potentialAction":[{"@type":"SearchAction","target":{"@type":"EntryPoint","urlTemplate":"https:\/\/www.fiarebancaetica.coop\/eu\/?s={search_term_string}"},"query-input":{"@type":"PropertyValueSpecification","valueRequired":true,"valueName":"search_term_string"}}],"inLanguage":"eu"}]}},"_links":{"self":[{"href":"https:\/\/www.fiarebancaetica.coop\/eu\/wp-json\/wp\/v2\/cbwpt_git_events\/350056","targetHints":{"allow":["GET"]}}],"collection":[{"href":"https:\/\/www.fiarebancaetica.coop\/eu\/wp-json\/wp\/v2\/cbwpt_git_events"}],"about":[{"href":"https:\/\/www.fiarebancaetica.coop\/eu\/wp-json\/wp\/v2\/types\/cbwpt_git_events"}],"author":[{"embeddable":true,"href":"https:\/\/www.fiarebancaetica.coop\/eu\/wp-json\/wp\/v2\/users\/1"}],"version-history":[{"count":1,"href":"https:\/\/www.fiarebancaetica.coop\/eu\/wp-json\/wp\/v2\/cbwpt_git_events\/350056\/revisions"}],"predecessor-version":[{"id":352088,"href":"https:\/\/www.fiarebancaetica.coop\/eu\/wp-json\/wp\/v2\/cbwpt_git_events\/350056\/revisions\/352088"}],"wp:featuredmedia":[{"embeddable":true,"href":"https:\/\/www.fiarebancaetica.coop\/eu\/wp-json\/wp\/v2\/media\/363724"}],"wp:attachment":[{"href":"https:\/\/www.fiarebancaetica.coop\/eu\/wp-json\/wp\/v2\/media?parent=350056"}],"wp:term":[{"taxonomy":"cbwpt_tags","embeddable":true,"href":"https:\/\/www.fiarebancaetica.coop\/eu\/wp-json\/wp\/v2\/git_tags?post=350056"},{"taxonomy":"author","embeddable":true,"href":"https:\/\/www.fiarebancaetica.coop\/eu\/wp-json\/wp\/v2\/coauthors?post=350056"}],"curies":[{"name":"wp","href":"https:\/\/api.w.org\/{rel}","templated":true}]}}

<!-- This site is optimized with the Yoast SEO plugin v26.9 - https://yoast.com/product/yoast-seo-wordpress/ -->
<title>V Fira del Mercat Social de Mallorca - Fiare Banca Etica</title>
<meta name="robots" content="index, follow, max-snippet:-1, max-image-preview:large, max-video-preview:-1" />
<link rel="canonical" href="https://www.fiarebancaetica.coop/eu/evento/v-fira-del-mercat-social-de-mallorca/" />
<meta property="og:locale" content="eu_ES" />
<meta property="og:type" content="article" />
<meta property="og:title" content="V Fira del Mercat Social de Mallorca - Fiare Banca Etica" />
<meta property="og:description" content="Torna la Fira del Mercat Social de Mallorca, en la cinquena edició. I ho fa amb importants novetats: La Fira només serà un dia, dissabte 28 de setembre Prèvia a la Fira, una sèrie d&#8217;actes de les entitats que hi participaran conformaran la Setmana de les Economies Transformadores. Pots consultar quines són al programa que [&hellip;]" />
<meta property="og:url" content="https://www.fiarebancaetica.coop/eu/evento/v-fira-del-mercat-social-de-mallorca/" />
<meta property="og:site_name" content="Fiare Banca Etica" />
<meta property="article:modified_time" content="2024-02-21T09:40:35+00:00" />
<meta property="og:image" content="https://www.fiarebancaetica.coop/app/uploads/sites/2/2024/01/cover-418.jpg" />
	<meta property="og:image:width" content="1122" />
	<meta property="og:image:height" content="1588" />
	<meta property="og:image:type" content="image/jpeg" />
<meta name="twitter:card" content="summary_large_image" />
<script type="application/ld+json" class="yoast-schema-graph">{"@context":"https://schema.org","@graph":[{"@type":"WebPage","@id":"https://www.fiarebancaetica.coop/eu/evento/v-fira-del-mercat-social-de-mallorca/","url":"https://www.fiarebancaetica.coop/eu/evento/v-fira-del-mercat-social-de-mallorca/","name":"V Fira del Mercat Social de Mallorca - Fiare Banca Etica","isPartOf":{"@id":"https://www.fiarebancaetica.coop/eu/#website"},"primaryImageOfPage":{"@id":"https://www.fiarebancaetica.coop/eu/evento/v-fira-del-mercat-social-de-mallorca/#primaryimage"},"image":{"@id":"https://www.fiarebancaetica.coop/eu/evento/v-fira-del-mercat-social-de-mallorca/#primaryimage"},"thumbnailUrl":"https://www.fiarebancaetica.coop/app/uploads/sites/2/2024/01/cover-418.jpg","datePublished":"2019-09-15T15:02:31+00:00","dateModified":"2024-02-21T09:40:35+00:00","breadcrumb":{"@id":"https://www.fiarebancaetica.coop/eu/evento/v-fira-del-mercat-social-de-mallorca/#breadcrumb"},"inLanguage":"eu","potentialAction":[{"@type":"ReadAction","target":["https://www.fiarebancaetica.coop/eu/evento/v-fira-del-mercat-social-de-mallorca/"]}]},{"@type":"ImageObject","inLanguage":"eu","@id":"https://www.fiarebancaetica.coop/eu/evento/v-fira-del-mercat-social-de-mallorca/#primaryimage","url":"https://www.fiarebancaetica.coop/app/uploads/sites/2/2024/01/cover-418.jpg","contentUrl":"https://www.fiarebancaetica.coop/app/uploads/sites/2/2024/01/cover-418.jpg","width":1122,"height":1588},{"@type":"BreadcrumbList","@id":"https://www.fiarebancaetica.coop/eu/evento/v-fira-del-mercat-social-de-mallorca/#breadcrumb","itemListElement":[{"@type":"ListItem","position":1,"name":"Home","item":"https://www.fiarebancaetica.coop/eu/"},{"@type":"ListItem","position":2,"name":"V Fira del Mercat Social de Mallorca"}]},{"@type":"WebSite","@id":"https://www.fiarebancaetica.coop/eu/#website","url":"https://www.fiarebancaetica.coop/eu/","name":"Fiare Banca Etica","description":"","potentialAction":[{"@type":"SearchAction","target":{"@type":"EntryPoint","urlTemplate":"https://www.fiarebancaetica.coop/eu/?s={search_term_string}"},"query-input":{"@type":"PropertyValueSpecification","valueRequired":true,"valueName":"search_term_string"}}],"inLanguage":"eu"}]}</script>
<!-- / Yoast SEO plugin. -->

Torna la Fira del Mercat Social de Mallorca, en la cinquena edició. I ho fa amb importants novetats: La Fira només serà un dia, dissabte 28 de setembre Prèvia a la Fira, una sèrie d&#8217;actes de les entitats que hi participaran conformaran la Setmana de les Economies Transformadores. Pots consultar quines són al programa que [&hellip;]
