{"id":350701,"date":"2017-04-14T14:29:14","date_gmt":"2017-04-14T12:29:14","guid":{"rendered":"https:\/\/www.fiarebancaetica.coop\/evento\/sabado-22-de-abril-vii-encuentro-asamblea-de-fiare-extremadura\/"},"modified":"2024-02-21T11:58:48","modified_gmt":"2024-02-21T10:58:48","slug":"sabado-22-de-abril-vii-encuentro-asamblea-de-fiare-extremadura","status":"publish","type":"cbwpt_git_events","link":"https:\/\/www.fiarebancaetica.coop\/eu\/evento\/sabado-22-de-abril-vii-encuentro-asamblea-de-fiare-extremadura\/","title":{"rendered":"S\u00c1BADO 22 DE ABRIL. ViI ENCUENTRO-ASAMBLEA DE FIARE EXTREMADURA"},"author":1,"featured_media":363320,"parent":0,"template":"","meta":{"_acf_changed":false},"git_tags":[11229],"coauthors":[2888],"class_list":["post-350701","cbwpt_git_events","type-cbwpt_git_events","status-publish","has-post-thumbnail","hentry"],"acf":[],"yoast_head":"<!-- This site is optimized with the Yoast SEO plugin v26.9 - https:\/\/yoast.com\/product\/yoast-seo-wordpress\/ -->\n<title>S\u00c1BADO 22 DE ABRIL. ViI ENCUENTRO-ASAMBLEA DE FIARE EXTREMADURA - Fiare Banca Etica<\/title>\n<meta name=\"robots\" content=\"index, follow, max-snippet:-1, max-image-preview:large, max-video-preview:-1\" \/>\n<link rel=\"canonical\" href=\"https:\/\/www.fiarebancaetica.coop\/eu\/evento\/sabado-22-de-abril-vii-encuentro-asamblea-de-fiare-extremadura\/\" \/>\n<meta property=\"og:locale\" content=\"eu_ES\" \/>\n<meta property=\"og:type\" content=\"article\" \/>\n<meta property=\"og:title\" content=\"S\u00c1BADO 22 DE ABRIL. ViI ENCUENTRO-ASAMBLEA DE FIARE EXTREMADURA - Fiare Banca Etica\" \/>\n<meta property=\"og:description\" content=\"S\u00c1BADO 22 DE ABRIL. VII ENCUENTRO-ASAMBLEA DE FIARE EXTREMADURA El pr\u00f3ximo s\u00e1bado, 22 de abril participamos en la \u00a0VII Encuentro-Asamblea Fiare Extremadura, que tendr\u00e1 lugar a las 11,00 h. en las &#8220;Casas Consistoriales&#8221; de la Plaza Alta, en Badajoz.\u00a0 Este a\u00f1o emarcamos la asamblea dentro de una Jornada de Finanzas \u00c9ticas Aprovecha la ocasi\u00f3n para [&hellip;]\" \/>\n<meta property=\"og:url\" content=\"https:\/\/www.fiarebancaetica.coop\/eu\/evento\/sabado-22-de-abril-vii-encuentro-asamblea-de-fiare-extremadura\/\" \/>\n<meta property=\"og:site_name\" content=\"Fiare Banca Etica\" \/>\n<meta property=\"article:modified_time\" content=\"2024-02-21T10:58:48+00:00\" \/>\n<meta property=\"og:image\" content=\"https:\/\/www.fiarebancaetica.coop\/app\/uploads\/sites\/2\/2024\/01\/cover-337.jpg\" \/>\n\t<meta property=\"og:image:width\" content=\"1122\" \/>\n\t<meta property=\"og:image:height\" content=\"1587\" \/>\n\t<meta property=\"og:image:type\" content=\"image\/jpeg\" \/>\n<meta name=\"twitter:card\" content=\"summary_large_image\" \/>\n<script type=\"application\/ld+json\" class=\"yoast-schema-graph\">{\"@context\":\"https:\/\/schema.org\",\"@graph\":[{\"@type\":\"WebPage\",\"@id\":\"https:\/\/www.fiarebancaetica.coop\/eu\/evento\/sabado-22-de-abril-vii-encuentro-asamblea-de-fiare-extremadura\/\",\"url\":\"https:\/\/www.fiarebancaetica.coop\/eu\/evento\/sabado-22-de-abril-vii-encuentro-asamblea-de-fiare-extremadura\/\",\"name\":\"S\u00c1BADO 22 DE ABRIL. ViI ENCUENTRO-ASAMBLEA DE FIARE EXTREMADURA - Fiare Banca Etica\",\"isPartOf\":{\"@id\":\"https:\/\/www.fiarebancaetica.coop\/eu\/#website\"},\"primaryImageOfPage\":{\"@id\":\"https:\/\/www.fiarebancaetica.coop\/eu\/evento\/sabado-22-de-abril-vii-encuentro-asamblea-de-fiare-extremadura\/#primaryimage\"},\"image\":{\"@id\":\"https:\/\/www.fiarebancaetica.coop\/eu\/evento\/sabado-22-de-abril-vii-encuentro-asamblea-de-fiare-extremadura\/#primaryimage\"},\"thumbnailUrl\":\"https:\/\/www.fiarebancaetica.coop\/app\/uploads\/sites\/2\/2024\/01\/cover-337.jpg\",\"datePublished\":\"2017-04-14T12:29:14+00:00\",\"dateModified\":\"2024-02-21T10:58:48+00:00\",\"breadcrumb\":{\"@id\":\"https:\/\/www.fiarebancaetica.coop\/eu\/evento\/sabado-22-de-abril-vii-encuentro-asamblea-de-fiare-extremadura\/#breadcrumb\"},\"inLanguage\":\"eu\",\"potentialAction\":[{\"@type\":\"ReadAction\",\"target\":[\"https:\/\/www.fiarebancaetica.coop\/eu\/evento\/sabado-22-de-abril-vii-encuentro-asamblea-de-fiare-extremadura\/\"]}]},{\"@type\":\"ImageObject\",\"inLanguage\":\"eu\",\"@id\":\"https:\/\/www.fiarebancaetica.coop\/eu\/evento\/sabado-22-de-abril-vii-encuentro-asamblea-de-fiare-extremadura\/#primaryimage\",\"url\":\"https:\/\/www.fiarebancaetica.coop\/app\/uploads\/sites\/2\/2024\/01\/cover-337.jpg\",\"contentUrl\":\"https:\/\/www.fiarebancaetica.coop\/app\/uploads\/sites\/2\/2024\/01\/cover-337.jpg\",\"width\":1122,\"height\":1587},{\"@type\":\"BreadcrumbList\",\"@id\":\"https:\/\/www.fiarebancaetica.coop\/eu\/evento\/sabado-22-de-abril-vii-encuentro-asamblea-de-fiare-extremadura\/#breadcrumb\",\"itemListElement\":[{\"@type\":\"ListItem\",\"position\":1,\"name\":\"Home\",\"item\":\"https:\/\/www.fiarebancaetica.coop\/eu\/\"},{\"@type\":\"ListItem\",\"position\":2,\"name\":\"S\u00c1BADO 22 DE ABRIL. ViI ENCUENTRO-ASAMBLEA DE FIARE EXTREMADURA\"}]},{\"@type\":\"WebSite\",\"@id\":\"https:\/\/www.fiarebancaetica.coop\/eu\/#website\",\"url\":\"https:\/\/www.fiarebancaetica.coop\/eu\/\",\"name\":\"Fiare Banca Etica\",\"description\":\"\",\"potentialAction\":[{\"@type\":\"SearchAction\",\"target\":{\"@type\":\"EntryPoint\",\"urlTemplate\":\"https:\/\/www.fiarebancaetica.coop\/eu\/?s={search_term_string}\"},\"query-input\":{\"@type\":\"PropertyValueSpecification\",\"valueRequired\":true,\"valueName\":\"search_term_string\"}}],\"inLanguage\":\"eu\"}]}<\/script>\n<!-- \/ Yoast SEO plugin. -->","yoast_head_json":{"title":"S\u00c1BADO 22 DE ABRIL. ViI ENCUENTRO-ASAMBLEA DE FIARE EXTREMADURA - Fiare Banca Etica","robots":{"index":"index","follow":"follow","max-snippet":"max-snippet:-1","max-image-preview":"max-image-preview:large","max-video-preview":"max-video-preview:-1"},"canonical":"https:\/\/www.fiarebancaetica.coop\/eu\/evento\/sabado-22-de-abril-vii-encuentro-asamblea-de-fiare-extremadura\/","og_locale":"eu_ES","og_type":"article","og_title":"S\u00c1BADO 22 DE ABRIL. ViI ENCUENTRO-ASAMBLEA DE FIARE EXTREMADURA - Fiare Banca Etica","og_description":"S\u00c1BADO 22 DE ABRIL. VII ENCUENTRO-ASAMBLEA DE FIARE EXTREMADURA El pr\u00f3ximo s\u00e1bado, 22 de abril participamos en la \u00a0VII Encuentro-Asamblea Fiare Extremadura, que tendr\u00e1 lugar a las 11,00 h. en las &#8220;Casas Consistoriales&#8221; de la Plaza Alta, en Badajoz.\u00a0 Este a\u00f1o emarcamos la asamblea dentro de una Jornada de Finanzas \u00c9ticas Aprovecha la ocasi\u00f3n para [&hellip;]","og_url":"https:\/\/www.fiarebancaetica.coop\/eu\/evento\/sabado-22-de-abril-vii-encuentro-asamblea-de-fiare-extremadura\/","og_site_name":"Fiare Banca Etica","article_modified_time":"2024-02-21T10:58:48+00:00","og_image":[{"width":1122,"height":1587,"url":"https:\/\/www.fiarebancaetica.coop\/app\/uploads\/sites\/2\/2024\/01\/cover-337.jpg","type":"image\/jpeg"}],"twitter_card":"summary_large_image","schema":{"@context":"https:\/\/schema.org","@graph":[{"@type":"WebPage","@id":"https:\/\/www.fiarebancaetica.coop\/eu\/evento\/sabado-22-de-abril-vii-encuentro-asamblea-de-fiare-extremadura\/","url":"https:\/\/www.fiarebancaetica.coop\/eu\/evento\/sabado-22-de-abril-vii-encuentro-asamblea-de-fiare-extremadura\/","name":"S\u00c1BADO 22 DE ABRIL. ViI ENCUENTRO-ASAMBLEA DE FIARE EXTREMADURA - Fiare Banca Etica","isPartOf":{"@id":"https:\/\/www.fiarebancaetica.coop\/eu\/#website"},"primaryImageOfPage":{"@id":"https:\/\/www.fiarebancaetica.coop\/eu\/evento\/sabado-22-de-abril-vii-encuentro-asamblea-de-fiare-extremadura\/#primaryimage"},"image":{"@id":"https:\/\/www.fiarebancaetica.coop\/eu\/evento\/sabado-22-de-abril-vii-encuentro-asamblea-de-fiare-extremadura\/#primaryimage"},"thumbnailUrl":"https:\/\/www.fiarebancaetica.coop\/app\/uploads\/sites\/2\/2024\/01\/cover-337.jpg","datePublished":"2017-04-14T12:29:14+00:00","dateModified":"2024-02-21T10:58:48+00:00","breadcrumb":{"@id":"https:\/\/www.fiarebancaetica.coop\/eu\/evento\/sabado-22-de-abril-vii-encuentro-asamblea-de-fiare-extremadura\/#breadcrumb"},"inLanguage":"eu","potentialAction":[{"@type":"ReadAction","target":["https:\/\/www.fiarebancaetica.coop\/eu\/evento\/sabado-22-de-abril-vii-encuentro-asamblea-de-fiare-extremadura\/"]}]},{"@type":"ImageObject","inLanguage":"eu","@id":"https:\/\/www.fiarebancaetica.coop\/eu\/evento\/sabado-22-de-abril-vii-encuentro-asamblea-de-fiare-extremadura\/#primaryimage","url":"https:\/\/www.fiarebancaetica.coop\/app\/uploads\/sites\/2\/2024\/01\/cover-337.jpg","contentUrl":"https:\/\/www.fiarebancaetica.coop\/app\/uploads\/sites\/2\/2024\/01\/cover-337.jpg","width":1122,"height":1587},{"@type":"BreadcrumbList","@id":"https:\/\/www.fiarebancaetica.coop\/eu\/evento\/sabado-22-de-abril-vii-encuentro-asamblea-de-fiare-extremadura\/#breadcrumb","itemListElement":[{"@type":"ListItem","position":1,"name":"Home","item":"https:\/\/www.fiarebancaetica.coop\/eu\/"},{"@type":"ListItem","position":2,"name":"S\u00c1BADO 22 DE ABRIL. ViI ENCUENTRO-ASAMBLEA DE FIARE EXTREMADURA"}]},{"@type":"WebSite","@id":"https:\/\/www.fiarebancaetica.coop\/eu\/#website","url":"https:\/\/www.fiarebancaetica.coop\/eu\/","name":"Fiare Banca Etica","description":"","potentialAction":[{"@type":"SearchAction","target":{"@type":"EntryPoint","urlTemplate":"https:\/\/www.fiarebancaetica.coop\/eu\/?s={search_term_string}"},"query-input":{"@type":"PropertyValueSpecification","valueRequired":true,"valueName":"search_term_string"}}],"inLanguage":"eu"}]}},"_links":{"self":[{"href":"https:\/\/www.fiarebancaetica.coop\/eu\/wp-json\/wp\/v2\/cbwpt_git_events\/350701","targetHints":{"allow":["GET"]}}],"collection":[{"href":"https:\/\/www.fiarebancaetica.coop\/eu\/wp-json\/wp\/v2\/cbwpt_git_events"}],"about":[{"href":"https:\/\/www.fiarebancaetica.coop\/eu\/wp-json\/wp\/v2\/types\/cbwpt_git_events"}],"author":[{"embeddable":true,"href":"https:\/\/www.fiarebancaetica.coop\/eu\/wp-json\/wp\/v2\/users\/1"}],"version-history":[{"count":1,"href":"https:\/\/www.fiarebancaetica.coop\/eu\/wp-json\/wp\/v2\/cbwpt_git_events\/350701\/revisions"}],"predecessor-version":[{"id":352372,"href":"https:\/\/www.fiarebancaetica.coop\/eu\/wp-json\/wp\/v2\/cbwpt_git_events\/350701\/revisions\/352372"}],"wp:featuredmedia":[{"embeddable":true,"href":"https:\/\/www.fiarebancaetica.coop\/eu\/wp-json\/wp\/v2\/media\/363320"}],"wp:attachment":[{"href":"https:\/\/www.fiarebancaetica.coop\/eu\/wp-json\/wp\/v2\/media?parent=350701"}],"wp:term":[{"taxonomy":"cbwpt_tags","embeddable":true,"href":"https:\/\/www.fiarebancaetica.coop\/eu\/wp-json\/wp\/v2\/git_tags?post=350701"},{"taxonomy":"author","embeddable":true,"href":"https:\/\/www.fiarebancaetica.coop\/eu\/wp-json\/wp\/v2\/coauthors?post=350701"}],"curies":[{"name":"wp","href":"https:\/\/api.w.org\/{rel}","templated":true}]}}

SÁBADO 22 DE ABRIL. ViI ENCUENTRO-ASAMBLEA DE FIARE EXTREMADURA

<!-- This site is optimized with the Yoast SEO plugin v26.9 - https://yoast.com/product/yoast-seo-wordpress/ -->
<title>SÁBADO 22 DE ABRIL. ViI ENCUENTRO-ASAMBLEA DE FIARE EXTREMADURA - Fiare Banca Etica</title>
<meta name="robots" content="index, follow, max-snippet:-1, max-image-preview:large, max-video-preview:-1" />
<link rel="canonical" href="https://www.fiarebancaetica.coop/eu/evento/sabado-22-de-abril-vii-encuentro-asamblea-de-fiare-extremadura/" />
<meta property="og:locale" content="eu_ES" />
<meta property="og:type" content="article" />
<meta property="og:title" content="SÁBADO 22 DE ABRIL. ViI ENCUENTRO-ASAMBLEA DE FIARE EXTREMADURA - Fiare Banca Etica" />
<meta property="og:description" content="SÁBADO 22 DE ABRIL. VII ENCUENTRO-ASAMBLEA DE FIARE EXTREMADURA El próximo sábado, 22 de abril participamos en la  VII Encuentro-Asamblea Fiare Extremadura, que tendrá lugar a las 11,00 h. en las &#8220;Casas Consistoriales&#8221; de la Plaza Alta, en Badajoz.  Este año emarcamos la asamblea dentro de una Jornada de Finanzas Éticas Aprovecha la ocasión para [&hellip;]" />
<meta property="og:url" content="https://www.fiarebancaetica.coop/eu/evento/sabado-22-de-abril-vii-encuentro-asamblea-de-fiare-extremadura/" />
<meta property="og:site_name" content="Fiare Banca Etica" />
<meta property="article:modified_time" content="2024-02-21T10:58:48+00:00" />
<meta property="og:image" content="https://www.fiarebancaetica.coop/app/uploads/sites/2/2024/01/cover-337.jpg" />
	<meta property="og:image:width" content="1122" />
	<meta property="og:image:height" content="1587" />
	<meta property="og:image:type" content="image/jpeg" />
<meta name="twitter:card" content="summary_large_image" />
<script type="application/ld+json" class="yoast-schema-graph">{"@context":"https://schema.org","@graph":[{"@type":"WebPage","@id":"https://www.fiarebancaetica.coop/eu/evento/sabado-22-de-abril-vii-encuentro-asamblea-de-fiare-extremadura/","url":"https://www.fiarebancaetica.coop/eu/evento/sabado-22-de-abril-vii-encuentro-asamblea-de-fiare-extremadura/","name":"SÁBADO 22 DE ABRIL. ViI ENCUENTRO-ASAMBLEA DE FIARE EXTREMADURA - Fiare Banca Etica","isPartOf":{"@id":"https://www.fiarebancaetica.coop/eu/#website"},"primaryImageOfPage":{"@id":"https://www.fiarebancaetica.coop/eu/evento/sabado-22-de-abril-vii-encuentro-asamblea-de-fiare-extremadura/#primaryimage"},"image":{"@id":"https://www.fiarebancaetica.coop/eu/evento/sabado-22-de-abril-vii-encuentro-asamblea-de-fiare-extremadura/#primaryimage"},"thumbnailUrl":"https://www.fiarebancaetica.coop/app/uploads/sites/2/2024/01/cover-337.jpg","datePublished":"2017-04-14T12:29:14+00:00","dateModified":"2024-02-21T10:58:48+00:00","breadcrumb":{"@id":"https://www.fiarebancaetica.coop/eu/evento/sabado-22-de-abril-vii-encuentro-asamblea-de-fiare-extremadura/#breadcrumb"},"inLanguage":"eu","potentialAction":[{"@type":"ReadAction","target":["https://www.fiarebancaetica.coop/eu/evento/sabado-22-de-abril-vii-encuentro-asamblea-de-fiare-extremadura/"]}]},{"@type":"ImageObject","inLanguage":"eu","@id":"https://www.fiarebancaetica.coop/eu/evento/sabado-22-de-abril-vii-encuentro-asamblea-de-fiare-extremadura/#primaryimage","url":"https://www.fiarebancaetica.coop/app/uploads/sites/2/2024/01/cover-337.jpg","contentUrl":"https://www.fiarebancaetica.coop/app/uploads/sites/2/2024/01/cover-337.jpg","width":1122,"height":1587},{"@type":"BreadcrumbList","@id":"https://www.fiarebancaetica.coop/eu/evento/sabado-22-de-abril-vii-encuentro-asamblea-de-fiare-extremadura/#breadcrumb","itemListElement":[{"@type":"ListItem","position":1,"name":"Home","item":"https://www.fiarebancaetica.coop/eu/"},{"@type":"ListItem","position":2,"name":"SÁBADO 22 DE ABRIL. ViI ENCUENTRO-ASAMBLEA DE FIARE EXTREMADURA"}]},{"@type":"WebSite","@id":"https://www.fiarebancaetica.coop/eu/#website","url":"https://www.fiarebancaetica.coop/eu/","name":"Fiare Banca Etica","description":"","potentialAction":[{"@type":"SearchAction","target":{"@type":"EntryPoint","urlTemplate":"https://www.fiarebancaetica.coop/eu/?s={search_term_string}"},"query-input":{"@type":"PropertyValueSpecification","valueRequired":true,"valueName":"search_term_string"}}],"inLanguage":"eu"}]}</script>
<!-- / Yoast SEO plugin. -->

SÁBADO 22 DE ABRIL. ViI ENCUENTRO-ASAMBLEA DE FIARE EXTREMADURA - Fiare Banca Etica

SÁBADO 22 DE ABRIL. VII ENCUENTRO-ASAMBLEA DE FIARE EXTREMADURA El próximo sábado, 22 de abril participamos en la  VII Encuentro-Asamblea Fiare Extremadura, que tendrá lugar a las 11,00 h. en las &#8220;Casas Consistoriales&#8221; de la Plaza Alta, en Badajoz.  Este año emarcamos la asamblea dentro de una Jornada de Finanzas Éticas Aprovecha la ocasión para [&hellip;]
