{"id":350945,"date":"2016-09-15T14:28:22","date_gmt":"2016-09-15T12:28:22","guid":{"rendered":"https:\/\/www.fiarebancaetica.coop\/evento\/fira-deconomia-solidaria-de-sant-cugat\/"},"modified":"2024-02-21T12:05:48","modified_gmt":"2024-02-21T11:05:48","slug":"fira-deconomia-solidaria-de-sant-cugat","status":"publish","type":"cbwpt_git_events","link":"https:\/\/www.fiarebancaetica.coop\/eu\/evento\/fira-deconomia-solidaria-de-sant-cugat\/","title":{"rendered":"Fira d&#8217;Economia Solid\u00e0ria de Sant Cugat"},"author":1,"featured_media":364023,"parent":0,"template":"","meta":{"_acf_changed":false},"git_tags":[11226],"coauthors":[2888],"class_list":["post-350945","cbwpt_git_events","type-cbwpt_git_events","status-publish","has-post-thumbnail","hentry"],"acf":[],"yoast_head":"<!-- This site is optimized with the Yoast SEO plugin v26.9 - https:\/\/yoast.com\/product\/yoast-seo-wordpress\/ -->\n<title>Fira d&#039;Economia Solid\u00e0ria de Sant Cugat - Fiare Banca Etica<\/title>\n<meta name=\"robots\" content=\"index, follow, max-snippet:-1, max-image-preview:large, max-video-preview:-1\" \/>\n<link rel=\"canonical\" href=\"https:\/\/www.fiarebancaetica.coop\/eu\/evento\/fira-deconomia-solidaria-de-sant-cugat\/\" \/>\n<meta property=\"og:locale\" content=\"eu_ES\" \/>\n<meta property=\"og:type\" content=\"article\" \/>\n<meta property=\"og:title\" content=\"Fira d&#039;Economia Solid\u00e0ria de Sant Cugat - Fiare Banca Etica\" \/>\n<meta property=\"og:description\" content=\"Qu\u00e8 \u00e9s la fira? \u00c9s l&#8217;espai de trobada dels diferents projectes, empreses, persones o entitats que aposten per l&#8217;economia social, sostenible i solid\u00e0ria a la nostra ciutat. Pret\u00e9n ser \u00fatil per donar-nos a con\u00e8ixer a la ciutat per\u00f2 tamb\u00e9 per a cohesionar i refor\u00e7ar l&#8217;espai de l&#8217;economia social. Quan, on, com?\u00a0 La Fira es realitzar\u00e0 [&hellip;]\" \/>\n<meta property=\"og:url\" content=\"https:\/\/www.fiarebancaetica.coop\/eu\/evento\/fira-deconomia-solidaria-de-sant-cugat\/\" \/>\n<meta property=\"og:site_name\" content=\"Fiare Banca Etica\" \/>\n<meta property=\"article:modified_time\" content=\"2024-02-21T11:05:48+00:00\" \/>\n<meta property=\"og:image\" content=\"https:\/\/www.fiarebancaetica.coop\/app\/uploads\/sites\/2\/2024\/01\/cover-477.jpg\" \/>\n\t<meta property=\"og:image:width\" content=\"768\" \/>\n\t<meta property=\"og:image:height\" content=\"300\" \/>\n\t<meta property=\"og:image:type\" content=\"image\/png\" \/>\n<meta name=\"twitter:card\" content=\"summary_large_image\" \/>\n<script type=\"application\/ld+json\" class=\"yoast-schema-graph\">{\"@context\":\"https:\/\/schema.org\",\"@graph\":[{\"@type\":\"WebPage\",\"@id\":\"https:\/\/www.fiarebancaetica.coop\/eu\/evento\/fira-deconomia-solidaria-de-sant-cugat\/\",\"url\":\"https:\/\/www.fiarebancaetica.coop\/eu\/evento\/fira-deconomia-solidaria-de-sant-cugat\/\",\"name\":\"Fira d'Economia Solid\u00e0ria de Sant Cugat - Fiare Banca Etica\",\"isPartOf\":{\"@id\":\"https:\/\/www.fiarebancaetica.coop\/eu\/#website\"},\"primaryImageOfPage\":{\"@id\":\"https:\/\/www.fiarebancaetica.coop\/eu\/evento\/fira-deconomia-solidaria-de-sant-cugat\/#primaryimage\"},\"image\":{\"@id\":\"https:\/\/www.fiarebancaetica.coop\/eu\/evento\/fira-deconomia-solidaria-de-sant-cugat\/#primaryimage\"},\"thumbnailUrl\":\"https:\/\/www.fiarebancaetica.coop\/app\/uploads\/sites\/2\/2024\/01\/cover-477.jpg\",\"datePublished\":\"2016-09-15T12:28:22+00:00\",\"dateModified\":\"2024-02-21T11:05:48+00:00\",\"breadcrumb\":{\"@id\":\"https:\/\/www.fiarebancaetica.coop\/eu\/evento\/fira-deconomia-solidaria-de-sant-cugat\/#breadcrumb\"},\"inLanguage\":\"eu\",\"potentialAction\":[{\"@type\":\"ReadAction\",\"target\":[\"https:\/\/www.fiarebancaetica.coop\/eu\/evento\/fira-deconomia-solidaria-de-sant-cugat\/\"]}]},{\"@type\":\"ImageObject\",\"inLanguage\":\"eu\",\"@id\":\"https:\/\/www.fiarebancaetica.coop\/eu\/evento\/fira-deconomia-solidaria-de-sant-cugat\/#primaryimage\",\"url\":\"https:\/\/www.fiarebancaetica.coop\/app\/uploads\/sites\/2\/2024\/01\/cover-477.jpg\",\"contentUrl\":\"https:\/\/www.fiarebancaetica.coop\/app\/uploads\/sites\/2\/2024\/01\/cover-477.jpg\",\"width\":768,\"height\":300},{\"@type\":\"BreadcrumbList\",\"@id\":\"https:\/\/www.fiarebancaetica.coop\/eu\/evento\/fira-deconomia-solidaria-de-sant-cugat\/#breadcrumb\",\"itemListElement\":[{\"@type\":\"ListItem\",\"position\":1,\"name\":\"Home\",\"item\":\"https:\/\/www.fiarebancaetica.coop\/eu\/\"},{\"@type\":\"ListItem\",\"position\":2,\"name\":\"Fira d&#8217;Economia Solid\u00e0ria de Sant Cugat\"}]},{\"@type\":\"WebSite\",\"@id\":\"https:\/\/www.fiarebancaetica.coop\/eu\/#website\",\"url\":\"https:\/\/www.fiarebancaetica.coop\/eu\/\",\"name\":\"Fiare Banca Etica\",\"description\":\"\",\"potentialAction\":[{\"@type\":\"SearchAction\",\"target\":{\"@type\":\"EntryPoint\",\"urlTemplate\":\"https:\/\/www.fiarebancaetica.coop\/eu\/?s={search_term_string}\"},\"query-input\":{\"@type\":\"PropertyValueSpecification\",\"valueRequired\":true,\"valueName\":\"search_term_string\"}}],\"inLanguage\":\"eu\"}]}<\/script>\n<!-- \/ Yoast SEO plugin. -->","yoast_head_json":{"title":"Fira d'Economia Solid\u00e0ria de Sant Cugat - Fiare Banca Etica","robots":{"index":"index","follow":"follow","max-snippet":"max-snippet:-1","max-image-preview":"max-image-preview:large","max-video-preview":"max-video-preview:-1"},"canonical":"https:\/\/www.fiarebancaetica.coop\/eu\/evento\/fira-deconomia-solidaria-de-sant-cugat\/","og_locale":"eu_ES","og_type":"article","og_title":"Fira d'Economia Solid\u00e0ria de Sant Cugat - Fiare Banca Etica","og_description":"Qu\u00e8 \u00e9s la fira? \u00c9s l&#8217;espai de trobada dels diferents projectes, empreses, persones o entitats que aposten per l&#8217;economia social, sostenible i solid\u00e0ria a la nostra ciutat. Pret\u00e9n ser \u00fatil per donar-nos a con\u00e8ixer a la ciutat per\u00f2 tamb\u00e9 per a cohesionar i refor\u00e7ar l&#8217;espai de l&#8217;economia social. Quan, on, com?\u00a0 La Fira es realitzar\u00e0 [&hellip;]","og_url":"https:\/\/www.fiarebancaetica.coop\/eu\/evento\/fira-deconomia-solidaria-de-sant-cugat\/","og_site_name":"Fiare Banca Etica","article_modified_time":"2024-02-21T11:05:48+00:00","og_image":[{"width":768,"height":300,"url":"https:\/\/www.fiarebancaetica.coop\/app\/uploads\/sites\/2\/2024\/01\/cover-477.jpg","type":"image\/png"}],"twitter_card":"summary_large_image","schema":{"@context":"https:\/\/schema.org","@graph":[{"@type":"WebPage","@id":"https:\/\/www.fiarebancaetica.coop\/eu\/evento\/fira-deconomia-solidaria-de-sant-cugat\/","url":"https:\/\/www.fiarebancaetica.coop\/eu\/evento\/fira-deconomia-solidaria-de-sant-cugat\/","name":"Fira d'Economia Solid\u00e0ria de Sant Cugat - Fiare Banca Etica","isPartOf":{"@id":"https:\/\/www.fiarebancaetica.coop\/eu\/#website"},"primaryImageOfPage":{"@id":"https:\/\/www.fiarebancaetica.coop\/eu\/evento\/fira-deconomia-solidaria-de-sant-cugat\/#primaryimage"},"image":{"@id":"https:\/\/www.fiarebancaetica.coop\/eu\/evento\/fira-deconomia-solidaria-de-sant-cugat\/#primaryimage"},"thumbnailUrl":"https:\/\/www.fiarebancaetica.coop\/app\/uploads\/sites\/2\/2024\/01\/cover-477.jpg","datePublished":"2016-09-15T12:28:22+00:00","dateModified":"2024-02-21T11:05:48+00:00","breadcrumb":{"@id":"https:\/\/www.fiarebancaetica.coop\/eu\/evento\/fira-deconomia-solidaria-de-sant-cugat\/#breadcrumb"},"inLanguage":"eu","potentialAction":[{"@type":"ReadAction","target":["https:\/\/www.fiarebancaetica.coop\/eu\/evento\/fira-deconomia-solidaria-de-sant-cugat\/"]}]},{"@type":"ImageObject","inLanguage":"eu","@id":"https:\/\/www.fiarebancaetica.coop\/eu\/evento\/fira-deconomia-solidaria-de-sant-cugat\/#primaryimage","url":"https:\/\/www.fiarebancaetica.coop\/app\/uploads\/sites\/2\/2024\/01\/cover-477.jpg","contentUrl":"https:\/\/www.fiarebancaetica.coop\/app\/uploads\/sites\/2\/2024\/01\/cover-477.jpg","width":768,"height":300},{"@type":"BreadcrumbList","@id":"https:\/\/www.fiarebancaetica.coop\/eu\/evento\/fira-deconomia-solidaria-de-sant-cugat\/#breadcrumb","itemListElement":[{"@type":"ListItem","position":1,"name":"Home","item":"https:\/\/www.fiarebancaetica.coop\/eu\/"},{"@type":"ListItem","position":2,"name":"Fira d&#8217;Economia Solid\u00e0ria de Sant Cugat"}]},{"@type":"WebSite","@id":"https:\/\/www.fiarebancaetica.coop\/eu\/#website","url":"https:\/\/www.fiarebancaetica.coop\/eu\/","name":"Fiare Banca Etica","description":"","potentialAction":[{"@type":"SearchAction","target":{"@type":"EntryPoint","urlTemplate":"https:\/\/www.fiarebancaetica.coop\/eu\/?s={search_term_string}"},"query-input":{"@type":"PropertyValueSpecification","valueRequired":true,"valueName":"search_term_string"}}],"inLanguage":"eu"}]}},"_links":{"self":[{"href":"https:\/\/www.fiarebancaetica.coop\/eu\/wp-json\/wp\/v2\/cbwpt_git_events\/350945","targetHints":{"allow":["GET"]}}],"collection":[{"href":"https:\/\/www.fiarebancaetica.coop\/eu\/wp-json\/wp\/v2\/cbwpt_git_events"}],"about":[{"href":"https:\/\/www.fiarebancaetica.coop\/eu\/wp-json\/wp\/v2\/types\/cbwpt_git_events"}],"author":[{"embeddable":true,"href":"https:\/\/www.fiarebancaetica.coop\/eu\/wp-json\/wp\/v2\/users\/1"}],"version-history":[{"count":1,"href":"https:\/\/www.fiarebancaetica.coop\/eu\/wp-json\/wp\/v2\/cbwpt_git_events\/350945\/revisions"}],"predecessor-version":[{"id":352482,"href":"https:\/\/www.fiarebancaetica.coop\/eu\/wp-json\/wp\/v2\/cbwpt_git_events\/350945\/revisions\/352482"}],"wp:featuredmedia":[{"embeddable":true,"href":"https:\/\/www.fiarebancaetica.coop\/eu\/wp-json\/wp\/v2\/media\/364023"}],"wp:attachment":[{"href":"https:\/\/www.fiarebancaetica.coop\/eu\/wp-json\/wp\/v2\/media?parent=350945"}],"wp:term":[{"taxonomy":"cbwpt_tags","embeddable":true,"href":"https:\/\/www.fiarebancaetica.coop\/eu\/wp-json\/wp\/v2\/git_tags?post=350945"},{"taxonomy":"author","embeddable":true,"href":"https:\/\/www.fiarebancaetica.coop\/eu\/wp-json\/wp\/v2\/coauthors?post=350945"}],"curies":[{"name":"wp","href":"https:\/\/api.w.org\/{rel}","templated":true}]}}

Fira d&#8217;Economia Solidària de Sant Cugat

<!-- This site is optimized with the Yoast SEO plugin v26.9 - https://yoast.com/product/yoast-seo-wordpress/ -->
<title>Fira d&#039;Economia Solidària de Sant Cugat - Fiare Banca Etica</title>
<meta name="robots" content="index, follow, max-snippet:-1, max-image-preview:large, max-video-preview:-1" />
<link rel="canonical" href="https://www.fiarebancaetica.coop/eu/evento/fira-deconomia-solidaria-de-sant-cugat/" />
<meta property="og:locale" content="eu_ES" />
<meta property="og:type" content="article" />
<meta property="og:title" content="Fira d&#039;Economia Solidària de Sant Cugat - Fiare Banca Etica" />
<meta property="og:description" content="Què és la fira? És l&#8217;espai de trobada dels diferents projectes, empreses, persones o entitats que aposten per l&#8217;economia social, sostenible i solidària a la nostra ciutat. Pretén ser útil per donar-nos a conèixer a la ciutat però també per a cohesionar i reforçar l&#8217;espai de l&#8217;economia social. Quan, on, com?  La Fira es realitzarà [&hellip;]" />
<meta property="og:url" content="https://www.fiarebancaetica.coop/eu/evento/fira-deconomia-solidaria-de-sant-cugat/" />
<meta property="og:site_name" content="Fiare Banca Etica" />
<meta property="article:modified_time" content="2024-02-21T11:05:48+00:00" />
<meta property="og:image" content="https://www.fiarebancaetica.coop/app/uploads/sites/2/2024/01/cover-477.jpg" />
	<meta property="og:image:width" content="768" />
	<meta property="og:image:height" content="300" />
	<meta property="og:image:type" content="image/png" />
<meta name="twitter:card" content="summary_large_image" />
<script type="application/ld+json" class="yoast-schema-graph">{"@context":"https://schema.org","@graph":[{"@type":"WebPage","@id":"https://www.fiarebancaetica.coop/eu/evento/fira-deconomia-solidaria-de-sant-cugat/","url":"https://www.fiarebancaetica.coop/eu/evento/fira-deconomia-solidaria-de-sant-cugat/","name":"Fira d'Economia Solidària de Sant Cugat - Fiare Banca Etica","isPartOf":{"@id":"https://www.fiarebancaetica.coop/eu/#website"},"primaryImageOfPage":{"@id":"https://www.fiarebancaetica.coop/eu/evento/fira-deconomia-solidaria-de-sant-cugat/#primaryimage"},"image":{"@id":"https://www.fiarebancaetica.coop/eu/evento/fira-deconomia-solidaria-de-sant-cugat/#primaryimage"},"thumbnailUrl":"https://www.fiarebancaetica.coop/app/uploads/sites/2/2024/01/cover-477.jpg","datePublished":"2016-09-15T12:28:22+00:00","dateModified":"2024-02-21T11:05:48+00:00","breadcrumb":{"@id":"https://www.fiarebancaetica.coop/eu/evento/fira-deconomia-solidaria-de-sant-cugat/#breadcrumb"},"inLanguage":"eu","potentialAction":[{"@type":"ReadAction","target":["https://www.fiarebancaetica.coop/eu/evento/fira-deconomia-solidaria-de-sant-cugat/"]}]},{"@type":"ImageObject","inLanguage":"eu","@id":"https://www.fiarebancaetica.coop/eu/evento/fira-deconomia-solidaria-de-sant-cugat/#primaryimage","url":"https://www.fiarebancaetica.coop/app/uploads/sites/2/2024/01/cover-477.jpg","contentUrl":"https://www.fiarebancaetica.coop/app/uploads/sites/2/2024/01/cover-477.jpg","width":768,"height":300},{"@type":"BreadcrumbList","@id":"https://www.fiarebancaetica.coop/eu/evento/fira-deconomia-solidaria-de-sant-cugat/#breadcrumb","itemListElement":[{"@type":"ListItem","position":1,"name":"Home","item":"https://www.fiarebancaetica.coop/eu/"},{"@type":"ListItem","position":2,"name":"Fira d&#8217;Economia Solidària de Sant Cugat"}]},{"@type":"WebSite","@id":"https://www.fiarebancaetica.coop/eu/#website","url":"https://www.fiarebancaetica.coop/eu/","name":"Fiare Banca Etica","description":"","potentialAction":[{"@type":"SearchAction","target":{"@type":"EntryPoint","urlTemplate":"https://www.fiarebancaetica.coop/eu/?s={search_term_string}"},"query-input":{"@type":"PropertyValueSpecification","valueRequired":true,"valueName":"search_term_string"}}],"inLanguage":"eu"}]}</script>
<!-- / Yoast SEO plugin. -->

Fira d'Economia Solidària de Sant Cugat - Fiare Banca Etica

Què és la fira? És l&#8217;espai de trobada dels diferents projectes, empreses, persones o entitats que aposten per l&#8217;economia social, sostenible i solidària a la nostra ciutat. Pretén ser útil per donar-nos a conèixer a la ciutat però també per a cohesionar i reforçar l&#8217;espai de l&#8217;economia social. Quan, on, com?  La Fira es realitzarà [&hellip;]
