{"id":351012,"date":"2016-05-23T18:06:45","date_gmt":"2016-05-23T16:06:45","guid":{"rendered":"https:\/\/www.fiarebancaetica.coop\/evento\/diada-del-medi-ambient-de-lassociacio-de-veins-santa-pagesa\/"},"modified":"2024-02-21T12:24:43","modified_gmt":"2024-02-21T11:24:43","slug":"diada-del-medi-ambient-de-lassociacio-de-veins-santa-pagesa","status":"publish","type":"cbwpt_git_events","link":"https:\/\/www.fiarebancaetica.coop\/eu\/evento\/diada-del-medi-ambient-de-lassociacio-de-veins-santa-pagesa\/","title":{"rendered":"Diada del Medi Ambient de l&#8217;Associaci\u00f3 de Ve\u00efns Santa Pagesa"},"author":1,"featured_media":0,"parent":0,"template":"","meta":{"_acf_changed":false},"git_tags":[11224],"coauthors":[2888,3598],"class_list":["post-351012","cbwpt_git_events","type-cbwpt_git_events","status-publish","hentry"],"acf":[],"yoast_head":"<!-- This site is optimized with the Yoast SEO plugin v26.9 - https:\/\/yoast.com\/product\/yoast-seo-wordpress\/ -->\n<title>Diada del Medi Ambient de l&#039;Associaci\u00f3 de Ve\u00efns Santa Pagesa - Fiare Banca Etica<\/title>\n<meta name=\"robots\" content=\"index, follow, max-snippet:-1, max-image-preview:large, max-video-preview:-1\" \/>\n<link rel=\"canonical\" href=\"https:\/\/www.fiarebancaetica.coop\/eu\/evento\/diada-del-medi-ambient-de-lassociacio-de-veins-santa-pagesa\/\" \/>\n<meta property=\"og:locale\" content=\"eu_ES\" \/>\n<meta property=\"og:type\" content=\"article\" \/>\n<meta property=\"og:title\" content=\"Diada del Medi Ambient de l&#039;Associaci\u00f3 de Ve\u00efns Santa Pagesa - Fiare Banca Etica\" \/>\n<meta property=\"og:description\" content=\"L&#8217;Associaci\u00f3 de Ve\u00efns Santa Pagesa torna a fer l&#8217;esfor\u00e7 d&#8217;organitzar la diada del Medi Ambient al carrer Blanquerna, enguany amb el suport de l&#8217;Ajuntament de Palma que la inclou en la seva Setmana del Medi Ambient. Enguany ens han convidat a participar i, \u00f2bviament, hi serem encantats amb una paradeta informativa en\u00a0qu\u00e8 tamb\u00e9 compartirem informaci\u00f3 [&hellip;]\" \/>\n<meta property=\"og:url\" content=\"https:\/\/www.fiarebancaetica.coop\/eu\/evento\/diada-del-medi-ambient-de-lassociacio-de-veins-santa-pagesa\/\" \/>\n<meta property=\"og:site_name\" content=\"Fiare Banca Etica\" \/>\n<meta property=\"article:modified_time\" content=\"2024-02-21T11:24:43+00:00\" \/>\n<meta name=\"twitter:card\" content=\"summary_large_image\" \/>\n<script type=\"application\/ld+json\" class=\"yoast-schema-graph\">{\"@context\":\"https:\/\/schema.org\",\"@graph\":[{\"@type\":\"WebPage\",\"@id\":\"https:\/\/www.fiarebancaetica.coop\/eu\/evento\/diada-del-medi-ambient-de-lassociacio-de-veins-santa-pagesa\/\",\"url\":\"https:\/\/www.fiarebancaetica.coop\/eu\/evento\/diada-del-medi-ambient-de-lassociacio-de-veins-santa-pagesa\/\",\"name\":\"Diada del Medi Ambient de l'Associaci\u00f3 de Ve\u00efns Santa Pagesa - Fiare Banca Etica\",\"isPartOf\":{\"@id\":\"https:\/\/www.fiarebancaetica.coop\/eu\/#website\"},\"datePublished\":\"2016-05-23T16:06:45+00:00\",\"dateModified\":\"2024-02-21T11:24:43+00:00\",\"breadcrumb\":{\"@id\":\"https:\/\/www.fiarebancaetica.coop\/eu\/evento\/diada-del-medi-ambient-de-lassociacio-de-veins-santa-pagesa\/#breadcrumb\"},\"inLanguage\":\"eu\",\"potentialAction\":[{\"@type\":\"ReadAction\",\"target\":[\"https:\/\/www.fiarebancaetica.coop\/eu\/evento\/diada-del-medi-ambient-de-lassociacio-de-veins-santa-pagesa\/\"]}]},{\"@type\":\"BreadcrumbList\",\"@id\":\"https:\/\/www.fiarebancaetica.coop\/eu\/evento\/diada-del-medi-ambient-de-lassociacio-de-veins-santa-pagesa\/#breadcrumb\",\"itemListElement\":[{\"@type\":\"ListItem\",\"position\":1,\"name\":\"Home\",\"item\":\"https:\/\/www.fiarebancaetica.coop\/eu\/\"},{\"@type\":\"ListItem\",\"position\":2,\"name\":\"Diada del Medi Ambient de l&#8217;Associaci\u00f3 de Ve\u00efns Santa Pagesa\"}]},{\"@type\":\"WebSite\",\"@id\":\"https:\/\/www.fiarebancaetica.coop\/eu\/#website\",\"url\":\"https:\/\/www.fiarebancaetica.coop\/eu\/\",\"name\":\"Fiare Banca Etica\",\"description\":\"\",\"potentialAction\":[{\"@type\":\"SearchAction\",\"target\":{\"@type\":\"EntryPoint\",\"urlTemplate\":\"https:\/\/www.fiarebancaetica.coop\/eu\/?s={search_term_string}\"},\"query-input\":{\"@type\":\"PropertyValueSpecification\",\"valueRequired\":true,\"valueName\":\"search_term_string\"}}],\"inLanguage\":\"eu\"}]}<\/script>\n<!-- \/ Yoast SEO plugin. -->","yoast_head_json":{"title":"Diada del Medi Ambient de l'Associaci\u00f3 de Ve\u00efns Santa Pagesa - Fiare Banca Etica","robots":{"index":"index","follow":"follow","max-snippet":"max-snippet:-1","max-image-preview":"max-image-preview:large","max-video-preview":"max-video-preview:-1"},"canonical":"https:\/\/www.fiarebancaetica.coop\/eu\/evento\/diada-del-medi-ambient-de-lassociacio-de-veins-santa-pagesa\/","og_locale":"eu_ES","og_type":"article","og_title":"Diada del Medi Ambient de l'Associaci\u00f3 de Ve\u00efns Santa Pagesa - Fiare Banca Etica","og_description":"L&#8217;Associaci\u00f3 de Ve\u00efns Santa Pagesa torna a fer l&#8217;esfor\u00e7 d&#8217;organitzar la diada del Medi Ambient al carrer Blanquerna, enguany amb el suport de l&#8217;Ajuntament de Palma que la inclou en la seva Setmana del Medi Ambient. Enguany ens han convidat a participar i, \u00f2bviament, hi serem encantats amb una paradeta informativa en\u00a0qu\u00e8 tamb\u00e9 compartirem informaci\u00f3 [&hellip;]","og_url":"https:\/\/www.fiarebancaetica.coop\/eu\/evento\/diada-del-medi-ambient-de-lassociacio-de-veins-santa-pagesa\/","og_site_name":"Fiare Banca Etica","article_modified_time":"2024-02-21T11:24:43+00:00","twitter_card":"summary_large_image","schema":{"@context":"https:\/\/schema.org","@graph":[{"@type":"WebPage","@id":"https:\/\/www.fiarebancaetica.coop\/eu\/evento\/diada-del-medi-ambient-de-lassociacio-de-veins-santa-pagesa\/","url":"https:\/\/www.fiarebancaetica.coop\/eu\/evento\/diada-del-medi-ambient-de-lassociacio-de-veins-santa-pagesa\/","name":"Diada del Medi Ambient de l'Associaci\u00f3 de Ve\u00efns Santa Pagesa - Fiare Banca Etica","isPartOf":{"@id":"https:\/\/www.fiarebancaetica.coop\/eu\/#website"},"datePublished":"2016-05-23T16:06:45+00:00","dateModified":"2024-02-21T11:24:43+00:00","breadcrumb":{"@id":"https:\/\/www.fiarebancaetica.coop\/eu\/evento\/diada-del-medi-ambient-de-lassociacio-de-veins-santa-pagesa\/#breadcrumb"},"inLanguage":"eu","potentialAction":[{"@type":"ReadAction","target":["https:\/\/www.fiarebancaetica.coop\/eu\/evento\/diada-del-medi-ambient-de-lassociacio-de-veins-santa-pagesa\/"]}]},{"@type":"BreadcrumbList","@id":"https:\/\/www.fiarebancaetica.coop\/eu\/evento\/diada-del-medi-ambient-de-lassociacio-de-veins-santa-pagesa\/#breadcrumb","itemListElement":[{"@type":"ListItem","position":1,"name":"Home","item":"https:\/\/www.fiarebancaetica.coop\/eu\/"},{"@type":"ListItem","position":2,"name":"Diada del Medi Ambient de l&#8217;Associaci\u00f3 de Ve\u00efns Santa Pagesa"}]},{"@type":"WebSite","@id":"https:\/\/www.fiarebancaetica.coop\/eu\/#website","url":"https:\/\/www.fiarebancaetica.coop\/eu\/","name":"Fiare Banca Etica","description":"","potentialAction":[{"@type":"SearchAction","target":{"@type":"EntryPoint","urlTemplate":"https:\/\/www.fiarebancaetica.coop\/eu\/?s={search_term_string}"},"query-input":{"@type":"PropertyValueSpecification","valueRequired":true,"valueName":"search_term_string"}}],"inLanguage":"eu"}]}},"_links":{"self":[{"href":"https:\/\/www.fiarebancaetica.coop\/eu\/wp-json\/wp\/v2\/cbwpt_git_events\/351012","targetHints":{"allow":["GET"]}}],"collection":[{"href":"https:\/\/www.fiarebancaetica.coop\/eu\/wp-json\/wp\/v2\/cbwpt_git_events"}],"about":[{"href":"https:\/\/www.fiarebancaetica.coop\/eu\/wp-json\/wp\/v2\/types\/cbwpt_git_events"}],"author":[{"embeddable":true,"href":"https:\/\/www.fiarebancaetica.coop\/eu\/wp-json\/wp\/v2\/users\/1"}],"version-history":[{"count":1,"href":"https:\/\/www.fiarebancaetica.coop\/eu\/wp-json\/wp\/v2\/cbwpt_git_events\/351012\/revisions"}],"predecessor-version":[{"id":351016,"href":"https:\/\/www.fiarebancaetica.coop\/eu\/wp-json\/wp\/v2\/cbwpt_git_events\/351012\/revisions\/351016"}],"wp:attachment":[{"href":"https:\/\/www.fiarebancaetica.coop\/eu\/wp-json\/wp\/v2\/media?parent=351012"}],"wp:term":[{"taxonomy":"cbwpt_tags","embeddable":true,"href":"https:\/\/www.fiarebancaetica.coop\/eu\/wp-json\/wp\/v2\/git_tags?post=351012"},{"taxonomy":"author","embeddable":true,"href":"https:\/\/www.fiarebancaetica.coop\/eu\/wp-json\/wp\/v2\/coauthors?post=351012"}],"curies":[{"name":"wp","href":"https:\/\/api.w.org\/{rel}","templated":true}]}}

Diada del Medi Ambient de l&#8217;Associació de Veïns Santa Pagesa

<!-- This site is optimized with the Yoast SEO plugin v26.9 - https://yoast.com/product/yoast-seo-wordpress/ -->
<title>Diada del Medi Ambient de l&#039;Associació de Veïns Santa Pagesa - Fiare Banca Etica</title>
<meta name="robots" content="index, follow, max-snippet:-1, max-image-preview:large, max-video-preview:-1" />
<link rel="canonical" href="https://www.fiarebancaetica.coop/eu/evento/diada-del-medi-ambient-de-lassociacio-de-veins-santa-pagesa/" />
<meta property="og:locale" content="eu_ES" />
<meta property="og:type" content="article" />
<meta property="og:title" content="Diada del Medi Ambient de l&#039;Associació de Veïns Santa Pagesa - Fiare Banca Etica" />
<meta property="og:description" content="L&#8217;Associació de Veïns Santa Pagesa torna a fer l&#8217;esforç d&#8217;organitzar la diada del Medi Ambient al carrer Blanquerna, enguany amb el suport de l&#8217;Ajuntament de Palma que la inclou en la seva Setmana del Medi Ambient. Enguany ens han convidat a participar i, òbviament, hi serem encantats amb una paradeta informativa en què també compartirem informació [&hellip;]" />
<meta property="og:url" content="https://www.fiarebancaetica.coop/eu/evento/diada-del-medi-ambient-de-lassociacio-de-veins-santa-pagesa/" />
<meta property="og:site_name" content="Fiare Banca Etica" />
<meta property="article:modified_time" content="2024-02-21T11:24:43+00:00" />
<meta name="twitter:card" content="summary_large_image" />
<script type="application/ld+json" class="yoast-schema-graph">{"@context":"https://schema.org","@graph":[{"@type":"WebPage","@id":"https://www.fiarebancaetica.coop/eu/evento/diada-del-medi-ambient-de-lassociacio-de-veins-santa-pagesa/","url":"https://www.fiarebancaetica.coop/eu/evento/diada-del-medi-ambient-de-lassociacio-de-veins-santa-pagesa/","name":"Diada del Medi Ambient de l'Associació de Veïns Santa Pagesa - Fiare Banca Etica","isPartOf":{"@id":"https://www.fiarebancaetica.coop/eu/#website"},"datePublished":"2016-05-23T16:06:45+00:00","dateModified":"2024-02-21T11:24:43+00:00","breadcrumb":{"@id":"https://www.fiarebancaetica.coop/eu/evento/diada-del-medi-ambient-de-lassociacio-de-veins-santa-pagesa/#breadcrumb"},"inLanguage":"eu","potentialAction":[{"@type":"ReadAction","target":["https://www.fiarebancaetica.coop/eu/evento/diada-del-medi-ambient-de-lassociacio-de-veins-santa-pagesa/"]}]},{"@type":"BreadcrumbList","@id":"https://www.fiarebancaetica.coop/eu/evento/diada-del-medi-ambient-de-lassociacio-de-veins-santa-pagesa/#breadcrumb","itemListElement":[{"@type":"ListItem","position":1,"name":"Home","item":"https://www.fiarebancaetica.coop/eu/"},{"@type":"ListItem","position":2,"name":"Diada del Medi Ambient de l&#8217;Associació de Veïns Santa Pagesa"}]},{"@type":"WebSite","@id":"https://www.fiarebancaetica.coop/eu/#website","url":"https://www.fiarebancaetica.coop/eu/","name":"Fiare Banca Etica","description":"","potentialAction":[{"@type":"SearchAction","target":{"@type":"EntryPoint","urlTemplate":"https://www.fiarebancaetica.coop/eu/?s={search_term_string}"},"query-input":{"@type":"PropertyValueSpecification","valueRequired":true,"valueName":"search_term_string"}}],"inLanguage":"eu"}]}</script>
<!-- / Yoast SEO plugin. -->

Diada del Medi Ambient de l'Associació de Veïns Santa Pagesa - Fiare Banca Etica

L&#8217;Associació de Veïns Santa Pagesa torna a fer l&#8217;esforç d&#8217;organitzar la diada del Medi Ambient al carrer Blanquerna, enguany amb el suport de l&#8217;Ajuntament de Palma que la inclou en la seva Setmana del Medi Ambient. Enguany ens han convidat a participar i, òbviament, hi serem encantats amb una paradeta informativa en què també compartirem informació [&hellip;]
