{"id":351029,"date":"2016-05-10T19:04:17","date_gmt":"2016-05-10T17:04:17","guid":{"rendered":"https:\/\/www.fiarebancaetica.coop\/evento\/primeres-jornades-de-finances-etiques-per-a-empreses-amb-valors\/"},"modified":"2024-02-21T12:24:52","modified_gmt":"2024-02-21T11:24:52","slug":"primeres-jornades-de-finances-etiques-per-a-empreses-amb-valors","status":"publish","type":"cbwpt_git_events","link":"https:\/\/www.fiarebancaetica.coop\/eu\/evento\/primeres-jornades-de-finances-etiques-per-a-empreses-amb-valors\/","title":{"rendered":"Primeres Jornades de Finances \u00c8tiques per a Empreses amb valors"},"author":1,"featured_media":363026,"parent":0,"template":"","meta":{"_acf_changed":false},"git_tags":[11230],"coauthors":[2888],"class_list":["post-351029","cbwpt_git_events","type-cbwpt_git_events","status-publish","has-post-thumbnail","hentry"],"acf":[],"yoast_head":"<!-- This site is optimized with the Yoast SEO plugin v26.9 - https:\/\/yoast.com\/product\/yoast-seo-wordpress\/ -->\n<title>Primeres Jornades de Finances \u00c8tiques per a Empreses amb valors - Fiare Banca Etica<\/title>\n<meta name=\"robots\" content=\"index, follow, max-snippet:-1, max-image-preview:large, max-video-preview:-1\" \/>\n<link rel=\"canonical\" href=\"https:\/\/www.fiarebancaetica.coop\/eu\/evento\/primeres-jornades-de-finances-etiques-per-a-empreses-amb-valors\/\" \/>\n<meta property=\"og:locale\" content=\"eu_ES\" \/>\n<meta property=\"og:type\" content=\"article\" \/>\n<meta property=\"og:title\" content=\"Primeres Jornades de Finances \u00c8tiques per a Empreses amb valors - Fiare Banca Etica\" \/>\n<meta property=\"og:description\" content=\"QU\u00c8\u00a0PODEN FER LES FINANCES \u00c8TIQUES PER LA TEUA EMPRESA\/ORGANITZACI\u00d3?\u00a0\u00a0 Dijous\u00a012 de maig\u00a0a les\u00a016 h.\u00a0en\u00a0Valencialab\u00a0\u00a0(Carrer del M\u00fasic Peydr\u00f3, 36) tens l&#8217;oportunitat de con\u00e9ixer qu\u00e8\u00a0alternatives existeixen en l&#8217;actualitat per gestionar les finances\u00a0de forma responsable. Inscriu-te Participen\u00a0Fiare Banca \u00c8tica, Triodos Banck, Caixa Popular, FEVECTA, REAS\u00a0Pa\u00eds Valenci\u00e0,\u00a0EBC, i D.Francisco \u00c1lvarez,\u00a0Direcci\u00f3\u00a0General d&#8217;Economia, Emprenedoria i Cooperativisme. Al finalitzar\u00a0networking\u00a0amb\u00a0un vi d&#8217;honor\u00a0 \u00a0Aquesta [&hellip;]\" \/>\n<meta property=\"og:url\" content=\"https:\/\/www.fiarebancaetica.coop\/eu\/evento\/primeres-jornades-de-finances-etiques-per-a-empreses-amb-valors\/\" \/>\n<meta property=\"og:site_name\" content=\"Fiare Banca Etica\" \/>\n<meta property=\"article:modified_time\" content=\"2024-02-21T11:24:52+00:00\" \/>\n<meta property=\"og:image\" content=\"https:\/\/www.fiarebancaetica.coop\/app\/uploads\/sites\/2\/2024\/01\/cover-278.jpg\" \/>\n\t<meta property=\"og:image:width\" content=\"1240\" \/>\n\t<meta property=\"og:image:height\" content=\"1730\" \/>\n\t<meta property=\"og:image:type\" content=\"image\/jpeg\" \/>\n<meta name=\"twitter:card\" content=\"summary_large_image\" \/>\n<script type=\"application\/ld+json\" class=\"yoast-schema-graph\">{\"@context\":\"https:\/\/schema.org\",\"@graph\":[{\"@type\":\"WebPage\",\"@id\":\"https:\/\/www.fiarebancaetica.coop\/eu\/evento\/primeres-jornades-de-finances-etiques-per-a-empreses-amb-valors\/\",\"url\":\"https:\/\/www.fiarebancaetica.coop\/eu\/evento\/primeres-jornades-de-finances-etiques-per-a-empreses-amb-valors\/\",\"name\":\"Primeres Jornades de Finances \u00c8tiques per a Empreses amb valors - Fiare Banca Etica\",\"isPartOf\":{\"@id\":\"https:\/\/www.fiarebancaetica.coop\/eu\/#website\"},\"primaryImageOfPage\":{\"@id\":\"https:\/\/www.fiarebancaetica.coop\/eu\/evento\/primeres-jornades-de-finances-etiques-per-a-empreses-amb-valors\/#primaryimage\"},\"image\":{\"@id\":\"https:\/\/www.fiarebancaetica.coop\/eu\/evento\/primeres-jornades-de-finances-etiques-per-a-empreses-amb-valors\/#primaryimage\"},\"thumbnailUrl\":\"https:\/\/www.fiarebancaetica.coop\/app\/uploads\/sites\/2\/2024\/01\/cover-278.jpg\",\"datePublished\":\"2016-05-10T17:04:17+00:00\",\"dateModified\":\"2024-02-21T11:24:52+00:00\",\"breadcrumb\":{\"@id\":\"https:\/\/www.fiarebancaetica.coop\/eu\/evento\/primeres-jornades-de-finances-etiques-per-a-empreses-amb-valors\/#breadcrumb\"},\"inLanguage\":\"eu\",\"potentialAction\":[{\"@type\":\"ReadAction\",\"target\":[\"https:\/\/www.fiarebancaetica.coop\/eu\/evento\/primeres-jornades-de-finances-etiques-per-a-empreses-amb-valors\/\"]}]},{\"@type\":\"ImageObject\",\"inLanguage\":\"eu\",\"@id\":\"https:\/\/www.fiarebancaetica.coop\/eu\/evento\/primeres-jornades-de-finances-etiques-per-a-empreses-amb-valors\/#primaryimage\",\"url\":\"https:\/\/www.fiarebancaetica.coop\/app\/uploads\/sites\/2\/2024\/01\/cover-278.jpg\",\"contentUrl\":\"https:\/\/www.fiarebancaetica.coop\/app\/uploads\/sites\/2\/2024\/01\/cover-278.jpg\",\"width\":1240,\"height\":1730},{\"@type\":\"BreadcrumbList\",\"@id\":\"https:\/\/www.fiarebancaetica.coop\/eu\/evento\/primeres-jornades-de-finances-etiques-per-a-empreses-amb-valors\/#breadcrumb\",\"itemListElement\":[{\"@type\":\"ListItem\",\"position\":1,\"name\":\"Home\",\"item\":\"https:\/\/www.fiarebancaetica.coop\/eu\/\"},{\"@type\":\"ListItem\",\"position\":2,\"name\":\"Primeres Jornades de Finances \u00c8tiques per a Empreses amb valors\"}]},{\"@type\":\"WebSite\",\"@id\":\"https:\/\/www.fiarebancaetica.coop\/eu\/#website\",\"url\":\"https:\/\/www.fiarebancaetica.coop\/eu\/\",\"name\":\"Fiare Banca Etica\",\"description\":\"\",\"potentialAction\":[{\"@type\":\"SearchAction\",\"target\":{\"@type\":\"EntryPoint\",\"urlTemplate\":\"https:\/\/www.fiarebancaetica.coop\/eu\/?s={search_term_string}\"},\"query-input\":{\"@type\":\"PropertyValueSpecification\",\"valueRequired\":true,\"valueName\":\"search_term_string\"}}],\"inLanguage\":\"eu\"}]}<\/script>\n<!-- \/ Yoast SEO plugin. -->","yoast_head_json":{"title":"Primeres Jornades de Finances \u00c8tiques per a Empreses amb valors - Fiare Banca Etica","robots":{"index":"index","follow":"follow","max-snippet":"max-snippet:-1","max-image-preview":"max-image-preview:large","max-video-preview":"max-video-preview:-1"},"canonical":"https:\/\/www.fiarebancaetica.coop\/eu\/evento\/primeres-jornades-de-finances-etiques-per-a-empreses-amb-valors\/","og_locale":"eu_ES","og_type":"article","og_title":"Primeres Jornades de Finances \u00c8tiques per a Empreses amb valors - Fiare Banca Etica","og_description":"QU\u00c8\u00a0PODEN FER LES FINANCES \u00c8TIQUES PER LA TEUA EMPRESA\/ORGANITZACI\u00d3?\u00a0\u00a0 Dijous\u00a012 de maig\u00a0a les\u00a016 h.\u00a0en\u00a0Valencialab\u00a0\u00a0(Carrer del M\u00fasic Peydr\u00f3, 36) tens l&#8217;oportunitat de con\u00e9ixer qu\u00e8\u00a0alternatives existeixen en l&#8217;actualitat per gestionar les finances\u00a0de forma responsable. Inscriu-te Participen\u00a0Fiare Banca \u00c8tica, Triodos Banck, Caixa Popular, FEVECTA, REAS\u00a0Pa\u00eds Valenci\u00e0,\u00a0EBC, i D.Francisco \u00c1lvarez,\u00a0Direcci\u00f3\u00a0General d&#8217;Economia, Emprenedoria i Cooperativisme. Al finalitzar\u00a0networking\u00a0amb\u00a0un vi d&#8217;honor\u00a0 \u00a0Aquesta [&hellip;]","og_url":"https:\/\/www.fiarebancaetica.coop\/eu\/evento\/primeres-jornades-de-finances-etiques-per-a-empreses-amb-valors\/","og_site_name":"Fiare Banca Etica","article_modified_time":"2024-02-21T11:24:52+00:00","og_image":[{"width":1240,"height":1730,"url":"https:\/\/www.fiarebancaetica.coop\/app\/uploads\/sites\/2\/2024\/01\/cover-278.jpg","type":"image\/jpeg"}],"twitter_card":"summary_large_image","schema":{"@context":"https:\/\/schema.org","@graph":[{"@type":"WebPage","@id":"https:\/\/www.fiarebancaetica.coop\/eu\/evento\/primeres-jornades-de-finances-etiques-per-a-empreses-amb-valors\/","url":"https:\/\/www.fiarebancaetica.coop\/eu\/evento\/primeres-jornades-de-finances-etiques-per-a-empreses-amb-valors\/","name":"Primeres Jornades de Finances \u00c8tiques per a Empreses amb valors - Fiare Banca Etica","isPartOf":{"@id":"https:\/\/www.fiarebancaetica.coop\/eu\/#website"},"primaryImageOfPage":{"@id":"https:\/\/www.fiarebancaetica.coop\/eu\/evento\/primeres-jornades-de-finances-etiques-per-a-empreses-amb-valors\/#primaryimage"},"image":{"@id":"https:\/\/www.fiarebancaetica.coop\/eu\/evento\/primeres-jornades-de-finances-etiques-per-a-empreses-amb-valors\/#primaryimage"},"thumbnailUrl":"https:\/\/www.fiarebancaetica.coop\/app\/uploads\/sites\/2\/2024\/01\/cover-278.jpg","datePublished":"2016-05-10T17:04:17+00:00","dateModified":"2024-02-21T11:24:52+00:00","breadcrumb":{"@id":"https:\/\/www.fiarebancaetica.coop\/eu\/evento\/primeres-jornades-de-finances-etiques-per-a-empreses-amb-valors\/#breadcrumb"},"inLanguage":"eu","potentialAction":[{"@type":"ReadAction","target":["https:\/\/www.fiarebancaetica.coop\/eu\/evento\/primeres-jornades-de-finances-etiques-per-a-empreses-amb-valors\/"]}]},{"@type":"ImageObject","inLanguage":"eu","@id":"https:\/\/www.fiarebancaetica.coop\/eu\/evento\/primeres-jornades-de-finances-etiques-per-a-empreses-amb-valors\/#primaryimage","url":"https:\/\/www.fiarebancaetica.coop\/app\/uploads\/sites\/2\/2024\/01\/cover-278.jpg","contentUrl":"https:\/\/www.fiarebancaetica.coop\/app\/uploads\/sites\/2\/2024\/01\/cover-278.jpg","width":1240,"height":1730},{"@type":"BreadcrumbList","@id":"https:\/\/www.fiarebancaetica.coop\/eu\/evento\/primeres-jornades-de-finances-etiques-per-a-empreses-amb-valors\/#breadcrumb","itemListElement":[{"@type":"ListItem","position":1,"name":"Home","item":"https:\/\/www.fiarebancaetica.coop\/eu\/"},{"@type":"ListItem","position":2,"name":"Primeres Jornades de Finances \u00c8tiques per a Empreses amb valors"}]},{"@type":"WebSite","@id":"https:\/\/www.fiarebancaetica.coop\/eu\/#website","url":"https:\/\/www.fiarebancaetica.coop\/eu\/","name":"Fiare Banca Etica","description":"","potentialAction":[{"@type":"SearchAction","target":{"@type":"EntryPoint","urlTemplate":"https:\/\/www.fiarebancaetica.coop\/eu\/?s={search_term_string}"},"query-input":{"@type":"PropertyValueSpecification","valueRequired":true,"valueName":"search_term_string"}}],"inLanguage":"eu"}]}},"_links":{"self":[{"href":"https:\/\/www.fiarebancaetica.coop\/eu\/wp-json\/wp\/v2\/cbwpt_git_events\/351029","targetHints":{"allow":["GET"]}}],"collection":[{"href":"https:\/\/www.fiarebancaetica.coop\/eu\/wp-json\/wp\/v2\/cbwpt_git_events"}],"about":[{"href":"https:\/\/www.fiarebancaetica.coop\/eu\/wp-json\/wp\/v2\/types\/cbwpt_git_events"}],"author":[{"embeddable":true,"href":"https:\/\/www.fiarebancaetica.coop\/eu\/wp-json\/wp\/v2\/users\/1"}],"version-history":[{"count":1,"href":"https:\/\/www.fiarebancaetica.coop\/eu\/wp-json\/wp\/v2\/cbwpt_git_events\/351029\/revisions"}],"predecessor-version":[{"id":352520,"href":"https:\/\/www.fiarebancaetica.coop\/eu\/wp-json\/wp\/v2\/cbwpt_git_events\/351029\/revisions\/352520"}],"wp:featuredmedia":[{"embeddable":true,"href":"https:\/\/www.fiarebancaetica.coop\/eu\/wp-json\/wp\/v2\/media\/363026"}],"wp:attachment":[{"href":"https:\/\/www.fiarebancaetica.coop\/eu\/wp-json\/wp\/v2\/media?parent=351029"}],"wp:term":[{"taxonomy":"cbwpt_tags","embeddable":true,"href":"https:\/\/www.fiarebancaetica.coop\/eu\/wp-json\/wp\/v2\/git_tags?post=351029"},{"taxonomy":"author","embeddable":true,"href":"https:\/\/www.fiarebancaetica.coop\/eu\/wp-json\/wp\/v2\/coauthors?post=351029"}],"curies":[{"name":"wp","href":"https:\/\/api.w.org\/{rel}","templated":true}]}}

Primeres Jornades de Finances Ètiques per a Empreses amb valors

<!-- This site is optimized with the Yoast SEO plugin v26.9 - https://yoast.com/product/yoast-seo-wordpress/ -->
<title>Primeres Jornades de Finances Ètiques per a Empreses amb valors - Fiare Banca Etica</title>
<meta name="robots" content="index, follow, max-snippet:-1, max-image-preview:large, max-video-preview:-1" />
<link rel="canonical" href="https://www.fiarebancaetica.coop/eu/evento/primeres-jornades-de-finances-etiques-per-a-empreses-amb-valors/" />
<meta property="og:locale" content="eu_ES" />
<meta property="og:type" content="article" />
<meta property="og:title" content="Primeres Jornades de Finances Ètiques per a Empreses amb valors - Fiare Banca Etica" />
<meta property="og:description" content="QUÈ PODEN FER LES FINANCES ÈTIQUES PER LA TEUA EMPRESA/ORGANITZACIÓ?   Dijous 12 de maig a les 16 h. en Valencialab  (Carrer del Músic Peydró, 36) tens l&#8217;oportunitat de conéixer què alternatives existeixen en l&#8217;actualitat per gestionar les finances de forma responsable. Inscriu-te Participen Fiare Banca Ètica, Triodos Banck, Caixa Popular, FEVECTA, REAS País Valencià, EBC, i D.Francisco Álvarez, Direcció General d&#8217;Economia, Emprenedoria i Cooperativisme. Al finalitzar networking amb un vi d&#8217;honor   Aquesta [&hellip;]" />
<meta property="og:url" content="https://www.fiarebancaetica.coop/eu/evento/primeres-jornades-de-finances-etiques-per-a-empreses-amb-valors/" />
<meta property="og:site_name" content="Fiare Banca Etica" />
<meta property="article:modified_time" content="2024-02-21T11:24:52+00:00" />
<meta property="og:image" content="https://www.fiarebancaetica.coop/app/uploads/sites/2/2024/01/cover-278.jpg" />
	<meta property="og:image:width" content="1240" />
	<meta property="og:image:height" content="1730" />
	<meta property="og:image:type" content="image/jpeg" />
<meta name="twitter:card" content="summary_large_image" />
<script type="application/ld+json" class="yoast-schema-graph">{"@context":"https://schema.org","@graph":[{"@type":"WebPage","@id":"https://www.fiarebancaetica.coop/eu/evento/primeres-jornades-de-finances-etiques-per-a-empreses-amb-valors/","url":"https://www.fiarebancaetica.coop/eu/evento/primeres-jornades-de-finances-etiques-per-a-empreses-amb-valors/","name":"Primeres Jornades de Finances Ètiques per a Empreses amb valors - Fiare Banca Etica","isPartOf":{"@id":"https://www.fiarebancaetica.coop/eu/#website"},"primaryImageOfPage":{"@id":"https://www.fiarebancaetica.coop/eu/evento/primeres-jornades-de-finances-etiques-per-a-empreses-amb-valors/#primaryimage"},"image":{"@id":"https://www.fiarebancaetica.coop/eu/evento/primeres-jornades-de-finances-etiques-per-a-empreses-amb-valors/#primaryimage"},"thumbnailUrl":"https://www.fiarebancaetica.coop/app/uploads/sites/2/2024/01/cover-278.jpg","datePublished":"2016-05-10T17:04:17+00:00","dateModified":"2024-02-21T11:24:52+00:00","breadcrumb":{"@id":"https://www.fiarebancaetica.coop/eu/evento/primeres-jornades-de-finances-etiques-per-a-empreses-amb-valors/#breadcrumb"},"inLanguage":"eu","potentialAction":[{"@type":"ReadAction","target":["https://www.fiarebancaetica.coop/eu/evento/primeres-jornades-de-finances-etiques-per-a-empreses-amb-valors/"]}]},{"@type":"ImageObject","inLanguage":"eu","@id":"https://www.fiarebancaetica.coop/eu/evento/primeres-jornades-de-finances-etiques-per-a-empreses-amb-valors/#primaryimage","url":"https://www.fiarebancaetica.coop/app/uploads/sites/2/2024/01/cover-278.jpg","contentUrl":"https://www.fiarebancaetica.coop/app/uploads/sites/2/2024/01/cover-278.jpg","width":1240,"height":1730},{"@type":"BreadcrumbList","@id":"https://www.fiarebancaetica.coop/eu/evento/primeres-jornades-de-finances-etiques-per-a-empreses-amb-valors/#breadcrumb","itemListElement":[{"@type":"ListItem","position":1,"name":"Home","item":"https://www.fiarebancaetica.coop/eu/"},{"@type":"ListItem","position":2,"name":"Primeres Jornades de Finances Ètiques per a Empreses amb valors"}]},{"@type":"WebSite","@id":"https://www.fiarebancaetica.coop/eu/#website","url":"https://www.fiarebancaetica.coop/eu/","name":"Fiare Banca Etica","description":"","potentialAction":[{"@type":"SearchAction","target":{"@type":"EntryPoint","urlTemplate":"https://www.fiarebancaetica.coop/eu/?s={search_term_string}"},"query-input":{"@type":"PropertyValueSpecification","valueRequired":true,"valueName":"search_term_string"}}],"inLanguage":"eu"}]}</script>
<!-- / Yoast SEO plugin. -->

Primeres Jornades de Finances Ètiques per a Empreses amb valors - Fiare Banca Etica

QUÈ PODEN FER LES FINANCES ÈTIQUES PER LA TEUA EMPRESA/ORGANITZACIÓ?   Dijous 12 de maig a les 16 h. en Valencialab  (Carrer del Músic Peydró, 36) tens l&#8217;oportunitat de conéixer què alternatives existeixen en l&#8217;actualitat per gestionar les finances de forma responsable. Inscriu-te Participen Fiare Banca Ètica, Triodos Banck, Caixa Popular, FEVECTA, REAS País Valencià, EBC, i D.Francisco Álvarez, Direcció General d&#8217;Economia, Emprenedoria i Cooperativisme. Al finalitzar networking amb un vi d&#8217;honor   Aquesta [&hellip;]
