{"id":351148,"date":"2016-02-13T13:27:44","date_gmt":"2016-02-13T12:27:44","guid":{"rendered":"https:\/\/www.fiarebancaetica.coop\/evento\/sabado-27-de-febrero-vi-encuentro-asamblea-de-fiare-extremadura\/"},"modified":"2024-02-21T12:36:58","modified_gmt":"2024-02-21T11:36:58","slug":"sabado-27-de-febrero-vi-encuentro-asamblea-de-fiare-extremadura","status":"publish","type":"cbwpt_git_events","link":"https:\/\/www.fiarebancaetica.coop\/eu\/evento\/sabado-27-de-febrero-vi-encuentro-asamblea-de-fiare-extremadura\/","title":{"rendered":"S\u00e1bado 27 de febrero. VI Encuentro-Asamblea de Fiare Extremadura"},"author":1,"featured_media":0,"parent":0,"template":"","meta":{"_acf_changed":false},"git_tags":[11229],"coauthors":[2888],"class_list":["post-351148","cbwpt_git_events","type-cbwpt_git_events","status-publish","hentry"],"acf":[],"yoast_head":"<!-- This site is optimized with the Yoast SEO plugin v26.9 - https:\/\/yoast.com\/product\/yoast-seo-wordpress\/ -->\n<title>S\u00e1bado 27 de febrero. VI Encuentro-Asamblea de Fiare Extremadura - Fiare Banca Etica<\/title>\n<meta name=\"robots\" content=\"index, follow, max-snippet:-1, max-image-preview:large, max-video-preview:-1\" \/>\n<link rel=\"canonical\" href=\"https:\/\/www.fiarebancaetica.coop\/eu\/evento\/sabado-27-de-febrero-vi-encuentro-asamblea-de-fiare-extremadura\/\" \/>\n<meta property=\"og:locale\" content=\"eu_ES\" \/>\n<meta property=\"og:type\" content=\"article\" \/>\n<meta property=\"og:title\" content=\"S\u00e1bado 27 de febrero. VI Encuentro-Asamblea de Fiare Extremadura - Fiare Banca Etica\" \/>\n<meta property=\"og:description\" content=\"El pr\u00f3ximo s\u00e1bado, 27 de febrero participamos en la \u00a0VI Encuentro-Asamblea Fiare Extremadura, que tendr\u00e1 lugar a las 18,00 h. en la Residencia Universitaria \u201cHern\u00e1n Cort\u00e9s\u201d, Avda. \u00a0Antonio Masa Campos 26, de Badajoz.\u00a0 El a\u00f1o 2015, ha sido clave para FIARE Banca \u00c9tica. Desde octubre del 2014 FIARE Banca \u00c9tica opera como banco en el [&hellip;]\" \/>\n<meta property=\"og:url\" content=\"https:\/\/www.fiarebancaetica.coop\/eu\/evento\/sabado-27-de-febrero-vi-encuentro-asamblea-de-fiare-extremadura\/\" \/>\n<meta property=\"og:site_name\" content=\"Fiare Banca Etica\" \/>\n<meta property=\"article:modified_time\" content=\"2024-02-21T11:36:58+00:00\" \/>\n<meta name=\"twitter:card\" content=\"summary_large_image\" \/>\n<script type=\"application\/ld+json\" class=\"yoast-schema-graph\">{\"@context\":\"https:\/\/schema.org\",\"@graph\":[{\"@type\":\"WebPage\",\"@id\":\"https:\/\/www.fiarebancaetica.coop\/eu\/evento\/sabado-27-de-febrero-vi-encuentro-asamblea-de-fiare-extremadura\/\",\"url\":\"https:\/\/www.fiarebancaetica.coop\/eu\/evento\/sabado-27-de-febrero-vi-encuentro-asamblea-de-fiare-extremadura\/\",\"name\":\"S\u00e1bado 27 de febrero. VI Encuentro-Asamblea de Fiare Extremadura - Fiare Banca Etica\",\"isPartOf\":{\"@id\":\"https:\/\/www.fiarebancaetica.coop\/eu\/#website\"},\"datePublished\":\"2016-02-13T12:27:44+00:00\",\"dateModified\":\"2024-02-21T11:36:58+00:00\",\"breadcrumb\":{\"@id\":\"https:\/\/www.fiarebancaetica.coop\/eu\/evento\/sabado-27-de-febrero-vi-encuentro-asamblea-de-fiare-extremadura\/#breadcrumb\"},\"inLanguage\":\"eu\",\"potentialAction\":[{\"@type\":\"ReadAction\",\"target\":[\"https:\/\/www.fiarebancaetica.coop\/eu\/evento\/sabado-27-de-febrero-vi-encuentro-asamblea-de-fiare-extremadura\/\"]}]},{\"@type\":\"BreadcrumbList\",\"@id\":\"https:\/\/www.fiarebancaetica.coop\/eu\/evento\/sabado-27-de-febrero-vi-encuentro-asamblea-de-fiare-extremadura\/#breadcrumb\",\"itemListElement\":[{\"@type\":\"ListItem\",\"position\":1,\"name\":\"Home\",\"item\":\"https:\/\/www.fiarebancaetica.coop\/eu\/\"},{\"@type\":\"ListItem\",\"position\":2,\"name\":\"S\u00e1bado 27 de febrero. VI Encuentro-Asamblea de Fiare Extremadura\"}]},{\"@type\":\"WebSite\",\"@id\":\"https:\/\/www.fiarebancaetica.coop\/eu\/#website\",\"url\":\"https:\/\/www.fiarebancaetica.coop\/eu\/\",\"name\":\"Fiare Banca Etica\",\"description\":\"\",\"potentialAction\":[{\"@type\":\"SearchAction\",\"target\":{\"@type\":\"EntryPoint\",\"urlTemplate\":\"https:\/\/www.fiarebancaetica.coop\/eu\/?s={search_term_string}\"},\"query-input\":{\"@type\":\"PropertyValueSpecification\",\"valueRequired\":true,\"valueName\":\"search_term_string\"}}],\"inLanguage\":\"eu\"}]}<\/script>\n<!-- \/ Yoast SEO plugin. -->","yoast_head_json":{"title":"S\u00e1bado 27 de febrero. VI Encuentro-Asamblea de Fiare Extremadura - Fiare Banca Etica","robots":{"index":"index","follow":"follow","max-snippet":"max-snippet:-1","max-image-preview":"max-image-preview:large","max-video-preview":"max-video-preview:-1"},"canonical":"https:\/\/www.fiarebancaetica.coop\/eu\/evento\/sabado-27-de-febrero-vi-encuentro-asamblea-de-fiare-extremadura\/","og_locale":"eu_ES","og_type":"article","og_title":"S\u00e1bado 27 de febrero. VI Encuentro-Asamblea de Fiare Extremadura - Fiare Banca Etica","og_description":"El pr\u00f3ximo s\u00e1bado, 27 de febrero participamos en la \u00a0VI Encuentro-Asamblea Fiare Extremadura, que tendr\u00e1 lugar a las 18,00 h. en la Residencia Universitaria \u201cHern\u00e1n Cort\u00e9s\u201d, Avda. \u00a0Antonio Masa Campos 26, de Badajoz.\u00a0 El a\u00f1o 2015, ha sido clave para FIARE Banca \u00c9tica. Desde octubre del 2014 FIARE Banca \u00c9tica opera como banco en el [&hellip;]","og_url":"https:\/\/www.fiarebancaetica.coop\/eu\/evento\/sabado-27-de-febrero-vi-encuentro-asamblea-de-fiare-extremadura\/","og_site_name":"Fiare Banca Etica","article_modified_time":"2024-02-21T11:36:58+00:00","twitter_card":"summary_large_image","schema":{"@context":"https:\/\/schema.org","@graph":[{"@type":"WebPage","@id":"https:\/\/www.fiarebancaetica.coop\/eu\/evento\/sabado-27-de-febrero-vi-encuentro-asamblea-de-fiare-extremadura\/","url":"https:\/\/www.fiarebancaetica.coop\/eu\/evento\/sabado-27-de-febrero-vi-encuentro-asamblea-de-fiare-extremadura\/","name":"S\u00e1bado 27 de febrero. VI Encuentro-Asamblea de Fiare Extremadura - Fiare Banca Etica","isPartOf":{"@id":"https:\/\/www.fiarebancaetica.coop\/eu\/#website"},"datePublished":"2016-02-13T12:27:44+00:00","dateModified":"2024-02-21T11:36:58+00:00","breadcrumb":{"@id":"https:\/\/www.fiarebancaetica.coop\/eu\/evento\/sabado-27-de-febrero-vi-encuentro-asamblea-de-fiare-extremadura\/#breadcrumb"},"inLanguage":"eu","potentialAction":[{"@type":"ReadAction","target":["https:\/\/www.fiarebancaetica.coop\/eu\/evento\/sabado-27-de-febrero-vi-encuentro-asamblea-de-fiare-extremadura\/"]}]},{"@type":"BreadcrumbList","@id":"https:\/\/www.fiarebancaetica.coop\/eu\/evento\/sabado-27-de-febrero-vi-encuentro-asamblea-de-fiare-extremadura\/#breadcrumb","itemListElement":[{"@type":"ListItem","position":1,"name":"Home","item":"https:\/\/www.fiarebancaetica.coop\/eu\/"},{"@type":"ListItem","position":2,"name":"S\u00e1bado 27 de febrero. VI Encuentro-Asamblea de Fiare Extremadura"}]},{"@type":"WebSite","@id":"https:\/\/www.fiarebancaetica.coop\/eu\/#website","url":"https:\/\/www.fiarebancaetica.coop\/eu\/","name":"Fiare Banca Etica","description":"","potentialAction":[{"@type":"SearchAction","target":{"@type":"EntryPoint","urlTemplate":"https:\/\/www.fiarebancaetica.coop\/eu\/?s={search_term_string}"},"query-input":{"@type":"PropertyValueSpecification","valueRequired":true,"valueName":"search_term_string"}}],"inLanguage":"eu"}]}},"_links":{"self":[{"href":"https:\/\/www.fiarebancaetica.coop\/eu\/wp-json\/wp\/v2\/cbwpt_git_events\/351148","targetHints":{"allow":["GET"]}}],"collection":[{"href":"https:\/\/www.fiarebancaetica.coop\/eu\/wp-json\/wp\/v2\/cbwpt_git_events"}],"about":[{"href":"https:\/\/www.fiarebancaetica.coop\/eu\/wp-json\/wp\/v2\/types\/cbwpt_git_events"}],"author":[{"embeddable":true,"href":"https:\/\/www.fiarebancaetica.coop\/eu\/wp-json\/wp\/v2\/users\/1"}],"version-history":[{"count":1,"href":"https:\/\/www.fiarebancaetica.coop\/eu\/wp-json\/wp\/v2\/cbwpt_git_events\/351148\/revisions"}],"predecessor-version":[{"id":351152,"href":"https:\/\/www.fiarebancaetica.coop\/eu\/wp-json\/wp\/v2\/cbwpt_git_events\/351148\/revisions\/351152"}],"wp:attachment":[{"href":"https:\/\/www.fiarebancaetica.coop\/eu\/wp-json\/wp\/v2\/media?parent=351148"}],"wp:term":[{"taxonomy":"cbwpt_tags","embeddable":true,"href":"https:\/\/www.fiarebancaetica.coop\/eu\/wp-json\/wp\/v2\/git_tags?post=351148"},{"taxonomy":"author","embeddable":true,"href":"https:\/\/www.fiarebancaetica.coop\/eu\/wp-json\/wp\/v2\/coauthors?post=351148"}],"curies":[{"name":"wp","href":"https:\/\/api.w.org\/{rel}","templated":true}]}}

Sábado 27 de febrero. VI Encuentro-Asamblea de Fiare Extremadura

<!-- This site is optimized with the Yoast SEO plugin v26.9 - https://yoast.com/product/yoast-seo-wordpress/ -->
<title>Sábado 27 de febrero. VI Encuentro-Asamblea de Fiare Extremadura - Fiare Banca Etica</title>
<meta name="robots" content="index, follow, max-snippet:-1, max-image-preview:large, max-video-preview:-1" />
<link rel="canonical" href="https://www.fiarebancaetica.coop/eu/evento/sabado-27-de-febrero-vi-encuentro-asamblea-de-fiare-extremadura/" />
<meta property="og:locale" content="eu_ES" />
<meta property="og:type" content="article" />
<meta property="og:title" content="Sábado 27 de febrero. VI Encuentro-Asamblea de Fiare Extremadura - Fiare Banca Etica" />
<meta property="og:description" content="El próximo sábado, 27 de febrero participamos en la  VI Encuentro-Asamblea Fiare Extremadura, que tendrá lugar a las 18,00 h. en la Residencia Universitaria “Hernán Cortés”, Avda.  Antonio Masa Campos 26, de Badajoz.  El año 2015, ha sido clave para FIARE Banca Ética. Desde octubre del 2014 FIARE Banca Ética opera como banco en el [&hellip;]" />
<meta property="og:url" content="https://www.fiarebancaetica.coop/eu/evento/sabado-27-de-febrero-vi-encuentro-asamblea-de-fiare-extremadura/" />
<meta property="og:site_name" content="Fiare Banca Etica" />
<meta property="article:modified_time" content="2024-02-21T11:36:58+00:00" />
<meta name="twitter:card" content="summary_large_image" />
<script type="application/ld+json" class="yoast-schema-graph">{"@context":"https://schema.org","@graph":[{"@type":"WebPage","@id":"https://www.fiarebancaetica.coop/eu/evento/sabado-27-de-febrero-vi-encuentro-asamblea-de-fiare-extremadura/","url":"https://www.fiarebancaetica.coop/eu/evento/sabado-27-de-febrero-vi-encuentro-asamblea-de-fiare-extremadura/","name":"Sábado 27 de febrero. VI Encuentro-Asamblea de Fiare Extremadura - Fiare Banca Etica","isPartOf":{"@id":"https://www.fiarebancaetica.coop/eu/#website"},"datePublished":"2016-02-13T12:27:44+00:00","dateModified":"2024-02-21T11:36:58+00:00","breadcrumb":{"@id":"https://www.fiarebancaetica.coop/eu/evento/sabado-27-de-febrero-vi-encuentro-asamblea-de-fiare-extremadura/#breadcrumb"},"inLanguage":"eu","potentialAction":[{"@type":"ReadAction","target":["https://www.fiarebancaetica.coop/eu/evento/sabado-27-de-febrero-vi-encuentro-asamblea-de-fiare-extremadura/"]}]},{"@type":"BreadcrumbList","@id":"https://www.fiarebancaetica.coop/eu/evento/sabado-27-de-febrero-vi-encuentro-asamblea-de-fiare-extremadura/#breadcrumb","itemListElement":[{"@type":"ListItem","position":1,"name":"Home","item":"https://www.fiarebancaetica.coop/eu/"},{"@type":"ListItem","position":2,"name":"Sábado 27 de febrero. VI Encuentro-Asamblea de Fiare Extremadura"}]},{"@type":"WebSite","@id":"https://www.fiarebancaetica.coop/eu/#website","url":"https://www.fiarebancaetica.coop/eu/","name":"Fiare Banca Etica","description":"","potentialAction":[{"@type":"SearchAction","target":{"@type":"EntryPoint","urlTemplate":"https://www.fiarebancaetica.coop/eu/?s={search_term_string}"},"query-input":{"@type":"PropertyValueSpecification","valueRequired":true,"valueName":"search_term_string"}}],"inLanguage":"eu"}]}</script>
<!-- / Yoast SEO plugin. -->

Sábado 27 de febrero. VI Encuentro-Asamblea de Fiare Extremadura - Fiare Banca Etica

El próximo sábado, 27 de febrero participamos en la  VI Encuentro-Asamblea Fiare Extremadura, que tendrá lugar a las 18,00 h. en la Residencia Universitaria “Hernán Cortés”, Avda.  Antonio Masa Campos 26, de Badajoz.  El año 2015, ha sido clave para FIARE Banca Ética. Desde octubre del 2014 FIARE Banca Ética opera como banco en el [&hellip;]
