{"version":"1.0","provider_name":"Fiare Banca Etica","provider_url":"https:\/\/www.fiarebancaetica.coop\/gl\/","author_name":"crispyadmin0","author_url":"https:\/\/www.fiarebancaetica.coop\/gl\/author\/crispyadmin0\/","title":"Medio siglo trabajando por la integraci\u00f3n - Fiare Banca Etica","type":"rich","width":600,"height":338,"html":"<blockquote class=\"wp-embedded-content\" data-secret=\"rktlRMPbNU\"><a href=\"https:\/\/www.fiarebancaetica.coop\/gl\/medio-siglo-trabajando-por-la-integracion\/\">Medio siglo trabajando por la integraci\u00f3n<\/a><\/blockquote><iframe sandbox=\"allow-scripts\" security=\"restricted\" src=\"https:\/\/www.fiarebancaetica.coop\/gl\/medio-siglo-trabajando-por-la-integracion\/embed\/#?secret=rktlRMPbNU\" width=\"600\" height=\"338\" title=\"&#8220;Medio siglo trabajando por la integraci\u00f3n&#8221; &#8212; Fiare Banca Etica\" data-secret=\"rktlRMPbNU\" frameborder=\"0\" marginwidth=\"0\" marginheight=\"0\" scrolling=\"no\" class=\"wp-embedded-content\"><\/iframe><script type=\"text\/javascript\">\n\/* <![CDATA[ *\/\n\/*! This file is auto-generated *\/\n!function(d,l){\"use strict\";l.querySelector&&d.addEventListener&&\"undefined\"!=typeof URL&&(d.wp=d.wp||{},d.wp.receiveEmbedMessage||(d.wp.receiveEmbedMessage=function(e){var t=e.data;if((t||t.secret||t.message||t.value)&&!\/[^a-zA-Z0-9]\/.test(t.secret)){for(var s,r,n,a=l.querySelectorAll('iframe[data-secret=\"'+t.secret+'\"]'),o=l.querySelectorAll('blockquote[data-secret=\"'+t.secret+'\"]'),c=new RegExp(\"^https?:$\",\"i\"),i=0;i<o.length;i++)o[i].style.display=\"none\";for(i=0;i<a.length;i++)s=a[i],e.source===s.contentWindow&&(s.removeAttribute(\"style\"),\"height\"===t.message?(1e3<(r=parseInt(t.value,10))?r=1e3:~~r<200&&(r=200),s.height=r):\"link\"===t.message&&(r=new URL(s.getAttribute(\"src\")),n=new URL(t.value),c.test(n.protocol))&&n.host===r.host&&l.activeElement===s&&(d.top.location.href=t.value))}},d.addEventListener(\"message\",d.wp.receiveEmbedMessage,!1),l.addEventListener(\"DOMContentLoaded\",function(){for(var e,t,s=l.querySelectorAll(\"iframe.wp-embedded-content\"),r=0;r<s.length;r++)(t=(e=s[r]).getAttribute(\"data-secret\"))||(t=Math.random().toString(36).substring(2,12),e.src+=\"#?secret=\"+t,e.setAttribute(\"data-secret\",t)),e.contentWindow.postMessage({message:\"ready\",secret:t},\"*\")},!1)))}(window,document);\n\/\/# sourceURL=https:\/\/www.fiarebancaetica.coop\/wp\/wp-includes\/js\/wp-embed.min.js\n\/* ]]> *\/\n<\/script>\n","thumbnail_url":"https:\/\/www.fiarebancaetica.coop\/app\/uploads\/sites\/2\/2023\/12\/medio-siglo-trabajando-por-integracion.jpg","thumbnail_width":540,"thumbnail_height":250,"description":"Los or\u00edgenes del grupo TEB se remontan al a\u00f1o 1965, cuando algunas familias se juntaron para iniciar un taller escuela que sirviese para reivindicar los derechos de las personas con discapacidad intelectual. Tres a\u00f1os despu\u00e9s el ayuntamiento de Barcelona les cedi\u00f3 un local, donde hoy hay uno de los centros ocupacionales de TEB. Desde los a\u00f1os sesenta la situaci\u00f3n ha cambado mucho, se han ampliado los servicios que ofrecen y han ido construyendo una red de centros especiales de trabajo, centros ocupacionales, servicios de vivienda especializada, servicios de inserci\u00f3n laboral, fundaci\u00f3n tutelar, clubes deportivos, etc. Aunque los principios y los valores son los mismos, trabajar para conseguir una vida inclusiva, socialmente y laboralmente, para las personas con discapacidad intelectual, facilitarles el mayor grado de autonom\u00eda, de satisfacci\u00f3n personal y de calidad de vida, as\u00ed como dar apoyo a las familias. Actualmente, 8 cooperativas, sin \u00e1nimo de lucro, forman parte del grupo TEB: TEB Barcelona, TEB Vall\u00e9s, TEB Habitatge, TEB Verd, TEB Solucions, TEB Bellvitge, TEB Gesti\u00f3 y el Taller Escuela de Barcelona. &nbsp;"}

Medio siglo trabajando por la integración - Fiare Banca Etica

<blockquote class="wp-embedded-content" data-secret="rktlRMPbNU"><a href="https://www.fiarebancaetica.coop/gl/medio-siglo-trabajando-por-la-integracion/">Medio siglo trabajando por la integración</a></blockquote><iframe sandbox="allow-scripts" security="restricted" src="https://www.fiarebancaetica.coop/gl/medio-siglo-trabajando-por-la-integracion/embed/#?secret=rktlRMPbNU" width="600" height="338" title="&#8220;Medio siglo trabajando por la integración&#8221; &#8212; Fiare Banca Etica" data-secret="rktlRMPbNU" frameborder="0" marginwidth="0" marginheight="0" scrolling="no" class="wp-embedded-content"></iframe><script type="text/javascript">
/* <![CDATA[ */
/*! This file is auto-generated */
!function(d,l){"use strict";l.querySelector&&d.addEventListener&&"undefined"!=typeof URL&&(d.wp=d.wp||{},d.wp.receiveEmbedMessage||(d.wp.receiveEmbedMessage=function(e){var t=e.data;if((t||t.secret||t.message||t.value)&&!/[^a-zA-Z0-9]/.test(t.secret)){for(var s,r,n,a=l.querySelectorAll('iframe[data-secret="'+t.secret+'"]'),o=l.querySelectorAll('blockquote[data-secret="'+t.secret+'"]'),c=new RegExp("^https?:$","i"),i=0;i<o.length;i++)o[i].style.display="none";for(i=0;i<a.length;i++)s=a[i],e.source===s.contentWindow&&(s.removeAttribute("style"),"height"===t.message?(1e3<(r=parseInt(t.value,10))?r=1e3:~~r<200&&(r=200),s.height=r):"link"===t.message&&(r=new URL(s.getAttribute("src")),n=new URL(t.value),c.test(n.protocol))&&n.host===r.host&&l.activeElement===s&&(d.top.location.href=t.value))}},d.addEventListener("message",d.wp.receiveEmbedMessage,!1),l.addEventListener("DOMContentLoaded",function(){for(var e,t,s=l.querySelectorAll("iframe.wp-embedded-content"),r=0;r<s.length;r++)(t=(e=s[r]).getAttribute("data-secret"))||(t=Math.random().toString(36).substring(2,12),e.src+="#?secret="+t,e.setAttribute("data-secret",t)),e.contentWindow.postMessage({message:"ready",secret:t},"*")},!1)))}(window,document);
//# sourceURL=https://www.fiarebancaetica.coop/wp/wp-includes/js/wp-embed.min.js
/* ]]> */
</script>

Los orígenes del grupo TEB se remontan al año 1965, cuando algunas familias se juntaron para iniciar un taller escuela que sirviese para reivindicar los derechos de las personas con discapacidad intelectual. Tres años después el ayuntamiento de Barcelona les cedió un local, donde hoy hay uno de los centros ocupacionales de TEB. Desde los años sesenta la situación ha cambado mucho, se han ampliado los servicios que ofrecen y han ido construyendo una red de centros especiales de trabajo, centros ocupacionales, servicios de vivienda especializada, servicios de inserción laboral, fundación tutelar, clubes deportivos, etc. Aunque los principios y los valores son los mismos, trabajar para conseguir una vida inclusiva, socialmente y laboralmente, para las personas con discapacidad intelectual, facilitarles el mayor grado de autonomía, de satisfacción personal y de calidad de vida, así como dar apoyo a las familias. Actualmente, 8 cooperativas, sin ánimo de lucro, forman parte del grupo TEB: TEB Barcelona, TEB Vallés, TEB Habitatge, TEB Verd, TEB Solucions, TEB Bellvitge, TEB Gestió y el Taller Escuela de Barcelona. &nbsp;
