{"id":349883,"date":"2021-06-14T22:02:37","date_gmt":"2021-06-14T20:02:37","guid":{"rendered":"https:\/\/www.fiarebancaetica.coop\/evento\/taula-rodona-a-ripollet-sobre-finances-etiques-amb-participacio-de-fiare\/"},"modified":"2024-02-21T10:34:14","modified_gmt":"2024-02-21T09:34:14","slug":"taula-rodona-a-ripollet-sobre-finances-etiques-amb-participacio-de-fiare","status":"publish","type":"cbwpt_git_events","link":"https:\/\/www.fiarebancaetica.coop\/gl\/evento\/taula-rodona-a-ripollet-sobre-finances-etiques-amb-participacio-de-fiare\/","title":{"rendered":"Taula rodona a Ripollet sobre finances \u00e8tiques amb participaci\u00f3 de Fiare"},"author":1,"featured_media":363303,"parent":0,"template":"","meta":{"_acf_changed":false},"git_tags":[11219],"coauthors":[2888],"class_list":["post-349883","cbwpt_git_events","type-cbwpt_git_events","status-publish","has-post-thumbnail","hentry"],"acf":[],"yoast_head":"<!-- This site is optimized with the Yoast SEO plugin v26.9 - https:\/\/yoast.com\/product\/yoast-seo-wordpress\/ -->\n<title>Taula rodona a Ripollet sobre finances \u00e8tiques amb participaci\u00f3 de Fiare - Fiare Banca Etica<\/title>\n<meta name=\"robots\" content=\"index, follow, max-snippet:-1, max-image-preview:large, max-video-preview:-1\" \/>\n<link rel=\"canonical\" href=\"https:\/\/www.fiarebancaetica.coop\/gl\/evento\/taula-rodona-a-ripollet-sobre-finances-etiques-amb-participacio-de-fiare\/\" \/>\n<meta property=\"og:locale\" content=\"gl_ES\" \/>\n<meta property=\"og:type\" content=\"article\" \/>\n<meta property=\"og:title\" content=\"Taula rodona a Ripollet sobre finances \u00e8tiques amb participaci\u00f3 de Fiare - Fiare Banca Etica\" \/>\n<meta property=\"og:description\" content=\"En el marc de la Jornada per l\u2019economia social i solid\u00e0ria que s\u2019organitza a Ripollet el proper dissabte 19 de juny, tindr\u00e0 lloc una taula rodona sobre \u201cEl m\u00f3n de les finances \u00e8tiques\u201d amb la participaci\u00f3 de socis de Fiare de la Catalunya Transversal. Hi seran presents tamb\u00e9 Coop57 i Ar\u00e7 Cooperativa. L\u2019organitzaci\u00f3 FETS moderar\u00e0 [&hellip;]\" \/>\n<meta property=\"og:url\" content=\"https:\/\/www.fiarebancaetica.coop\/gl\/evento\/taula-rodona-a-ripollet-sobre-finances-etiques-amb-participacio-de-fiare\/\" \/>\n<meta property=\"og:site_name\" content=\"Fiare Banca Etica\" \/>\n<meta property=\"article:modified_time\" content=\"2024-02-21T09:34:14+00:00\" \/>\n<meta property=\"og:image\" content=\"https:\/\/www.fiarebancaetica.coop\/app\/uploads\/sites\/2\/2024\/01\/cover-333-scaled.jpg\" \/>\n\t<meta property=\"og:image:width\" content=\"2560\" \/>\n\t<meta property=\"og:image:height\" content=\"2560\" \/>\n\t<meta property=\"og:image:type\" content=\"image\/jpeg\" \/>\n<meta name=\"twitter:card\" content=\"summary_large_image\" \/>\n<script type=\"application\/ld+json\" class=\"yoast-schema-graph\">{\"@context\":\"https:\/\/schema.org\",\"@graph\":[{\"@type\":\"WebPage\",\"@id\":\"https:\/\/www.fiarebancaetica.coop\/gl\/evento\/taula-rodona-a-ripollet-sobre-finances-etiques-amb-participacio-de-fiare\/\",\"url\":\"https:\/\/www.fiarebancaetica.coop\/gl\/evento\/taula-rodona-a-ripollet-sobre-finances-etiques-amb-participacio-de-fiare\/\",\"name\":\"Taula rodona a Ripollet sobre finances \u00e8tiques amb participaci\u00f3 de Fiare - Fiare Banca Etica\",\"isPartOf\":{\"@id\":\"https:\/\/www.fiarebancaetica.coop\/gl\/#website\"},\"primaryImageOfPage\":{\"@id\":\"https:\/\/www.fiarebancaetica.coop\/gl\/evento\/taula-rodona-a-ripollet-sobre-finances-etiques-amb-participacio-de-fiare\/#primaryimage\"},\"image\":{\"@id\":\"https:\/\/www.fiarebancaetica.coop\/gl\/evento\/taula-rodona-a-ripollet-sobre-finances-etiques-amb-participacio-de-fiare\/#primaryimage\"},\"thumbnailUrl\":\"https:\/\/www.fiarebancaetica.coop\/app\/uploads\/sites\/2\/2024\/01\/cover-333-scaled.jpg\",\"datePublished\":\"2021-06-14T20:02:37+00:00\",\"dateModified\":\"2024-02-21T09:34:14+00:00\",\"breadcrumb\":{\"@id\":\"https:\/\/www.fiarebancaetica.coop\/gl\/evento\/taula-rodona-a-ripollet-sobre-finances-etiques-amb-participacio-de-fiare\/#breadcrumb\"},\"inLanguage\":\"gl-ES\",\"potentialAction\":[{\"@type\":\"ReadAction\",\"target\":[\"https:\/\/www.fiarebancaetica.coop\/gl\/evento\/taula-rodona-a-ripollet-sobre-finances-etiques-amb-participacio-de-fiare\/\"]}]},{\"@type\":\"ImageObject\",\"inLanguage\":\"gl-ES\",\"@id\":\"https:\/\/www.fiarebancaetica.coop\/gl\/evento\/taula-rodona-a-ripollet-sobre-finances-etiques-amb-participacio-de-fiare\/#primaryimage\",\"url\":\"https:\/\/www.fiarebancaetica.coop\/app\/uploads\/sites\/2\/2024\/01\/cover-333-scaled.jpg\",\"contentUrl\":\"https:\/\/www.fiarebancaetica.coop\/app\/uploads\/sites\/2\/2024\/01\/cover-333-scaled.jpg\",\"width\":2560,\"height\":2560},{\"@type\":\"BreadcrumbList\",\"@id\":\"https:\/\/www.fiarebancaetica.coop\/gl\/evento\/taula-rodona-a-ripollet-sobre-finances-etiques-amb-participacio-de-fiare\/#breadcrumb\",\"itemListElement\":[{\"@type\":\"ListItem\",\"position\":1,\"name\":\"Home\",\"item\":\"https:\/\/www.fiarebancaetica.coop\/gl\/\"},{\"@type\":\"ListItem\",\"position\":2,\"name\":\"Taula rodona a Ripollet sobre finances \u00e8tiques amb participaci\u00f3 de Fiare\"}]},{\"@type\":\"WebSite\",\"@id\":\"https:\/\/www.fiarebancaetica.coop\/gl\/#website\",\"url\":\"https:\/\/www.fiarebancaetica.coop\/gl\/\",\"name\":\"Fiare Banca Etica\",\"description\":\"\",\"potentialAction\":[{\"@type\":\"SearchAction\",\"target\":{\"@type\":\"EntryPoint\",\"urlTemplate\":\"https:\/\/www.fiarebancaetica.coop\/gl\/?s={search_term_string}\"},\"query-input\":{\"@type\":\"PropertyValueSpecification\",\"valueRequired\":true,\"valueName\":\"search_term_string\"}}],\"inLanguage\":\"gl-ES\"}]}<\/script>\n<!-- \/ Yoast SEO plugin. -->","yoast_head_json":{"title":"Taula rodona a Ripollet sobre finances \u00e8tiques amb participaci\u00f3 de Fiare - Fiare Banca Etica","robots":{"index":"index","follow":"follow","max-snippet":"max-snippet:-1","max-image-preview":"max-image-preview:large","max-video-preview":"max-video-preview:-1"},"canonical":"https:\/\/www.fiarebancaetica.coop\/gl\/evento\/taula-rodona-a-ripollet-sobre-finances-etiques-amb-participacio-de-fiare\/","og_locale":"gl_ES","og_type":"article","og_title":"Taula rodona a Ripollet sobre finances \u00e8tiques amb participaci\u00f3 de Fiare - Fiare Banca Etica","og_description":"En el marc de la Jornada per l\u2019economia social i solid\u00e0ria que s\u2019organitza a Ripollet el proper dissabte 19 de juny, tindr\u00e0 lloc una taula rodona sobre \u201cEl m\u00f3n de les finances \u00e8tiques\u201d amb la participaci\u00f3 de socis de Fiare de la Catalunya Transversal. Hi seran presents tamb\u00e9 Coop57 i Ar\u00e7 Cooperativa. L\u2019organitzaci\u00f3 FETS moderar\u00e0 [&hellip;]","og_url":"https:\/\/www.fiarebancaetica.coop\/gl\/evento\/taula-rodona-a-ripollet-sobre-finances-etiques-amb-participacio-de-fiare\/","og_site_name":"Fiare Banca Etica","article_modified_time":"2024-02-21T09:34:14+00:00","og_image":[{"width":2560,"height":2560,"url":"https:\/\/www.fiarebancaetica.coop\/app\/uploads\/sites\/2\/2024\/01\/cover-333-scaled.jpg","type":"image\/jpeg"}],"twitter_card":"summary_large_image","schema":{"@context":"https:\/\/schema.org","@graph":[{"@type":"WebPage","@id":"https:\/\/www.fiarebancaetica.coop\/gl\/evento\/taula-rodona-a-ripollet-sobre-finances-etiques-amb-participacio-de-fiare\/","url":"https:\/\/www.fiarebancaetica.coop\/gl\/evento\/taula-rodona-a-ripollet-sobre-finances-etiques-amb-participacio-de-fiare\/","name":"Taula rodona a Ripollet sobre finances \u00e8tiques amb participaci\u00f3 de Fiare - Fiare Banca Etica","isPartOf":{"@id":"https:\/\/www.fiarebancaetica.coop\/gl\/#website"},"primaryImageOfPage":{"@id":"https:\/\/www.fiarebancaetica.coop\/gl\/evento\/taula-rodona-a-ripollet-sobre-finances-etiques-amb-participacio-de-fiare\/#primaryimage"},"image":{"@id":"https:\/\/www.fiarebancaetica.coop\/gl\/evento\/taula-rodona-a-ripollet-sobre-finances-etiques-amb-participacio-de-fiare\/#primaryimage"},"thumbnailUrl":"https:\/\/www.fiarebancaetica.coop\/app\/uploads\/sites\/2\/2024\/01\/cover-333-scaled.jpg","datePublished":"2021-06-14T20:02:37+00:00","dateModified":"2024-02-21T09:34:14+00:00","breadcrumb":{"@id":"https:\/\/www.fiarebancaetica.coop\/gl\/evento\/taula-rodona-a-ripollet-sobre-finances-etiques-amb-participacio-de-fiare\/#breadcrumb"},"inLanguage":"gl-ES","potentialAction":[{"@type":"ReadAction","target":["https:\/\/www.fiarebancaetica.coop\/gl\/evento\/taula-rodona-a-ripollet-sobre-finances-etiques-amb-participacio-de-fiare\/"]}]},{"@type":"ImageObject","inLanguage":"gl-ES","@id":"https:\/\/www.fiarebancaetica.coop\/gl\/evento\/taula-rodona-a-ripollet-sobre-finances-etiques-amb-participacio-de-fiare\/#primaryimage","url":"https:\/\/www.fiarebancaetica.coop\/app\/uploads\/sites\/2\/2024\/01\/cover-333-scaled.jpg","contentUrl":"https:\/\/www.fiarebancaetica.coop\/app\/uploads\/sites\/2\/2024\/01\/cover-333-scaled.jpg","width":2560,"height":2560},{"@type":"BreadcrumbList","@id":"https:\/\/www.fiarebancaetica.coop\/gl\/evento\/taula-rodona-a-ripollet-sobre-finances-etiques-amb-participacio-de-fiare\/#breadcrumb","itemListElement":[{"@type":"ListItem","position":1,"name":"Home","item":"https:\/\/www.fiarebancaetica.coop\/gl\/"},{"@type":"ListItem","position":2,"name":"Taula rodona a Ripollet sobre finances \u00e8tiques amb participaci\u00f3 de Fiare"}]},{"@type":"WebSite","@id":"https:\/\/www.fiarebancaetica.coop\/gl\/#website","url":"https:\/\/www.fiarebancaetica.coop\/gl\/","name":"Fiare Banca Etica","description":"","potentialAction":[{"@type":"SearchAction","target":{"@type":"EntryPoint","urlTemplate":"https:\/\/www.fiarebancaetica.coop\/gl\/?s={search_term_string}"},"query-input":{"@type":"PropertyValueSpecification","valueRequired":true,"valueName":"search_term_string"}}],"inLanguage":"gl-ES"}]}},"_links":{"self":[{"href":"https:\/\/www.fiarebancaetica.coop\/gl\/wp-json\/wp\/v2\/cbwpt_git_events\/349883","targetHints":{"allow":["GET"]}}],"collection":[{"href":"https:\/\/www.fiarebancaetica.coop\/gl\/wp-json\/wp\/v2\/cbwpt_git_events"}],"about":[{"href":"https:\/\/www.fiarebancaetica.coop\/gl\/wp-json\/wp\/v2\/types\/cbwpt_git_events"}],"author":[{"embeddable":true,"href":"https:\/\/www.fiarebancaetica.coop\/gl\/wp-json\/wp\/v2\/users\/1"}],"version-history":[{"count":1,"href":"https:\/\/www.fiarebancaetica.coop\/gl\/wp-json\/wp\/v2\/cbwpt_git_events\/349883\/revisions"}],"predecessor-version":[{"id":352014,"href":"https:\/\/www.fiarebancaetica.coop\/gl\/wp-json\/wp\/v2\/cbwpt_git_events\/349883\/revisions\/352014"}],"wp:featuredmedia":[{"embeddable":true,"href":"https:\/\/www.fiarebancaetica.coop\/gl\/wp-json\/wp\/v2\/media\/363303"}],"wp:attachment":[{"href":"https:\/\/www.fiarebancaetica.coop\/gl\/wp-json\/wp\/v2\/media?parent=349883"}],"wp:term":[{"taxonomy":"cbwpt_tags","embeddable":true,"href":"https:\/\/www.fiarebancaetica.coop\/gl\/wp-json\/wp\/v2\/git_tags?post=349883"},{"taxonomy":"author","embeddable":true,"href":"https:\/\/www.fiarebancaetica.coop\/gl\/wp-json\/wp\/v2\/coauthors?post=349883"}],"curies":[{"name":"wp","href":"https:\/\/api.w.org\/{rel}","templated":true}]}}

Taula rodona a Ripollet sobre finances ètiques amb participació de Fiare

<!-- This site is optimized with the Yoast SEO plugin v26.9 - https://yoast.com/product/yoast-seo-wordpress/ -->
<title>Taula rodona a Ripollet sobre finances ètiques amb participació de Fiare - Fiare Banca Etica</title>
<meta name="robots" content="index, follow, max-snippet:-1, max-image-preview:large, max-video-preview:-1" />
<link rel="canonical" href="https://www.fiarebancaetica.coop/gl/evento/taula-rodona-a-ripollet-sobre-finances-etiques-amb-participacio-de-fiare/" />
<meta property="og:locale" content="gl_ES" />
<meta property="og:type" content="article" />
<meta property="og:title" content="Taula rodona a Ripollet sobre finances ètiques amb participació de Fiare - Fiare Banca Etica" />
<meta property="og:description" content="En el marc de la Jornada per l’economia social i solidària que s’organitza a Ripollet el proper dissabte 19 de juny, tindrà lloc una taula rodona sobre “El món de les finances ètiques” amb la participació de socis de Fiare de la Catalunya Transversal. Hi seran presents també Coop57 i Arç Cooperativa. L’organització FETS moderarà [&hellip;]" />
<meta property="og:url" content="https://www.fiarebancaetica.coop/gl/evento/taula-rodona-a-ripollet-sobre-finances-etiques-amb-participacio-de-fiare/" />
<meta property="og:site_name" content="Fiare Banca Etica" />
<meta property="article:modified_time" content="2024-02-21T09:34:14+00:00" />
<meta property="og:image" content="https://www.fiarebancaetica.coop/app/uploads/sites/2/2024/01/cover-333-scaled.jpg" />
	<meta property="og:image:width" content="2560" />
	<meta property="og:image:height" content="2560" />
	<meta property="og:image:type" content="image/jpeg" />
<meta name="twitter:card" content="summary_large_image" />
<script type="application/ld+json" class="yoast-schema-graph">{"@context":"https://schema.org","@graph":[{"@type":"WebPage","@id":"https://www.fiarebancaetica.coop/gl/evento/taula-rodona-a-ripollet-sobre-finances-etiques-amb-participacio-de-fiare/","url":"https://www.fiarebancaetica.coop/gl/evento/taula-rodona-a-ripollet-sobre-finances-etiques-amb-participacio-de-fiare/","name":"Taula rodona a Ripollet sobre finances ètiques amb participació de Fiare - Fiare Banca Etica","isPartOf":{"@id":"https://www.fiarebancaetica.coop/gl/#website"},"primaryImageOfPage":{"@id":"https://www.fiarebancaetica.coop/gl/evento/taula-rodona-a-ripollet-sobre-finances-etiques-amb-participacio-de-fiare/#primaryimage"},"image":{"@id":"https://www.fiarebancaetica.coop/gl/evento/taula-rodona-a-ripollet-sobre-finances-etiques-amb-participacio-de-fiare/#primaryimage"},"thumbnailUrl":"https://www.fiarebancaetica.coop/app/uploads/sites/2/2024/01/cover-333-scaled.jpg","datePublished":"2021-06-14T20:02:37+00:00","dateModified":"2024-02-21T09:34:14+00:00","breadcrumb":{"@id":"https://www.fiarebancaetica.coop/gl/evento/taula-rodona-a-ripollet-sobre-finances-etiques-amb-participacio-de-fiare/#breadcrumb"},"inLanguage":"gl-ES","potentialAction":[{"@type":"ReadAction","target":["https://www.fiarebancaetica.coop/gl/evento/taula-rodona-a-ripollet-sobre-finances-etiques-amb-participacio-de-fiare/"]}]},{"@type":"ImageObject","inLanguage":"gl-ES","@id":"https://www.fiarebancaetica.coop/gl/evento/taula-rodona-a-ripollet-sobre-finances-etiques-amb-participacio-de-fiare/#primaryimage","url":"https://www.fiarebancaetica.coop/app/uploads/sites/2/2024/01/cover-333-scaled.jpg","contentUrl":"https://www.fiarebancaetica.coop/app/uploads/sites/2/2024/01/cover-333-scaled.jpg","width":2560,"height":2560},{"@type":"BreadcrumbList","@id":"https://www.fiarebancaetica.coop/gl/evento/taula-rodona-a-ripollet-sobre-finances-etiques-amb-participacio-de-fiare/#breadcrumb","itemListElement":[{"@type":"ListItem","position":1,"name":"Home","item":"https://www.fiarebancaetica.coop/gl/"},{"@type":"ListItem","position":2,"name":"Taula rodona a Ripollet sobre finances ètiques amb participació de Fiare"}]},{"@type":"WebSite","@id":"https://www.fiarebancaetica.coop/gl/#website","url":"https://www.fiarebancaetica.coop/gl/","name":"Fiare Banca Etica","description":"","potentialAction":[{"@type":"SearchAction","target":{"@type":"EntryPoint","urlTemplate":"https://www.fiarebancaetica.coop/gl/?s={search_term_string}"},"query-input":{"@type":"PropertyValueSpecification","valueRequired":true,"valueName":"search_term_string"}}],"inLanguage":"gl-ES"}]}</script>
<!-- / Yoast SEO plugin. -->

Taula rodona a Ripollet sobre finances ètiques amb participació de Fiare - Fiare Banca Etica

En el marc de la Jornada per l’economia social i solidària que s’organitza a Ripollet el proper dissabte 19 de juny, tindrà lloc una taula rodona sobre “El món de les finances ètiques” amb la participació de socis de Fiare de la Catalunya Transversal. Hi seran presents també Coop57 i Arç Cooperativa. L’organització FETS moderarà [&hellip;]
