{"id":350212,"date":"2019-01-16T08:19:59","date_gmt":"2019-01-16T07:19:59","guid":{"rendered":"https:\/\/www.fiarebancaetica.coop\/evento\/assemblea-de-socies-i-socis-del-git-de-barcelona\/"},"modified":"2024-02-21T10:46:34","modified_gmt":"2024-02-21T09:46:34","slug":"assemblea-de-socies-i-socis-del-git-de-barcelona","status":"publish","type":"cbwpt_git_events","link":"https:\/\/www.fiarebancaetica.coop\/gl\/evento\/assemblea-de-socies-i-socis-del-git-de-barcelona\/","title":{"rendered":"Assemblea de s\u00f2cies i socis del GIT de Barcelona"},"author":1,"featured_media":363098,"parent":0,"template":"","meta":{"_acf_changed":false},"git_tags":[11225],"coauthors":[2888],"class_list":["post-350212","cbwpt_git_events","type-cbwpt_git_events","status-publish","has-post-thumbnail","hentry"],"acf":[],"yoast_head":"<!-- This site is optimized with the Yoast SEO plugin v26.9 - https:\/\/yoast.com\/product\/yoast-seo-wordpress\/ -->\n<title>Assemblea de s\u00f2cies i socis del GIT de Barcelona - Fiare Banca Etica<\/title>\n<meta name=\"robots\" content=\"index, follow, max-snippet:-1, max-image-preview:large, max-video-preview:-1\" \/>\n<link rel=\"canonical\" href=\"https:\/\/www.fiarebancaetica.coop\/gl\/evento\/assemblea-de-socies-i-socis-del-git-de-barcelona\/\" \/>\n<meta property=\"og:locale\" content=\"gl_ES\" \/>\n<meta property=\"og:type\" content=\"article\" \/>\n<meta property=\"og:title\" content=\"Assemblea de s\u00f2cies i socis del GIT de Barcelona - Fiare Banca Etica\" \/>\n<meta property=\"og:description\" content=\"El proper dissabte 19 de gener, a les 10.45 del mat\u00ed, hi haur\u00e0 la trobada anual de les s\u00f2cies, socis i simpatitzants de Fiare Banca Etica en la circumscripci\u00f3 de Barcelona. Com \u00e9s habitual farem un resum de les activitats del 2018, tant del Git com de la Comissi\u00f3 de Evaluaci\u00f3 Etico i social; us [&hellip;]\" \/>\n<meta property=\"og:url\" content=\"https:\/\/www.fiarebancaetica.coop\/gl\/evento\/assemblea-de-socies-i-socis-del-git-de-barcelona\/\" \/>\n<meta property=\"og:site_name\" content=\"Fiare Banca Etica\" \/>\n<meta property=\"article:modified_time\" content=\"2024-02-21T09:46:34+00:00\" \/>\n<meta property=\"og:image\" content=\"https:\/\/www.fiarebancaetica.coop\/app\/uploads\/sites\/2\/2024\/01\/cover-292.jpg\" \/>\n\t<meta property=\"og:image:width\" content=\"1329\" \/>\n\t<meta property=\"og:image:height\" content=\"816\" \/>\n\t<meta property=\"og:image:type\" content=\"image\/png\" \/>\n<meta name=\"twitter:card\" content=\"summary_large_image\" \/>\n<script type=\"application\/ld+json\" class=\"yoast-schema-graph\">{\"@context\":\"https:\/\/schema.org\",\"@graph\":[{\"@type\":\"WebPage\",\"@id\":\"https:\/\/www.fiarebancaetica.coop\/gl\/evento\/assemblea-de-socies-i-socis-del-git-de-barcelona\/\",\"url\":\"https:\/\/www.fiarebancaetica.coop\/gl\/evento\/assemblea-de-socies-i-socis-del-git-de-barcelona\/\",\"name\":\"Assemblea de s\u00f2cies i socis del GIT de Barcelona - Fiare Banca Etica\",\"isPartOf\":{\"@id\":\"https:\/\/www.fiarebancaetica.coop\/gl\/#website\"},\"primaryImageOfPage\":{\"@id\":\"https:\/\/www.fiarebancaetica.coop\/gl\/evento\/assemblea-de-socies-i-socis-del-git-de-barcelona\/#primaryimage\"},\"image\":{\"@id\":\"https:\/\/www.fiarebancaetica.coop\/gl\/evento\/assemblea-de-socies-i-socis-del-git-de-barcelona\/#primaryimage\"},\"thumbnailUrl\":\"https:\/\/www.fiarebancaetica.coop\/app\/uploads\/sites\/2\/2024\/01\/cover-292.jpg\",\"datePublished\":\"2019-01-16T07:19:59+00:00\",\"dateModified\":\"2024-02-21T09:46:34+00:00\",\"breadcrumb\":{\"@id\":\"https:\/\/www.fiarebancaetica.coop\/gl\/evento\/assemblea-de-socies-i-socis-del-git-de-barcelona\/#breadcrumb\"},\"inLanguage\":\"gl-ES\",\"potentialAction\":[{\"@type\":\"ReadAction\",\"target\":[\"https:\/\/www.fiarebancaetica.coop\/gl\/evento\/assemblea-de-socies-i-socis-del-git-de-barcelona\/\"]}]},{\"@type\":\"ImageObject\",\"inLanguage\":\"gl-ES\",\"@id\":\"https:\/\/www.fiarebancaetica.coop\/gl\/evento\/assemblea-de-socies-i-socis-del-git-de-barcelona\/#primaryimage\",\"url\":\"https:\/\/www.fiarebancaetica.coop\/app\/uploads\/sites\/2\/2024\/01\/cover-292.jpg\",\"contentUrl\":\"https:\/\/www.fiarebancaetica.coop\/app\/uploads\/sites\/2\/2024\/01\/cover-292.jpg\",\"width\":1329,\"height\":816},{\"@type\":\"BreadcrumbList\",\"@id\":\"https:\/\/www.fiarebancaetica.coop\/gl\/evento\/assemblea-de-socies-i-socis-del-git-de-barcelona\/#breadcrumb\",\"itemListElement\":[{\"@type\":\"ListItem\",\"position\":1,\"name\":\"Home\",\"item\":\"https:\/\/www.fiarebancaetica.coop\/gl\/\"},{\"@type\":\"ListItem\",\"position\":2,\"name\":\"Assemblea de s\u00f2cies i socis del GIT de Barcelona\"}]},{\"@type\":\"WebSite\",\"@id\":\"https:\/\/www.fiarebancaetica.coop\/gl\/#website\",\"url\":\"https:\/\/www.fiarebancaetica.coop\/gl\/\",\"name\":\"Fiare Banca Etica\",\"description\":\"\",\"potentialAction\":[{\"@type\":\"SearchAction\",\"target\":{\"@type\":\"EntryPoint\",\"urlTemplate\":\"https:\/\/www.fiarebancaetica.coop\/gl\/?s={search_term_string}\"},\"query-input\":{\"@type\":\"PropertyValueSpecification\",\"valueRequired\":true,\"valueName\":\"search_term_string\"}}],\"inLanguage\":\"gl-ES\"}]}<\/script>\n<!-- \/ Yoast SEO plugin. -->","yoast_head_json":{"title":"Assemblea de s\u00f2cies i socis del GIT de Barcelona - Fiare Banca Etica","robots":{"index":"index","follow":"follow","max-snippet":"max-snippet:-1","max-image-preview":"max-image-preview:large","max-video-preview":"max-video-preview:-1"},"canonical":"https:\/\/www.fiarebancaetica.coop\/gl\/evento\/assemblea-de-socies-i-socis-del-git-de-barcelona\/","og_locale":"gl_ES","og_type":"article","og_title":"Assemblea de s\u00f2cies i socis del GIT de Barcelona - Fiare Banca Etica","og_description":"El proper dissabte 19 de gener, a les 10.45 del mat\u00ed, hi haur\u00e0 la trobada anual de les s\u00f2cies, socis i simpatitzants de Fiare Banca Etica en la circumscripci\u00f3 de Barcelona. Com \u00e9s habitual farem un resum de les activitats del 2018, tant del Git com de la Comissi\u00f3 de Evaluaci\u00f3 Etico i social; us [&hellip;]","og_url":"https:\/\/www.fiarebancaetica.coop\/gl\/evento\/assemblea-de-socies-i-socis-del-git-de-barcelona\/","og_site_name":"Fiare Banca Etica","article_modified_time":"2024-02-21T09:46:34+00:00","og_image":[{"width":1329,"height":816,"url":"https:\/\/www.fiarebancaetica.coop\/app\/uploads\/sites\/2\/2024\/01\/cover-292.jpg","type":"image\/png"}],"twitter_card":"summary_large_image","schema":{"@context":"https:\/\/schema.org","@graph":[{"@type":"WebPage","@id":"https:\/\/www.fiarebancaetica.coop\/gl\/evento\/assemblea-de-socies-i-socis-del-git-de-barcelona\/","url":"https:\/\/www.fiarebancaetica.coop\/gl\/evento\/assemblea-de-socies-i-socis-del-git-de-barcelona\/","name":"Assemblea de s\u00f2cies i socis del GIT de Barcelona - Fiare Banca Etica","isPartOf":{"@id":"https:\/\/www.fiarebancaetica.coop\/gl\/#website"},"primaryImageOfPage":{"@id":"https:\/\/www.fiarebancaetica.coop\/gl\/evento\/assemblea-de-socies-i-socis-del-git-de-barcelona\/#primaryimage"},"image":{"@id":"https:\/\/www.fiarebancaetica.coop\/gl\/evento\/assemblea-de-socies-i-socis-del-git-de-barcelona\/#primaryimage"},"thumbnailUrl":"https:\/\/www.fiarebancaetica.coop\/app\/uploads\/sites\/2\/2024\/01\/cover-292.jpg","datePublished":"2019-01-16T07:19:59+00:00","dateModified":"2024-02-21T09:46:34+00:00","breadcrumb":{"@id":"https:\/\/www.fiarebancaetica.coop\/gl\/evento\/assemblea-de-socies-i-socis-del-git-de-barcelona\/#breadcrumb"},"inLanguage":"gl-ES","potentialAction":[{"@type":"ReadAction","target":["https:\/\/www.fiarebancaetica.coop\/gl\/evento\/assemblea-de-socies-i-socis-del-git-de-barcelona\/"]}]},{"@type":"ImageObject","inLanguage":"gl-ES","@id":"https:\/\/www.fiarebancaetica.coop\/gl\/evento\/assemblea-de-socies-i-socis-del-git-de-barcelona\/#primaryimage","url":"https:\/\/www.fiarebancaetica.coop\/app\/uploads\/sites\/2\/2024\/01\/cover-292.jpg","contentUrl":"https:\/\/www.fiarebancaetica.coop\/app\/uploads\/sites\/2\/2024\/01\/cover-292.jpg","width":1329,"height":816},{"@type":"BreadcrumbList","@id":"https:\/\/www.fiarebancaetica.coop\/gl\/evento\/assemblea-de-socies-i-socis-del-git-de-barcelona\/#breadcrumb","itemListElement":[{"@type":"ListItem","position":1,"name":"Home","item":"https:\/\/www.fiarebancaetica.coop\/gl\/"},{"@type":"ListItem","position":2,"name":"Assemblea de s\u00f2cies i socis del GIT de Barcelona"}]},{"@type":"WebSite","@id":"https:\/\/www.fiarebancaetica.coop\/gl\/#website","url":"https:\/\/www.fiarebancaetica.coop\/gl\/","name":"Fiare Banca Etica","description":"","potentialAction":[{"@type":"SearchAction","target":{"@type":"EntryPoint","urlTemplate":"https:\/\/www.fiarebancaetica.coop\/gl\/?s={search_term_string}"},"query-input":{"@type":"PropertyValueSpecification","valueRequired":true,"valueName":"search_term_string"}}],"inLanguage":"gl-ES"}]}},"_links":{"self":[{"href":"https:\/\/www.fiarebancaetica.coop\/gl\/wp-json\/wp\/v2\/cbwpt_git_events\/350212","targetHints":{"allow":["GET"]}}],"collection":[{"href":"https:\/\/www.fiarebancaetica.coop\/gl\/wp-json\/wp\/v2\/cbwpt_git_events"}],"about":[{"href":"https:\/\/www.fiarebancaetica.coop\/gl\/wp-json\/wp\/v2\/types\/cbwpt_git_events"}],"author":[{"embeddable":true,"href":"https:\/\/www.fiarebancaetica.coop\/gl\/wp-json\/wp\/v2\/users\/1"}],"version-history":[{"count":1,"href":"https:\/\/www.fiarebancaetica.coop\/gl\/wp-json\/wp\/v2\/cbwpt_git_events\/350212\/revisions"}],"predecessor-version":[{"id":352155,"href":"https:\/\/www.fiarebancaetica.coop\/gl\/wp-json\/wp\/v2\/cbwpt_git_events\/350212\/revisions\/352155"}],"wp:featuredmedia":[{"embeddable":true,"href":"https:\/\/www.fiarebancaetica.coop\/gl\/wp-json\/wp\/v2\/media\/363098"}],"wp:attachment":[{"href":"https:\/\/www.fiarebancaetica.coop\/gl\/wp-json\/wp\/v2\/media?parent=350212"}],"wp:term":[{"taxonomy":"cbwpt_tags","embeddable":true,"href":"https:\/\/www.fiarebancaetica.coop\/gl\/wp-json\/wp\/v2\/git_tags?post=350212"},{"taxonomy":"author","embeddable":true,"href":"https:\/\/www.fiarebancaetica.coop\/gl\/wp-json\/wp\/v2\/coauthors?post=350212"}],"curies":[{"name":"wp","href":"https:\/\/api.w.org\/{rel}","templated":true}]}}

Assemblea de sòcies i socis del GIT de Barcelona

<!-- This site is optimized with the Yoast SEO plugin v26.9 - https://yoast.com/product/yoast-seo-wordpress/ -->
<title>Assemblea de sòcies i socis del GIT de Barcelona - Fiare Banca Etica</title>
<meta name="robots" content="index, follow, max-snippet:-1, max-image-preview:large, max-video-preview:-1" />
<link rel="canonical" href="https://www.fiarebancaetica.coop/gl/evento/assemblea-de-socies-i-socis-del-git-de-barcelona/" />
<meta property="og:locale" content="gl_ES" />
<meta property="og:type" content="article" />
<meta property="og:title" content="Assemblea de sòcies i socis del GIT de Barcelona - Fiare Banca Etica" />
<meta property="og:description" content="El proper dissabte 19 de gener, a les 10.45 del matí, hi haurà la trobada anual de les sòcies, socis i simpatitzants de Fiare Banca Etica en la circumscripció de Barcelona. Com és habitual farem un resum de les activitats del 2018, tant del Git com de la Comissió de Evaluació Etico i social; us [&hellip;]" />
<meta property="og:url" content="https://www.fiarebancaetica.coop/gl/evento/assemblea-de-socies-i-socis-del-git-de-barcelona/" />
<meta property="og:site_name" content="Fiare Banca Etica" />
<meta property="article:modified_time" content="2024-02-21T09:46:34+00:00" />
<meta property="og:image" content="https://www.fiarebancaetica.coop/app/uploads/sites/2/2024/01/cover-292.jpg" />
	<meta property="og:image:width" content="1329" />
	<meta property="og:image:height" content="816" />
	<meta property="og:image:type" content="image/png" />
<meta name="twitter:card" content="summary_large_image" />
<script type="application/ld+json" class="yoast-schema-graph">{"@context":"https://schema.org","@graph":[{"@type":"WebPage","@id":"https://www.fiarebancaetica.coop/gl/evento/assemblea-de-socies-i-socis-del-git-de-barcelona/","url":"https://www.fiarebancaetica.coop/gl/evento/assemblea-de-socies-i-socis-del-git-de-barcelona/","name":"Assemblea de sòcies i socis del GIT de Barcelona - Fiare Banca Etica","isPartOf":{"@id":"https://www.fiarebancaetica.coop/gl/#website"},"primaryImageOfPage":{"@id":"https://www.fiarebancaetica.coop/gl/evento/assemblea-de-socies-i-socis-del-git-de-barcelona/#primaryimage"},"image":{"@id":"https://www.fiarebancaetica.coop/gl/evento/assemblea-de-socies-i-socis-del-git-de-barcelona/#primaryimage"},"thumbnailUrl":"https://www.fiarebancaetica.coop/app/uploads/sites/2/2024/01/cover-292.jpg","datePublished":"2019-01-16T07:19:59+00:00","dateModified":"2024-02-21T09:46:34+00:00","breadcrumb":{"@id":"https://www.fiarebancaetica.coop/gl/evento/assemblea-de-socies-i-socis-del-git-de-barcelona/#breadcrumb"},"inLanguage":"gl-ES","potentialAction":[{"@type":"ReadAction","target":["https://www.fiarebancaetica.coop/gl/evento/assemblea-de-socies-i-socis-del-git-de-barcelona/"]}]},{"@type":"ImageObject","inLanguage":"gl-ES","@id":"https://www.fiarebancaetica.coop/gl/evento/assemblea-de-socies-i-socis-del-git-de-barcelona/#primaryimage","url":"https://www.fiarebancaetica.coop/app/uploads/sites/2/2024/01/cover-292.jpg","contentUrl":"https://www.fiarebancaetica.coop/app/uploads/sites/2/2024/01/cover-292.jpg","width":1329,"height":816},{"@type":"BreadcrumbList","@id":"https://www.fiarebancaetica.coop/gl/evento/assemblea-de-socies-i-socis-del-git-de-barcelona/#breadcrumb","itemListElement":[{"@type":"ListItem","position":1,"name":"Home","item":"https://www.fiarebancaetica.coop/gl/"},{"@type":"ListItem","position":2,"name":"Assemblea de sòcies i socis del GIT de Barcelona"}]},{"@type":"WebSite","@id":"https://www.fiarebancaetica.coop/gl/#website","url":"https://www.fiarebancaetica.coop/gl/","name":"Fiare Banca Etica","description":"","potentialAction":[{"@type":"SearchAction","target":{"@type":"EntryPoint","urlTemplate":"https://www.fiarebancaetica.coop/gl/?s={search_term_string}"},"query-input":{"@type":"PropertyValueSpecification","valueRequired":true,"valueName":"search_term_string"}}],"inLanguage":"gl-ES"}]}</script>
<!-- / Yoast SEO plugin. -->

Assemblea de sòcies i socis del GIT de Barcelona - Fiare Banca Etica

El proper dissabte 19 de gener, a les 10.45 del matí, hi haurà la trobada anual de les sòcies, socis i simpatitzants de Fiare Banca Etica en la circumscripció de Barcelona. Com és habitual farem un resum de les activitats del 2018, tant del Git com de la Comissió de Evaluació Etico i social; us [&hellip;]
