{"id":350373,"date":"2018-05-06T19:10:16","date_gmt":"2018-05-06T17:10:16","guid":{"rendered":"https:\/\/www.fiarebancaetica.coop\/evento\/les-finances-etiques-i-leconomia-social\/"},"modified":"2024-02-21T10:53:16","modified_gmt":"2024-02-21T09:53:16","slug":"les-finances-etiques-i-leconomia-social","status":"publish","type":"cbwpt_git_events","link":"https:\/\/www.fiarebancaetica.coop\/gl\/evento\/les-finances-etiques-i-leconomia-social\/","title":{"rendered":"Les finances \u00e8tiques i l\u2019Economia Social"},"author":1,"featured_media":0,"parent":0,"template":"","meta":{"_acf_changed":false},"git_tags":[11225],"coauthors":[2888],"class_list":["post-350373","cbwpt_git_events","type-cbwpt_git_events","status-publish","hentry"],"acf":[],"yoast_head":"<!-- This site is optimized with the Yoast SEO plugin v26.9 - https:\/\/yoast.com\/product\/yoast-seo-wordpress\/ -->\n<title>Les finances \u00e8tiques i l\u2019Economia Social - Fiare Banca Etica<\/title>\n<meta name=\"robots\" content=\"index, follow, max-snippet:-1, max-image-preview:large, max-video-preview:-1\" \/>\n<link rel=\"canonical\" href=\"https:\/\/www.fiarebancaetica.coop\/gl\/evento\/les-finances-etiques-i-leconomia-social\/\" \/>\n<meta property=\"og:locale\" content=\"gl_ES\" \/>\n<meta property=\"og:type\" content=\"article\" \/>\n<meta property=\"og:title\" content=\"Les finances \u00e8tiques i l\u2019Economia Social - Fiare Banca Etica\" \/>\n<meta property=\"og:description\" content=\"El dilluns 7 de maig a les 19h participem a la xerrada \u201cLes finances \u00e8tiques i l\u2019Economia Social\u201d al Centre C\u00edvic Vil\u00b7la Ur\u00e0nia amb Fets i Coop 57. La xerrada est\u00e0 organizada per SSG Coopera, projecte d&#8217;impuls i enfortiment de l&#8217;ESS a Sarri\u00e0-Sant Gervasi. Cal inscripci\u00f3 pr\u00e8via: https:\/\/vil-laurania.inscripcionscc.com\/MiramModular\/buscador\/buscador.jsp?g=1&amp;c=49&amp;a=1579.\" \/>\n<meta property=\"og:url\" content=\"https:\/\/www.fiarebancaetica.coop\/gl\/evento\/les-finances-etiques-i-leconomia-social\/\" \/>\n<meta property=\"og:site_name\" content=\"Fiare Banca Etica\" \/>\n<meta property=\"article:modified_time\" content=\"2024-02-21T09:53:16+00:00\" \/>\n<meta name=\"twitter:card\" content=\"summary_large_image\" \/>\n<script type=\"application\/ld+json\" class=\"yoast-schema-graph\">{\"@context\":\"https:\/\/schema.org\",\"@graph\":[{\"@type\":\"WebPage\",\"@id\":\"https:\/\/www.fiarebancaetica.coop\/gl\/evento\/les-finances-etiques-i-leconomia-social\/\",\"url\":\"https:\/\/www.fiarebancaetica.coop\/gl\/evento\/les-finances-etiques-i-leconomia-social\/\",\"name\":\"Les finances \u00e8tiques i l\u2019Economia Social - Fiare Banca Etica\",\"isPartOf\":{\"@id\":\"https:\/\/www.fiarebancaetica.coop\/gl\/#website\"},\"datePublished\":\"2018-05-06T17:10:16+00:00\",\"dateModified\":\"2024-02-21T09:53:16+00:00\",\"breadcrumb\":{\"@id\":\"https:\/\/www.fiarebancaetica.coop\/gl\/evento\/les-finances-etiques-i-leconomia-social\/#breadcrumb\"},\"inLanguage\":\"gl-ES\",\"potentialAction\":[{\"@type\":\"ReadAction\",\"target\":[\"https:\/\/www.fiarebancaetica.coop\/gl\/evento\/les-finances-etiques-i-leconomia-social\/\"]}]},{\"@type\":\"BreadcrumbList\",\"@id\":\"https:\/\/www.fiarebancaetica.coop\/gl\/evento\/les-finances-etiques-i-leconomia-social\/#breadcrumb\",\"itemListElement\":[{\"@type\":\"ListItem\",\"position\":1,\"name\":\"Home\",\"item\":\"https:\/\/www.fiarebancaetica.coop\/gl\/\"},{\"@type\":\"ListItem\",\"position\":2,\"name\":\"Les finances \u00e8tiques i l\u2019Economia Social\"}]},{\"@type\":\"WebSite\",\"@id\":\"https:\/\/www.fiarebancaetica.coop\/gl\/#website\",\"url\":\"https:\/\/www.fiarebancaetica.coop\/gl\/\",\"name\":\"Fiare Banca Etica\",\"description\":\"\",\"potentialAction\":[{\"@type\":\"SearchAction\",\"target\":{\"@type\":\"EntryPoint\",\"urlTemplate\":\"https:\/\/www.fiarebancaetica.coop\/gl\/?s={search_term_string}\"},\"query-input\":{\"@type\":\"PropertyValueSpecification\",\"valueRequired\":true,\"valueName\":\"search_term_string\"}}],\"inLanguage\":\"gl-ES\"}]}<\/script>\n<!-- \/ Yoast SEO plugin. -->","yoast_head_json":{"title":"Les finances \u00e8tiques i l\u2019Economia Social - Fiare Banca Etica","robots":{"index":"index","follow":"follow","max-snippet":"max-snippet:-1","max-image-preview":"max-image-preview:large","max-video-preview":"max-video-preview:-1"},"canonical":"https:\/\/www.fiarebancaetica.coop\/gl\/evento\/les-finances-etiques-i-leconomia-social\/","og_locale":"gl_ES","og_type":"article","og_title":"Les finances \u00e8tiques i l\u2019Economia Social - Fiare Banca Etica","og_description":"El dilluns 7 de maig a les 19h participem a la xerrada \u201cLes finances \u00e8tiques i l\u2019Economia Social\u201d al Centre C\u00edvic Vil\u00b7la Ur\u00e0nia amb Fets i Coop 57. La xerrada est\u00e0 organizada per SSG Coopera, projecte d&#8217;impuls i enfortiment de l&#8217;ESS a Sarri\u00e0-Sant Gervasi. Cal inscripci\u00f3 pr\u00e8via: https:\/\/vil-laurania.inscripcionscc.com\/MiramModular\/buscador\/buscador.jsp?g=1&amp;c=49&amp;a=1579.","og_url":"https:\/\/www.fiarebancaetica.coop\/gl\/evento\/les-finances-etiques-i-leconomia-social\/","og_site_name":"Fiare Banca Etica","article_modified_time":"2024-02-21T09:53:16+00:00","twitter_card":"summary_large_image","schema":{"@context":"https:\/\/schema.org","@graph":[{"@type":"WebPage","@id":"https:\/\/www.fiarebancaetica.coop\/gl\/evento\/les-finances-etiques-i-leconomia-social\/","url":"https:\/\/www.fiarebancaetica.coop\/gl\/evento\/les-finances-etiques-i-leconomia-social\/","name":"Les finances \u00e8tiques i l\u2019Economia Social - Fiare Banca Etica","isPartOf":{"@id":"https:\/\/www.fiarebancaetica.coop\/gl\/#website"},"datePublished":"2018-05-06T17:10:16+00:00","dateModified":"2024-02-21T09:53:16+00:00","breadcrumb":{"@id":"https:\/\/www.fiarebancaetica.coop\/gl\/evento\/les-finances-etiques-i-leconomia-social\/#breadcrumb"},"inLanguage":"gl-ES","potentialAction":[{"@type":"ReadAction","target":["https:\/\/www.fiarebancaetica.coop\/gl\/evento\/les-finances-etiques-i-leconomia-social\/"]}]},{"@type":"BreadcrumbList","@id":"https:\/\/www.fiarebancaetica.coop\/gl\/evento\/les-finances-etiques-i-leconomia-social\/#breadcrumb","itemListElement":[{"@type":"ListItem","position":1,"name":"Home","item":"https:\/\/www.fiarebancaetica.coop\/gl\/"},{"@type":"ListItem","position":2,"name":"Les finances \u00e8tiques i l\u2019Economia Social"}]},{"@type":"WebSite","@id":"https:\/\/www.fiarebancaetica.coop\/gl\/#website","url":"https:\/\/www.fiarebancaetica.coop\/gl\/","name":"Fiare Banca Etica","description":"","potentialAction":[{"@type":"SearchAction","target":{"@type":"EntryPoint","urlTemplate":"https:\/\/www.fiarebancaetica.coop\/gl\/?s={search_term_string}"},"query-input":{"@type":"PropertyValueSpecification","valueRequired":true,"valueName":"search_term_string"}}],"inLanguage":"gl-ES"}]}},"_links":{"self":[{"href":"https:\/\/www.fiarebancaetica.coop\/gl\/wp-json\/wp\/v2\/cbwpt_git_events\/350373","targetHints":{"allow":["GET"]}}],"collection":[{"href":"https:\/\/www.fiarebancaetica.coop\/gl\/wp-json\/wp\/v2\/cbwpt_git_events"}],"about":[{"href":"https:\/\/www.fiarebancaetica.coop\/gl\/wp-json\/wp\/v2\/types\/cbwpt_git_events"}],"author":[{"embeddable":true,"href":"https:\/\/www.fiarebancaetica.coop\/gl\/wp-json\/wp\/v2\/users\/1"}],"version-history":[{"count":1,"href":"https:\/\/www.fiarebancaetica.coop\/gl\/wp-json\/wp\/v2\/cbwpt_git_events\/350373\/revisions"}],"predecessor-version":[{"id":352226,"href":"https:\/\/www.fiarebancaetica.coop\/gl\/wp-json\/wp\/v2\/cbwpt_git_events\/350373\/revisions\/352226"}],"wp:attachment":[{"href":"https:\/\/www.fiarebancaetica.coop\/gl\/wp-json\/wp\/v2\/media?parent=350373"}],"wp:term":[{"taxonomy":"cbwpt_tags","embeddable":true,"href":"https:\/\/www.fiarebancaetica.coop\/gl\/wp-json\/wp\/v2\/git_tags?post=350373"},{"taxonomy":"author","embeddable":true,"href":"https:\/\/www.fiarebancaetica.coop\/gl\/wp-json\/wp\/v2\/coauthors?post=350373"}],"curies":[{"name":"wp","href":"https:\/\/api.w.org\/{rel}","templated":true}]}}

Les finances ètiques i l’Economia Social

<!-- This site is optimized with the Yoast SEO plugin v26.9 - https://yoast.com/product/yoast-seo-wordpress/ -->
<title>Les finances ètiques i l’Economia Social - Fiare Banca Etica</title>
<meta name="robots" content="index, follow, max-snippet:-1, max-image-preview:large, max-video-preview:-1" />
<link rel="canonical" href="https://www.fiarebancaetica.coop/gl/evento/les-finances-etiques-i-leconomia-social/" />
<meta property="og:locale" content="gl_ES" />
<meta property="og:type" content="article" />
<meta property="og:title" content="Les finances ètiques i l’Economia Social - Fiare Banca Etica" />
<meta property="og:description" content="El dilluns 7 de maig a les 19h participem a la xerrada “Les finances ètiques i l’Economia Social” al Centre Cívic Vil·la Urània amb Fets i Coop 57. La xerrada està organizada per SSG Coopera, projecte d&#8217;impuls i enfortiment de l&#8217;ESS a Sarrià-Sant Gervasi. Cal inscripció prèvia: https://vil-laurania.inscripcionscc.com/MiramModular/buscador/buscador.jsp?g=1&amp;c=49&amp;a=1579." />
<meta property="og:url" content="https://www.fiarebancaetica.coop/gl/evento/les-finances-etiques-i-leconomia-social/" />
<meta property="og:site_name" content="Fiare Banca Etica" />
<meta property="article:modified_time" content="2024-02-21T09:53:16+00:00" />
<meta name="twitter:card" content="summary_large_image" />
<script type="application/ld+json" class="yoast-schema-graph">{"@context":"https://schema.org","@graph":[{"@type":"WebPage","@id":"https://www.fiarebancaetica.coop/gl/evento/les-finances-etiques-i-leconomia-social/","url":"https://www.fiarebancaetica.coop/gl/evento/les-finances-etiques-i-leconomia-social/","name":"Les finances ètiques i l’Economia Social - Fiare Banca Etica","isPartOf":{"@id":"https://www.fiarebancaetica.coop/gl/#website"},"datePublished":"2018-05-06T17:10:16+00:00","dateModified":"2024-02-21T09:53:16+00:00","breadcrumb":{"@id":"https://www.fiarebancaetica.coop/gl/evento/les-finances-etiques-i-leconomia-social/#breadcrumb"},"inLanguage":"gl-ES","potentialAction":[{"@type":"ReadAction","target":["https://www.fiarebancaetica.coop/gl/evento/les-finances-etiques-i-leconomia-social/"]}]},{"@type":"BreadcrumbList","@id":"https://www.fiarebancaetica.coop/gl/evento/les-finances-etiques-i-leconomia-social/#breadcrumb","itemListElement":[{"@type":"ListItem","position":1,"name":"Home","item":"https://www.fiarebancaetica.coop/gl/"},{"@type":"ListItem","position":2,"name":"Les finances ètiques i l’Economia Social"}]},{"@type":"WebSite","@id":"https://www.fiarebancaetica.coop/gl/#website","url":"https://www.fiarebancaetica.coop/gl/","name":"Fiare Banca Etica","description":"","potentialAction":[{"@type":"SearchAction","target":{"@type":"EntryPoint","urlTemplate":"https://www.fiarebancaetica.coop/gl/?s={search_term_string}"},"query-input":{"@type":"PropertyValueSpecification","valueRequired":true,"valueName":"search_term_string"}}],"inLanguage":"gl-ES"}]}</script>
<!-- / Yoast SEO plugin. -->

Les finances ètiques i l’Economia Social - Fiare Banca Etica

El dilluns 7 de maig a les 19h participem a la xerrada “Les finances ètiques i l’Economia Social” al Centre Cívic Vil·la Urània amb Fets i Coop 57. La xerrada està organizada per SSG Coopera, projecte d&#8217;impuls i enfortiment de l&#8217;ESS a Sarrià-Sant Gervasi. Cal inscripció prèvia: https://vil-laurania.inscripcionscc.com/MiramModular/buscador/buscador.jsp?g=1&amp;c=49&amp;a=1579.
