{"id":350454,"date":"2018-02-11T16:31:29","date_gmt":"2018-02-11T15:31:29","guid":{"rendered":"https:\/\/www.fiarebancaetica.coop\/evento\/fiare-banca-etica-finanzas-banca-y-etica-mas-alla-del-mito-del-crecimiento\/"},"modified":"2024-02-21T11:48:42","modified_gmt":"2024-02-21T10:48:42","slug":"fiare-banca-etica-finanzas-banca-y-etica-mas-alla-del-mito-del-crecimiento","status":"publish","type":"cbwpt_git_events","link":"https:\/\/www.fiarebancaetica.coop\/gl\/evento\/fiare-banca-etica-finanzas-banca-y-etica-mas-alla-del-mito-del-crecimiento\/","title":{"rendered":"Fiare Banca \u00c9tica: Finanzas, Banca y \u00c9tica m\u00e1s all\u00e1 del mito del crecimiento"},"author":1,"featured_media":363188,"parent":0,"template":"","meta":{"_acf_changed":false},"git_tags":[11220],"coauthors":[2888],"class_list":["post-350454","cbwpt_git_events","type-cbwpt_git_events","status-publish","has-post-thumbnail","hentry"],"acf":[],"yoast_head":"<!-- This site is optimized with the Yoast SEO plugin v26.9 - https:\/\/yoast.com\/product\/yoast-seo-wordpress\/ -->\n<title>Fiare Banca \u00c9tica: Finanzas, Banca y \u00c9tica m\u00e1s all\u00e1 del mito del crecimiento - Fiare Banca Etica<\/title>\n<meta name=\"robots\" content=\"index, follow, max-snippet:-1, max-image-preview:large, max-video-preview:-1\" \/>\n<link rel=\"canonical\" href=\"https:\/\/www.fiarebancaetica.coop\/gl\/evento\/fiare-banca-etica-finanzas-banca-y-etica-mas-alla-del-mito-del-crecimiento\/\" \/>\n<meta property=\"og:locale\" content=\"gl_ES\" \/>\n<meta property=\"og:type\" content=\"article\" \/>\n<meta property=\"og:title\" content=\"Fiare Banca \u00c9tica: Finanzas, Banca y \u00c9tica m\u00e1s all\u00e1 del mito del crecimiento - Fiare Banca Etica\" \/>\n<meta property=\"og:description\" content=\"El pasado 7 de febrero impartimos una conferencia sobre finanzas y banca \u00e9tica m\u00e1s all\u00e1 del mito del crecimiento para los alumnos de segundo y tercer curso de la Facultad de Ciencias Econ\u00f3micas y Empresariales del Campus Esgueva de la Universidad de Valladolid. Con la presencia de 120 alumnos, Leandro Velasco y Javier Mena expusieron, [&hellip;]\" \/>\n<meta property=\"og:url\" content=\"https:\/\/www.fiarebancaetica.coop\/gl\/evento\/fiare-banca-etica-finanzas-banca-y-etica-mas-alla-del-mito-del-crecimiento\/\" \/>\n<meta property=\"og:site_name\" content=\"Fiare Banca Etica\" \/>\n<meta property=\"article:modified_time\" content=\"2024-02-21T10:48:42+00:00\" \/>\n<meta property=\"og:image\" content=\"https:\/\/www.fiarebancaetica.coop\/app\/uploads\/sites\/2\/2024\/01\/cover-310.jpg\" \/>\n\t<meta property=\"og:image:width\" content=\"1600\" \/>\n\t<meta property=\"og:image:height\" content=\"960\" \/>\n\t<meta property=\"og:image:type\" content=\"image\/jpeg\" \/>\n<meta name=\"twitter:card\" content=\"summary_large_image\" \/>\n<script type=\"application\/ld+json\" class=\"yoast-schema-graph\">{\"@context\":\"https:\/\/schema.org\",\"@graph\":[{\"@type\":\"WebPage\",\"@id\":\"https:\/\/www.fiarebancaetica.coop\/gl\/evento\/fiare-banca-etica-finanzas-banca-y-etica-mas-alla-del-mito-del-crecimiento\/\",\"url\":\"https:\/\/www.fiarebancaetica.coop\/gl\/evento\/fiare-banca-etica-finanzas-banca-y-etica-mas-alla-del-mito-del-crecimiento\/\",\"name\":\"Fiare Banca \u00c9tica: Finanzas, Banca y \u00c9tica m\u00e1s all\u00e1 del mito del crecimiento - Fiare Banca Etica\",\"isPartOf\":{\"@id\":\"https:\/\/www.fiarebancaetica.coop\/gl\/#website\"},\"primaryImageOfPage\":{\"@id\":\"https:\/\/www.fiarebancaetica.coop\/gl\/evento\/fiare-banca-etica-finanzas-banca-y-etica-mas-alla-del-mito-del-crecimiento\/#primaryimage\"},\"image\":{\"@id\":\"https:\/\/www.fiarebancaetica.coop\/gl\/evento\/fiare-banca-etica-finanzas-banca-y-etica-mas-alla-del-mito-del-crecimiento\/#primaryimage\"},\"thumbnailUrl\":\"https:\/\/www.fiarebancaetica.coop\/app\/uploads\/sites\/2\/2024\/01\/cover-310.jpg\",\"datePublished\":\"2018-02-11T15:31:29+00:00\",\"dateModified\":\"2024-02-21T10:48:42+00:00\",\"breadcrumb\":{\"@id\":\"https:\/\/www.fiarebancaetica.coop\/gl\/evento\/fiare-banca-etica-finanzas-banca-y-etica-mas-alla-del-mito-del-crecimiento\/#breadcrumb\"},\"inLanguage\":\"gl-ES\",\"potentialAction\":[{\"@type\":\"ReadAction\",\"target\":[\"https:\/\/www.fiarebancaetica.coop\/gl\/evento\/fiare-banca-etica-finanzas-banca-y-etica-mas-alla-del-mito-del-crecimiento\/\"]}]},{\"@type\":\"ImageObject\",\"inLanguage\":\"gl-ES\",\"@id\":\"https:\/\/www.fiarebancaetica.coop\/gl\/evento\/fiare-banca-etica-finanzas-banca-y-etica-mas-alla-del-mito-del-crecimiento\/#primaryimage\",\"url\":\"https:\/\/www.fiarebancaetica.coop\/app\/uploads\/sites\/2\/2024\/01\/cover-310.jpg\",\"contentUrl\":\"https:\/\/www.fiarebancaetica.coop\/app\/uploads\/sites\/2\/2024\/01\/cover-310.jpg\",\"width\":1600,\"height\":960},{\"@type\":\"BreadcrumbList\",\"@id\":\"https:\/\/www.fiarebancaetica.coop\/gl\/evento\/fiare-banca-etica-finanzas-banca-y-etica-mas-alla-del-mito-del-crecimiento\/#breadcrumb\",\"itemListElement\":[{\"@type\":\"ListItem\",\"position\":1,\"name\":\"Home\",\"item\":\"https:\/\/www.fiarebancaetica.coop\/gl\/\"},{\"@type\":\"ListItem\",\"position\":2,\"name\":\"Fiare Banca \u00c9tica: Finanzas, Banca y \u00c9tica m\u00e1s all\u00e1 del mito del crecimiento\"}]},{\"@type\":\"WebSite\",\"@id\":\"https:\/\/www.fiarebancaetica.coop\/gl\/#website\",\"url\":\"https:\/\/www.fiarebancaetica.coop\/gl\/\",\"name\":\"Fiare Banca Etica\",\"description\":\"\",\"potentialAction\":[{\"@type\":\"SearchAction\",\"target\":{\"@type\":\"EntryPoint\",\"urlTemplate\":\"https:\/\/www.fiarebancaetica.coop\/gl\/?s={search_term_string}\"},\"query-input\":{\"@type\":\"PropertyValueSpecification\",\"valueRequired\":true,\"valueName\":\"search_term_string\"}}],\"inLanguage\":\"gl-ES\"}]}<\/script>\n<!-- \/ Yoast SEO plugin. -->","yoast_head_json":{"title":"Fiare Banca \u00c9tica: Finanzas, Banca y \u00c9tica m\u00e1s all\u00e1 del mito del crecimiento - Fiare Banca Etica","robots":{"index":"index","follow":"follow","max-snippet":"max-snippet:-1","max-image-preview":"max-image-preview:large","max-video-preview":"max-video-preview:-1"},"canonical":"https:\/\/www.fiarebancaetica.coop\/gl\/evento\/fiare-banca-etica-finanzas-banca-y-etica-mas-alla-del-mito-del-crecimiento\/","og_locale":"gl_ES","og_type":"article","og_title":"Fiare Banca \u00c9tica: Finanzas, Banca y \u00c9tica m\u00e1s all\u00e1 del mito del crecimiento - Fiare Banca Etica","og_description":"El pasado 7 de febrero impartimos una conferencia sobre finanzas y banca \u00e9tica m\u00e1s all\u00e1 del mito del crecimiento para los alumnos de segundo y tercer curso de la Facultad de Ciencias Econ\u00f3micas y Empresariales del Campus Esgueva de la Universidad de Valladolid. Con la presencia de 120 alumnos, Leandro Velasco y Javier Mena expusieron, [&hellip;]","og_url":"https:\/\/www.fiarebancaetica.coop\/gl\/evento\/fiare-banca-etica-finanzas-banca-y-etica-mas-alla-del-mito-del-crecimiento\/","og_site_name":"Fiare Banca Etica","article_modified_time":"2024-02-21T10:48:42+00:00","og_image":[{"width":1600,"height":960,"url":"https:\/\/www.fiarebancaetica.coop\/app\/uploads\/sites\/2\/2024\/01\/cover-310.jpg","type":"image\/jpeg"}],"twitter_card":"summary_large_image","schema":{"@context":"https:\/\/schema.org","@graph":[{"@type":"WebPage","@id":"https:\/\/www.fiarebancaetica.coop\/gl\/evento\/fiare-banca-etica-finanzas-banca-y-etica-mas-alla-del-mito-del-crecimiento\/","url":"https:\/\/www.fiarebancaetica.coop\/gl\/evento\/fiare-banca-etica-finanzas-banca-y-etica-mas-alla-del-mito-del-crecimiento\/","name":"Fiare Banca \u00c9tica: Finanzas, Banca y \u00c9tica m\u00e1s all\u00e1 del mito del crecimiento - Fiare Banca Etica","isPartOf":{"@id":"https:\/\/www.fiarebancaetica.coop\/gl\/#website"},"primaryImageOfPage":{"@id":"https:\/\/www.fiarebancaetica.coop\/gl\/evento\/fiare-banca-etica-finanzas-banca-y-etica-mas-alla-del-mito-del-crecimiento\/#primaryimage"},"image":{"@id":"https:\/\/www.fiarebancaetica.coop\/gl\/evento\/fiare-banca-etica-finanzas-banca-y-etica-mas-alla-del-mito-del-crecimiento\/#primaryimage"},"thumbnailUrl":"https:\/\/www.fiarebancaetica.coop\/app\/uploads\/sites\/2\/2024\/01\/cover-310.jpg","datePublished":"2018-02-11T15:31:29+00:00","dateModified":"2024-02-21T10:48:42+00:00","breadcrumb":{"@id":"https:\/\/www.fiarebancaetica.coop\/gl\/evento\/fiare-banca-etica-finanzas-banca-y-etica-mas-alla-del-mito-del-crecimiento\/#breadcrumb"},"inLanguage":"gl-ES","potentialAction":[{"@type":"ReadAction","target":["https:\/\/www.fiarebancaetica.coop\/gl\/evento\/fiare-banca-etica-finanzas-banca-y-etica-mas-alla-del-mito-del-crecimiento\/"]}]},{"@type":"ImageObject","inLanguage":"gl-ES","@id":"https:\/\/www.fiarebancaetica.coop\/gl\/evento\/fiare-banca-etica-finanzas-banca-y-etica-mas-alla-del-mito-del-crecimiento\/#primaryimage","url":"https:\/\/www.fiarebancaetica.coop\/app\/uploads\/sites\/2\/2024\/01\/cover-310.jpg","contentUrl":"https:\/\/www.fiarebancaetica.coop\/app\/uploads\/sites\/2\/2024\/01\/cover-310.jpg","width":1600,"height":960},{"@type":"BreadcrumbList","@id":"https:\/\/www.fiarebancaetica.coop\/gl\/evento\/fiare-banca-etica-finanzas-banca-y-etica-mas-alla-del-mito-del-crecimiento\/#breadcrumb","itemListElement":[{"@type":"ListItem","position":1,"name":"Home","item":"https:\/\/www.fiarebancaetica.coop\/gl\/"},{"@type":"ListItem","position":2,"name":"Fiare Banca \u00c9tica: Finanzas, Banca y \u00c9tica m\u00e1s all\u00e1 del mito del crecimiento"}]},{"@type":"WebSite","@id":"https:\/\/www.fiarebancaetica.coop\/gl\/#website","url":"https:\/\/www.fiarebancaetica.coop\/gl\/","name":"Fiare Banca Etica","description":"","potentialAction":[{"@type":"SearchAction","target":{"@type":"EntryPoint","urlTemplate":"https:\/\/www.fiarebancaetica.coop\/gl\/?s={search_term_string}"},"query-input":{"@type":"PropertyValueSpecification","valueRequired":true,"valueName":"search_term_string"}}],"inLanguage":"gl-ES"}]}},"_links":{"self":[{"href":"https:\/\/www.fiarebancaetica.coop\/gl\/wp-json\/wp\/v2\/cbwpt_git_events\/350454","targetHints":{"allow":["GET"]}}],"collection":[{"href":"https:\/\/www.fiarebancaetica.coop\/gl\/wp-json\/wp\/v2\/cbwpt_git_events"}],"about":[{"href":"https:\/\/www.fiarebancaetica.coop\/gl\/wp-json\/wp\/v2\/types\/cbwpt_git_events"}],"author":[{"embeddable":true,"href":"https:\/\/www.fiarebancaetica.coop\/gl\/wp-json\/wp\/v2\/users\/1"}],"version-history":[{"count":1,"href":"https:\/\/www.fiarebancaetica.coop\/gl\/wp-json\/wp\/v2\/cbwpt_git_events\/350454\/revisions"}],"predecessor-version":[{"id":352261,"href":"https:\/\/www.fiarebancaetica.coop\/gl\/wp-json\/wp\/v2\/cbwpt_git_events\/350454\/revisions\/352261"}],"wp:featuredmedia":[{"embeddable":true,"href":"https:\/\/www.fiarebancaetica.coop\/gl\/wp-json\/wp\/v2\/media\/363188"}],"wp:attachment":[{"href":"https:\/\/www.fiarebancaetica.coop\/gl\/wp-json\/wp\/v2\/media?parent=350454"}],"wp:term":[{"taxonomy":"cbwpt_tags","embeddable":true,"href":"https:\/\/www.fiarebancaetica.coop\/gl\/wp-json\/wp\/v2\/git_tags?post=350454"},{"taxonomy":"author","embeddable":true,"href":"https:\/\/www.fiarebancaetica.coop\/gl\/wp-json\/wp\/v2\/coauthors?post=350454"}],"curies":[{"name":"wp","href":"https:\/\/api.w.org\/{rel}","templated":true}]}}

Fiare Banca Ética: Finanzas, Banca y Ética más allá del mito del crecimiento

<!-- This site is optimized with the Yoast SEO plugin v26.9 - https://yoast.com/product/yoast-seo-wordpress/ -->
<title>Fiare Banca Ética: Finanzas, Banca y Ética más allá del mito del crecimiento - Fiare Banca Etica</title>
<meta name="robots" content="index, follow, max-snippet:-1, max-image-preview:large, max-video-preview:-1" />
<link rel="canonical" href="https://www.fiarebancaetica.coop/gl/evento/fiare-banca-etica-finanzas-banca-y-etica-mas-alla-del-mito-del-crecimiento/" />
<meta property="og:locale" content="gl_ES" />
<meta property="og:type" content="article" />
<meta property="og:title" content="Fiare Banca Ética: Finanzas, Banca y Ética más allá del mito del crecimiento - Fiare Banca Etica" />
<meta property="og:description" content="El pasado 7 de febrero impartimos una conferencia sobre finanzas y banca ética más allá del mito del crecimiento para los alumnos de segundo y tercer curso de la Facultad de Ciencias Económicas y Empresariales del Campus Esgueva de la Universidad de Valladolid. Con la presencia de 120 alumnos, Leandro Velasco y Javier Mena expusieron, [&hellip;]" />
<meta property="og:url" content="https://www.fiarebancaetica.coop/gl/evento/fiare-banca-etica-finanzas-banca-y-etica-mas-alla-del-mito-del-crecimiento/" />
<meta property="og:site_name" content="Fiare Banca Etica" />
<meta property="article:modified_time" content="2024-02-21T10:48:42+00:00" />
<meta property="og:image" content="https://www.fiarebancaetica.coop/app/uploads/sites/2/2024/01/cover-310.jpg" />
	<meta property="og:image:width" content="1600" />
	<meta property="og:image:height" content="960" />
	<meta property="og:image:type" content="image/jpeg" />
<meta name="twitter:card" content="summary_large_image" />
<script type="application/ld+json" class="yoast-schema-graph">{"@context":"https://schema.org","@graph":[{"@type":"WebPage","@id":"https://www.fiarebancaetica.coop/gl/evento/fiare-banca-etica-finanzas-banca-y-etica-mas-alla-del-mito-del-crecimiento/","url":"https://www.fiarebancaetica.coop/gl/evento/fiare-banca-etica-finanzas-banca-y-etica-mas-alla-del-mito-del-crecimiento/","name":"Fiare Banca Ética: Finanzas, Banca y Ética más allá del mito del crecimiento - Fiare Banca Etica","isPartOf":{"@id":"https://www.fiarebancaetica.coop/gl/#website"},"primaryImageOfPage":{"@id":"https://www.fiarebancaetica.coop/gl/evento/fiare-banca-etica-finanzas-banca-y-etica-mas-alla-del-mito-del-crecimiento/#primaryimage"},"image":{"@id":"https://www.fiarebancaetica.coop/gl/evento/fiare-banca-etica-finanzas-banca-y-etica-mas-alla-del-mito-del-crecimiento/#primaryimage"},"thumbnailUrl":"https://www.fiarebancaetica.coop/app/uploads/sites/2/2024/01/cover-310.jpg","datePublished":"2018-02-11T15:31:29+00:00","dateModified":"2024-02-21T10:48:42+00:00","breadcrumb":{"@id":"https://www.fiarebancaetica.coop/gl/evento/fiare-banca-etica-finanzas-banca-y-etica-mas-alla-del-mito-del-crecimiento/#breadcrumb"},"inLanguage":"gl-ES","potentialAction":[{"@type":"ReadAction","target":["https://www.fiarebancaetica.coop/gl/evento/fiare-banca-etica-finanzas-banca-y-etica-mas-alla-del-mito-del-crecimiento/"]}]},{"@type":"ImageObject","inLanguage":"gl-ES","@id":"https://www.fiarebancaetica.coop/gl/evento/fiare-banca-etica-finanzas-banca-y-etica-mas-alla-del-mito-del-crecimiento/#primaryimage","url":"https://www.fiarebancaetica.coop/app/uploads/sites/2/2024/01/cover-310.jpg","contentUrl":"https://www.fiarebancaetica.coop/app/uploads/sites/2/2024/01/cover-310.jpg","width":1600,"height":960},{"@type":"BreadcrumbList","@id":"https://www.fiarebancaetica.coop/gl/evento/fiare-banca-etica-finanzas-banca-y-etica-mas-alla-del-mito-del-crecimiento/#breadcrumb","itemListElement":[{"@type":"ListItem","position":1,"name":"Home","item":"https://www.fiarebancaetica.coop/gl/"},{"@type":"ListItem","position":2,"name":"Fiare Banca Ética: Finanzas, Banca y Ética más allá del mito del crecimiento"}]},{"@type":"WebSite","@id":"https://www.fiarebancaetica.coop/gl/#website","url":"https://www.fiarebancaetica.coop/gl/","name":"Fiare Banca Etica","description":"","potentialAction":[{"@type":"SearchAction","target":{"@type":"EntryPoint","urlTemplate":"https://www.fiarebancaetica.coop/gl/?s={search_term_string}"},"query-input":{"@type":"PropertyValueSpecification","valueRequired":true,"valueName":"search_term_string"}}],"inLanguage":"gl-ES"}]}</script>
<!-- / Yoast SEO plugin. -->

Fiare Banca Ética: Finanzas, Banca y Ética más allá del mito del crecimiento - Fiare Banca Etica

El pasado 7 de febrero impartimos una conferencia sobre finanzas y banca ética más allá del mito del crecimiento para los alumnos de segundo y tercer curso de la Facultad de Ciencias Económicas y Empresariales del Campus Esgueva de la Universidad de Valladolid. Con la presencia de 120 alumnos, Leandro Velasco y Javier Mena expusieron, [&hellip;]
