{"id":350475,"date":"2018-01-09T11:02:39","date_gmt":"2018-01-09T10:02:39","guid":{"rendered":"https:\/\/www.fiarebancaetica.coop\/evento\/finanzas-eticas-en-las-aulas-de-la-universidad-de-valladolid\/"},"modified":"2024-02-21T11:48:56","modified_gmt":"2024-02-21T10:48:56","slug":"finanzas-eticas-en-las-aulas-de-la-universidad-de-valladolid","status":"publish","type":"cbwpt_git_events","link":"https:\/\/www.fiarebancaetica.coop\/gl\/evento\/finanzas-eticas-en-las-aulas-de-la-universidad-de-valladolid\/","title":{"rendered":"Finanzas \u00c9ticas en las aulas de la Universidad de Valladolid"},"author":1,"featured_media":363178,"parent":0,"template":"","meta":{"_acf_changed":false},"git_tags":[11220],"coauthors":[2888],"class_list":["post-350475","cbwpt_git_events","type-cbwpt_git_events","status-publish","has-post-thumbnail","hentry"],"acf":[],"yoast_head":"<!-- This site is optimized with the Yoast SEO plugin v26.9 - https:\/\/yoast.com\/product\/yoast-seo-wordpress\/ -->\n<title>Finanzas \u00c9ticas en las aulas de la Universidad de Valladolid - Fiare Banca Etica<\/title>\n<meta name=\"robots\" content=\"index, follow, max-snippet:-1, max-image-preview:large, max-video-preview:-1\" \/>\n<link rel=\"canonical\" href=\"https:\/\/www.fiarebancaetica.coop\/gl\/evento\/finanzas-eticas-en-las-aulas-de-la-universidad-de-valladolid\/\" \/>\n<meta property=\"og:locale\" content=\"gl_ES\" \/>\n<meta property=\"og:type\" content=\"article\" \/>\n<meta property=\"og:title\" content=\"Finanzas \u00c9ticas en las aulas de la Universidad de Valladolid - Fiare Banca Etica\" \/>\n<meta property=\"og:description\" content=\"El pasado 21 de diciembre impartimos una clase sobre finanzas alternativas seg\u00fan el modelo de Fiare Banca Etica en la asignatura \u201cGobierno de la Empresa y \u00c9tica en los negocios\u201d, que forma parte del M\u00e1ster de Contabilidad y Gesti\u00f3n Financiera de la Facultad de Ciencias Econ\u00f3micas y Empresariales, en la Universidad de Valladolid. Gracias a [&hellip;]\" \/>\n<meta property=\"og:url\" content=\"https:\/\/www.fiarebancaetica.coop\/gl\/evento\/finanzas-eticas-en-las-aulas-de-la-universidad-de-valladolid\/\" \/>\n<meta property=\"og:site_name\" content=\"Fiare Banca Etica\" \/>\n<meta property=\"article:modified_time\" content=\"2024-02-21T10:48:56+00:00\" \/>\n<meta property=\"og:image\" content=\"https:\/\/www.fiarebancaetica.coop\/app\/uploads\/sites\/2\/2024\/01\/cover-308.jpg\" \/>\n\t<meta property=\"og:image:width\" content=\"1600\" \/>\n\t<meta property=\"og:image:height\" content=\"960\" \/>\n\t<meta property=\"og:image:type\" content=\"image\/jpeg\" \/>\n<meta name=\"twitter:card\" content=\"summary_large_image\" \/>\n<script type=\"application\/ld+json\" class=\"yoast-schema-graph\">{\"@context\":\"https:\/\/schema.org\",\"@graph\":[{\"@type\":\"WebPage\",\"@id\":\"https:\/\/www.fiarebancaetica.coop\/gl\/evento\/finanzas-eticas-en-las-aulas-de-la-universidad-de-valladolid\/\",\"url\":\"https:\/\/www.fiarebancaetica.coop\/gl\/evento\/finanzas-eticas-en-las-aulas-de-la-universidad-de-valladolid\/\",\"name\":\"Finanzas \u00c9ticas en las aulas de la Universidad de Valladolid - Fiare Banca Etica\",\"isPartOf\":{\"@id\":\"https:\/\/www.fiarebancaetica.coop\/gl\/#website\"},\"primaryImageOfPage\":{\"@id\":\"https:\/\/www.fiarebancaetica.coop\/gl\/evento\/finanzas-eticas-en-las-aulas-de-la-universidad-de-valladolid\/#primaryimage\"},\"image\":{\"@id\":\"https:\/\/www.fiarebancaetica.coop\/gl\/evento\/finanzas-eticas-en-las-aulas-de-la-universidad-de-valladolid\/#primaryimage\"},\"thumbnailUrl\":\"https:\/\/www.fiarebancaetica.coop\/app\/uploads\/sites\/2\/2024\/01\/cover-308.jpg\",\"datePublished\":\"2018-01-09T10:02:39+00:00\",\"dateModified\":\"2024-02-21T10:48:56+00:00\",\"breadcrumb\":{\"@id\":\"https:\/\/www.fiarebancaetica.coop\/gl\/evento\/finanzas-eticas-en-las-aulas-de-la-universidad-de-valladolid\/#breadcrumb\"},\"inLanguage\":\"gl-ES\",\"potentialAction\":[{\"@type\":\"ReadAction\",\"target\":[\"https:\/\/www.fiarebancaetica.coop\/gl\/evento\/finanzas-eticas-en-las-aulas-de-la-universidad-de-valladolid\/\"]}]},{\"@type\":\"ImageObject\",\"inLanguage\":\"gl-ES\",\"@id\":\"https:\/\/www.fiarebancaetica.coop\/gl\/evento\/finanzas-eticas-en-las-aulas-de-la-universidad-de-valladolid\/#primaryimage\",\"url\":\"https:\/\/www.fiarebancaetica.coop\/app\/uploads\/sites\/2\/2024\/01\/cover-308.jpg\",\"contentUrl\":\"https:\/\/www.fiarebancaetica.coop\/app\/uploads\/sites\/2\/2024\/01\/cover-308.jpg\",\"width\":1600,\"height\":960},{\"@type\":\"BreadcrumbList\",\"@id\":\"https:\/\/www.fiarebancaetica.coop\/gl\/evento\/finanzas-eticas-en-las-aulas-de-la-universidad-de-valladolid\/#breadcrumb\",\"itemListElement\":[{\"@type\":\"ListItem\",\"position\":1,\"name\":\"Home\",\"item\":\"https:\/\/www.fiarebancaetica.coop\/gl\/\"},{\"@type\":\"ListItem\",\"position\":2,\"name\":\"Finanzas \u00c9ticas en las aulas de la Universidad de Valladolid\"}]},{\"@type\":\"WebSite\",\"@id\":\"https:\/\/www.fiarebancaetica.coop\/gl\/#website\",\"url\":\"https:\/\/www.fiarebancaetica.coop\/gl\/\",\"name\":\"Fiare Banca Etica\",\"description\":\"\",\"potentialAction\":[{\"@type\":\"SearchAction\",\"target\":{\"@type\":\"EntryPoint\",\"urlTemplate\":\"https:\/\/www.fiarebancaetica.coop\/gl\/?s={search_term_string}\"},\"query-input\":{\"@type\":\"PropertyValueSpecification\",\"valueRequired\":true,\"valueName\":\"search_term_string\"}}],\"inLanguage\":\"gl-ES\"}]}<\/script>\n<!-- \/ Yoast SEO plugin. -->","yoast_head_json":{"title":"Finanzas \u00c9ticas en las aulas de la Universidad de Valladolid - Fiare Banca Etica","robots":{"index":"index","follow":"follow","max-snippet":"max-snippet:-1","max-image-preview":"max-image-preview:large","max-video-preview":"max-video-preview:-1"},"canonical":"https:\/\/www.fiarebancaetica.coop\/gl\/evento\/finanzas-eticas-en-las-aulas-de-la-universidad-de-valladolid\/","og_locale":"gl_ES","og_type":"article","og_title":"Finanzas \u00c9ticas en las aulas de la Universidad de Valladolid - Fiare Banca Etica","og_description":"El pasado 21 de diciembre impartimos una clase sobre finanzas alternativas seg\u00fan el modelo de Fiare Banca Etica en la asignatura \u201cGobierno de la Empresa y \u00c9tica en los negocios\u201d, que forma parte del M\u00e1ster de Contabilidad y Gesti\u00f3n Financiera de la Facultad de Ciencias Econ\u00f3micas y Empresariales, en la Universidad de Valladolid. Gracias a [&hellip;]","og_url":"https:\/\/www.fiarebancaetica.coop\/gl\/evento\/finanzas-eticas-en-las-aulas-de-la-universidad-de-valladolid\/","og_site_name":"Fiare Banca Etica","article_modified_time":"2024-02-21T10:48:56+00:00","og_image":[{"width":1600,"height":960,"url":"https:\/\/www.fiarebancaetica.coop\/app\/uploads\/sites\/2\/2024\/01\/cover-308.jpg","type":"image\/jpeg"}],"twitter_card":"summary_large_image","schema":{"@context":"https:\/\/schema.org","@graph":[{"@type":"WebPage","@id":"https:\/\/www.fiarebancaetica.coop\/gl\/evento\/finanzas-eticas-en-las-aulas-de-la-universidad-de-valladolid\/","url":"https:\/\/www.fiarebancaetica.coop\/gl\/evento\/finanzas-eticas-en-las-aulas-de-la-universidad-de-valladolid\/","name":"Finanzas \u00c9ticas en las aulas de la Universidad de Valladolid - Fiare Banca Etica","isPartOf":{"@id":"https:\/\/www.fiarebancaetica.coop\/gl\/#website"},"primaryImageOfPage":{"@id":"https:\/\/www.fiarebancaetica.coop\/gl\/evento\/finanzas-eticas-en-las-aulas-de-la-universidad-de-valladolid\/#primaryimage"},"image":{"@id":"https:\/\/www.fiarebancaetica.coop\/gl\/evento\/finanzas-eticas-en-las-aulas-de-la-universidad-de-valladolid\/#primaryimage"},"thumbnailUrl":"https:\/\/www.fiarebancaetica.coop\/app\/uploads\/sites\/2\/2024\/01\/cover-308.jpg","datePublished":"2018-01-09T10:02:39+00:00","dateModified":"2024-02-21T10:48:56+00:00","breadcrumb":{"@id":"https:\/\/www.fiarebancaetica.coop\/gl\/evento\/finanzas-eticas-en-las-aulas-de-la-universidad-de-valladolid\/#breadcrumb"},"inLanguage":"gl-ES","potentialAction":[{"@type":"ReadAction","target":["https:\/\/www.fiarebancaetica.coop\/gl\/evento\/finanzas-eticas-en-las-aulas-de-la-universidad-de-valladolid\/"]}]},{"@type":"ImageObject","inLanguage":"gl-ES","@id":"https:\/\/www.fiarebancaetica.coop\/gl\/evento\/finanzas-eticas-en-las-aulas-de-la-universidad-de-valladolid\/#primaryimage","url":"https:\/\/www.fiarebancaetica.coop\/app\/uploads\/sites\/2\/2024\/01\/cover-308.jpg","contentUrl":"https:\/\/www.fiarebancaetica.coop\/app\/uploads\/sites\/2\/2024\/01\/cover-308.jpg","width":1600,"height":960},{"@type":"BreadcrumbList","@id":"https:\/\/www.fiarebancaetica.coop\/gl\/evento\/finanzas-eticas-en-las-aulas-de-la-universidad-de-valladolid\/#breadcrumb","itemListElement":[{"@type":"ListItem","position":1,"name":"Home","item":"https:\/\/www.fiarebancaetica.coop\/gl\/"},{"@type":"ListItem","position":2,"name":"Finanzas \u00c9ticas en las aulas de la Universidad de Valladolid"}]},{"@type":"WebSite","@id":"https:\/\/www.fiarebancaetica.coop\/gl\/#website","url":"https:\/\/www.fiarebancaetica.coop\/gl\/","name":"Fiare Banca Etica","description":"","potentialAction":[{"@type":"SearchAction","target":{"@type":"EntryPoint","urlTemplate":"https:\/\/www.fiarebancaetica.coop\/gl\/?s={search_term_string}"},"query-input":{"@type":"PropertyValueSpecification","valueRequired":true,"valueName":"search_term_string"}}],"inLanguage":"gl-ES"}]}},"_links":{"self":[{"href":"https:\/\/www.fiarebancaetica.coop\/gl\/wp-json\/wp\/v2\/cbwpt_git_events\/350475","targetHints":{"allow":["GET"]}}],"collection":[{"href":"https:\/\/www.fiarebancaetica.coop\/gl\/wp-json\/wp\/v2\/cbwpt_git_events"}],"about":[{"href":"https:\/\/www.fiarebancaetica.coop\/gl\/wp-json\/wp\/v2\/types\/cbwpt_git_events"}],"author":[{"embeddable":true,"href":"https:\/\/www.fiarebancaetica.coop\/gl\/wp-json\/wp\/v2\/users\/1"}],"version-history":[{"count":1,"href":"https:\/\/www.fiarebancaetica.coop\/gl\/wp-json\/wp\/v2\/cbwpt_git_events\/350475\/revisions"}],"predecessor-version":[{"id":352272,"href":"https:\/\/www.fiarebancaetica.coop\/gl\/wp-json\/wp\/v2\/cbwpt_git_events\/350475\/revisions\/352272"}],"wp:featuredmedia":[{"embeddable":true,"href":"https:\/\/www.fiarebancaetica.coop\/gl\/wp-json\/wp\/v2\/media\/363178"}],"wp:attachment":[{"href":"https:\/\/www.fiarebancaetica.coop\/gl\/wp-json\/wp\/v2\/media?parent=350475"}],"wp:term":[{"taxonomy":"cbwpt_tags","embeddable":true,"href":"https:\/\/www.fiarebancaetica.coop\/gl\/wp-json\/wp\/v2\/git_tags?post=350475"},{"taxonomy":"author","embeddable":true,"href":"https:\/\/www.fiarebancaetica.coop\/gl\/wp-json\/wp\/v2\/coauthors?post=350475"}],"curies":[{"name":"wp","href":"https:\/\/api.w.org\/{rel}","templated":true}]}}

Finanzas Éticas en las aulas de la Universidad de Valladolid

<!-- This site is optimized with the Yoast SEO plugin v26.9 - https://yoast.com/product/yoast-seo-wordpress/ -->
<title>Finanzas Éticas en las aulas de la Universidad de Valladolid - Fiare Banca Etica</title>
<meta name="robots" content="index, follow, max-snippet:-1, max-image-preview:large, max-video-preview:-1" />
<link rel="canonical" href="https://www.fiarebancaetica.coop/gl/evento/finanzas-eticas-en-las-aulas-de-la-universidad-de-valladolid/" />
<meta property="og:locale" content="gl_ES" />
<meta property="og:type" content="article" />
<meta property="og:title" content="Finanzas Éticas en las aulas de la Universidad de Valladolid - Fiare Banca Etica" />
<meta property="og:description" content="El pasado 21 de diciembre impartimos una clase sobre finanzas alternativas según el modelo de Fiare Banca Etica en la asignatura “Gobierno de la Empresa y Ética en los negocios”, que forma parte del Máster de Contabilidad y Gestión Financiera de la Facultad de Ciencias Económicas y Empresariales, en la Universidad de Valladolid. Gracias a [&hellip;]" />
<meta property="og:url" content="https://www.fiarebancaetica.coop/gl/evento/finanzas-eticas-en-las-aulas-de-la-universidad-de-valladolid/" />
<meta property="og:site_name" content="Fiare Banca Etica" />
<meta property="article:modified_time" content="2024-02-21T10:48:56+00:00" />
<meta property="og:image" content="https://www.fiarebancaetica.coop/app/uploads/sites/2/2024/01/cover-308.jpg" />
	<meta property="og:image:width" content="1600" />
	<meta property="og:image:height" content="960" />
	<meta property="og:image:type" content="image/jpeg" />
<meta name="twitter:card" content="summary_large_image" />
<script type="application/ld+json" class="yoast-schema-graph">{"@context":"https://schema.org","@graph":[{"@type":"WebPage","@id":"https://www.fiarebancaetica.coop/gl/evento/finanzas-eticas-en-las-aulas-de-la-universidad-de-valladolid/","url":"https://www.fiarebancaetica.coop/gl/evento/finanzas-eticas-en-las-aulas-de-la-universidad-de-valladolid/","name":"Finanzas Éticas en las aulas de la Universidad de Valladolid - Fiare Banca Etica","isPartOf":{"@id":"https://www.fiarebancaetica.coop/gl/#website"},"primaryImageOfPage":{"@id":"https://www.fiarebancaetica.coop/gl/evento/finanzas-eticas-en-las-aulas-de-la-universidad-de-valladolid/#primaryimage"},"image":{"@id":"https://www.fiarebancaetica.coop/gl/evento/finanzas-eticas-en-las-aulas-de-la-universidad-de-valladolid/#primaryimage"},"thumbnailUrl":"https://www.fiarebancaetica.coop/app/uploads/sites/2/2024/01/cover-308.jpg","datePublished":"2018-01-09T10:02:39+00:00","dateModified":"2024-02-21T10:48:56+00:00","breadcrumb":{"@id":"https://www.fiarebancaetica.coop/gl/evento/finanzas-eticas-en-las-aulas-de-la-universidad-de-valladolid/#breadcrumb"},"inLanguage":"gl-ES","potentialAction":[{"@type":"ReadAction","target":["https://www.fiarebancaetica.coop/gl/evento/finanzas-eticas-en-las-aulas-de-la-universidad-de-valladolid/"]}]},{"@type":"ImageObject","inLanguage":"gl-ES","@id":"https://www.fiarebancaetica.coop/gl/evento/finanzas-eticas-en-las-aulas-de-la-universidad-de-valladolid/#primaryimage","url":"https://www.fiarebancaetica.coop/app/uploads/sites/2/2024/01/cover-308.jpg","contentUrl":"https://www.fiarebancaetica.coop/app/uploads/sites/2/2024/01/cover-308.jpg","width":1600,"height":960},{"@type":"BreadcrumbList","@id":"https://www.fiarebancaetica.coop/gl/evento/finanzas-eticas-en-las-aulas-de-la-universidad-de-valladolid/#breadcrumb","itemListElement":[{"@type":"ListItem","position":1,"name":"Home","item":"https://www.fiarebancaetica.coop/gl/"},{"@type":"ListItem","position":2,"name":"Finanzas Éticas en las aulas de la Universidad de Valladolid"}]},{"@type":"WebSite","@id":"https://www.fiarebancaetica.coop/gl/#website","url":"https://www.fiarebancaetica.coop/gl/","name":"Fiare Banca Etica","description":"","potentialAction":[{"@type":"SearchAction","target":{"@type":"EntryPoint","urlTemplate":"https://www.fiarebancaetica.coop/gl/?s={search_term_string}"},"query-input":{"@type":"PropertyValueSpecification","valueRequired":true,"valueName":"search_term_string"}}],"inLanguage":"gl-ES"}]}</script>
<!-- / Yoast SEO plugin. -->

Finanzas Éticas en las aulas de la Universidad de Valladolid - Fiare Banca Etica

El pasado 21 de diciembre impartimos una clase sobre finanzas alternativas según el modelo de Fiare Banca Etica en la asignatura “Gobierno de la Empresa y Ética en los negocios”, que forma parte del Máster de Contabilidad y Gestión Financiera de la Facultad de Ciencias Económicas y Empresariales, en la Universidad de Valladolid. Gracias a [&hellip;]
