{"id":350628,"date":"2017-09-15T21:54:08","date_gmt":"2017-09-15T19:54:08","guid":{"rendered":"https:\/\/www.fiarebancaetica.coop\/evento\/reunion-del-git-el-21-de-septiembre\/"},"modified":"2024-02-21T11:56:50","modified_gmt":"2024-02-21T10:56:50","slug":"reunion-del-git-el-21-de-septiembre","status":"publish","type":"cbwpt_git_events","link":"https:\/\/www.fiarebancaetica.coop\/gl\/evento\/reunion-del-git-el-21-de-septiembre\/","title":{"rendered":"Reuni\u00f3n del GIT el 21 de septiembre"},"author":1,"featured_media":363895,"parent":0,"template":"","meta":{"_acf_changed":false},"git_tags":[11223],"coauthors":[2888],"class_list":["post-350628","cbwpt_git_events","type-cbwpt_git_events","status-publish","has-post-thumbnail","hentry"],"acf":[],"yoast_head":"<!-- This site is optimized with the Yoast SEO plugin v26.9 - https:\/\/yoast.com\/product\/yoast-seo-wordpress\/ -->\n<title>Reuni\u00f3n del GIT el 21 de septiembre - Fiare Banca Etica<\/title>\n<meta name=\"robots\" content=\"index, follow, max-snippet:-1, max-image-preview:large, max-video-preview:-1\" \/>\n<link rel=\"canonical\" href=\"https:\/\/www.fiarebancaetica.coop\/gl\/evento\/reunion-del-git-el-21-de-septiembre\/\" \/>\n<meta property=\"og:locale\" content=\"gl_ES\" \/>\n<meta property=\"og:type\" content=\"article\" \/>\n<meta property=\"og:title\" content=\"Reuni\u00f3n del GIT el 21 de septiembre - Fiare Banca Etica\" \/>\n<meta property=\"og:description\" content=\"El pr\u00f3ximo 21 de septiembre celebramos una reuni\u00f3n del GIT, a las18:00 en SETEM (C\/Gaztambide, 50), con el siguiente orden del d\u00eda: 1.Participaci\u00f3n del GIT en la Feria del MES 2.Temas con operativa 3.Coordinaci\u00f3n con la asociaci\u00f3n4. Informaci\u00f3n sobrecomisiones:\u00a0 \u00a0 \u00a04.1 \u00c9tico-social\u00a0 \u00a0 4.2 Difusi\u00f3n: eventos\/actividades (pasados y previstos), relaci\u00f3ncon otras iniciativas de la econom\u00eda [&hellip;]\" \/>\n<meta property=\"og:url\" content=\"https:\/\/www.fiarebancaetica.coop\/gl\/evento\/reunion-del-git-el-21-de-septiembre\/\" \/>\n<meta property=\"og:site_name\" content=\"Fiare Banca Etica\" \/>\n<meta property=\"article:modified_time\" content=\"2024-02-21T10:56:50+00:00\" \/>\n<meta property=\"og:image\" content=\"https:\/\/www.fiarebancaetica.coop\/app\/uploads\/sites\/2\/2024\/01\/cover-451.jpg\" \/>\n\t<meta property=\"og:image:width\" content=\"768\" \/>\n\t<meta property=\"og:image:height\" content=\"614\" \/>\n\t<meta property=\"og:image:type\" content=\"image\/jpeg\" \/>\n<meta name=\"twitter:card\" content=\"summary_large_image\" \/>\n<script type=\"application\/ld+json\" class=\"yoast-schema-graph\">{\"@context\":\"https:\/\/schema.org\",\"@graph\":[{\"@type\":\"WebPage\",\"@id\":\"https:\/\/www.fiarebancaetica.coop\/gl\/evento\/reunion-del-git-el-21-de-septiembre\/\",\"url\":\"https:\/\/www.fiarebancaetica.coop\/gl\/evento\/reunion-del-git-el-21-de-septiembre\/\",\"name\":\"Reuni\u00f3n del GIT el 21 de septiembre - Fiare Banca Etica\",\"isPartOf\":{\"@id\":\"https:\/\/www.fiarebancaetica.coop\/gl\/#website\"},\"primaryImageOfPage\":{\"@id\":\"https:\/\/www.fiarebancaetica.coop\/gl\/evento\/reunion-del-git-el-21-de-septiembre\/#primaryimage\"},\"image\":{\"@id\":\"https:\/\/www.fiarebancaetica.coop\/gl\/evento\/reunion-del-git-el-21-de-septiembre\/#primaryimage\"},\"thumbnailUrl\":\"https:\/\/www.fiarebancaetica.coop\/app\/uploads\/sites\/2\/2024\/01\/cover-451.jpg\",\"datePublished\":\"2017-09-15T19:54:08+00:00\",\"dateModified\":\"2024-02-21T10:56:50+00:00\",\"breadcrumb\":{\"@id\":\"https:\/\/www.fiarebancaetica.coop\/gl\/evento\/reunion-del-git-el-21-de-septiembre\/#breadcrumb\"},\"inLanguage\":\"gl-ES\",\"potentialAction\":[{\"@type\":\"ReadAction\",\"target\":[\"https:\/\/www.fiarebancaetica.coop\/gl\/evento\/reunion-del-git-el-21-de-septiembre\/\"]}]},{\"@type\":\"ImageObject\",\"inLanguage\":\"gl-ES\",\"@id\":\"https:\/\/www.fiarebancaetica.coop\/gl\/evento\/reunion-del-git-el-21-de-septiembre\/#primaryimage\",\"url\":\"https:\/\/www.fiarebancaetica.coop\/app\/uploads\/sites\/2\/2024\/01\/cover-451.jpg\",\"contentUrl\":\"https:\/\/www.fiarebancaetica.coop\/app\/uploads\/sites\/2\/2024\/01\/cover-451.jpg\",\"width\":768,\"height\":614},{\"@type\":\"BreadcrumbList\",\"@id\":\"https:\/\/www.fiarebancaetica.coop\/gl\/evento\/reunion-del-git-el-21-de-septiembre\/#breadcrumb\",\"itemListElement\":[{\"@type\":\"ListItem\",\"position\":1,\"name\":\"Home\",\"item\":\"https:\/\/www.fiarebancaetica.coop\/gl\/\"},{\"@type\":\"ListItem\",\"position\":2,\"name\":\"Reuni\u00f3n del GIT el 21 de septiembre\"}]},{\"@type\":\"WebSite\",\"@id\":\"https:\/\/www.fiarebancaetica.coop\/gl\/#website\",\"url\":\"https:\/\/www.fiarebancaetica.coop\/gl\/\",\"name\":\"Fiare Banca Etica\",\"description\":\"\",\"potentialAction\":[{\"@type\":\"SearchAction\",\"target\":{\"@type\":\"EntryPoint\",\"urlTemplate\":\"https:\/\/www.fiarebancaetica.coop\/gl\/?s={search_term_string}\"},\"query-input\":{\"@type\":\"PropertyValueSpecification\",\"valueRequired\":true,\"valueName\":\"search_term_string\"}}],\"inLanguage\":\"gl-ES\"}]}<\/script>\n<!-- \/ Yoast SEO plugin. -->","yoast_head_json":{"title":"Reuni\u00f3n del GIT el 21 de septiembre - Fiare Banca Etica","robots":{"index":"index","follow":"follow","max-snippet":"max-snippet:-1","max-image-preview":"max-image-preview:large","max-video-preview":"max-video-preview:-1"},"canonical":"https:\/\/www.fiarebancaetica.coop\/gl\/evento\/reunion-del-git-el-21-de-septiembre\/","og_locale":"gl_ES","og_type":"article","og_title":"Reuni\u00f3n del GIT el 21 de septiembre - Fiare Banca Etica","og_description":"El pr\u00f3ximo 21 de septiembre celebramos una reuni\u00f3n del GIT, a las18:00 en SETEM (C\/Gaztambide, 50), con el siguiente orden del d\u00eda: 1.Participaci\u00f3n del GIT en la Feria del MES 2.Temas con operativa 3.Coordinaci\u00f3n con la asociaci\u00f3n4. Informaci\u00f3n sobrecomisiones:\u00a0 \u00a0 \u00a04.1 \u00c9tico-social\u00a0 \u00a0 4.2 Difusi\u00f3n: eventos\/actividades (pasados y previstos), relaci\u00f3ncon otras iniciativas de la econom\u00eda [&hellip;]","og_url":"https:\/\/www.fiarebancaetica.coop\/gl\/evento\/reunion-del-git-el-21-de-septiembre\/","og_site_name":"Fiare Banca Etica","article_modified_time":"2024-02-21T10:56:50+00:00","og_image":[{"width":768,"height":614,"url":"https:\/\/www.fiarebancaetica.coop\/app\/uploads\/sites\/2\/2024\/01\/cover-451.jpg","type":"image\/jpeg"}],"twitter_card":"summary_large_image","schema":{"@context":"https:\/\/schema.org","@graph":[{"@type":"WebPage","@id":"https:\/\/www.fiarebancaetica.coop\/gl\/evento\/reunion-del-git-el-21-de-septiembre\/","url":"https:\/\/www.fiarebancaetica.coop\/gl\/evento\/reunion-del-git-el-21-de-septiembre\/","name":"Reuni\u00f3n del GIT el 21 de septiembre - Fiare Banca Etica","isPartOf":{"@id":"https:\/\/www.fiarebancaetica.coop\/gl\/#website"},"primaryImageOfPage":{"@id":"https:\/\/www.fiarebancaetica.coop\/gl\/evento\/reunion-del-git-el-21-de-septiembre\/#primaryimage"},"image":{"@id":"https:\/\/www.fiarebancaetica.coop\/gl\/evento\/reunion-del-git-el-21-de-septiembre\/#primaryimage"},"thumbnailUrl":"https:\/\/www.fiarebancaetica.coop\/app\/uploads\/sites\/2\/2024\/01\/cover-451.jpg","datePublished":"2017-09-15T19:54:08+00:00","dateModified":"2024-02-21T10:56:50+00:00","breadcrumb":{"@id":"https:\/\/www.fiarebancaetica.coop\/gl\/evento\/reunion-del-git-el-21-de-septiembre\/#breadcrumb"},"inLanguage":"gl-ES","potentialAction":[{"@type":"ReadAction","target":["https:\/\/www.fiarebancaetica.coop\/gl\/evento\/reunion-del-git-el-21-de-septiembre\/"]}]},{"@type":"ImageObject","inLanguage":"gl-ES","@id":"https:\/\/www.fiarebancaetica.coop\/gl\/evento\/reunion-del-git-el-21-de-septiembre\/#primaryimage","url":"https:\/\/www.fiarebancaetica.coop\/app\/uploads\/sites\/2\/2024\/01\/cover-451.jpg","contentUrl":"https:\/\/www.fiarebancaetica.coop\/app\/uploads\/sites\/2\/2024\/01\/cover-451.jpg","width":768,"height":614},{"@type":"BreadcrumbList","@id":"https:\/\/www.fiarebancaetica.coop\/gl\/evento\/reunion-del-git-el-21-de-septiembre\/#breadcrumb","itemListElement":[{"@type":"ListItem","position":1,"name":"Home","item":"https:\/\/www.fiarebancaetica.coop\/gl\/"},{"@type":"ListItem","position":2,"name":"Reuni\u00f3n del GIT el 21 de septiembre"}]},{"@type":"WebSite","@id":"https:\/\/www.fiarebancaetica.coop\/gl\/#website","url":"https:\/\/www.fiarebancaetica.coop\/gl\/","name":"Fiare Banca Etica","description":"","potentialAction":[{"@type":"SearchAction","target":{"@type":"EntryPoint","urlTemplate":"https:\/\/www.fiarebancaetica.coop\/gl\/?s={search_term_string}"},"query-input":{"@type":"PropertyValueSpecification","valueRequired":true,"valueName":"search_term_string"}}],"inLanguage":"gl-ES"}]}},"_links":{"self":[{"href":"https:\/\/www.fiarebancaetica.coop\/gl\/wp-json\/wp\/v2\/cbwpt_git_events\/350628","targetHints":{"allow":["GET"]}}],"collection":[{"href":"https:\/\/www.fiarebancaetica.coop\/gl\/wp-json\/wp\/v2\/cbwpt_git_events"}],"about":[{"href":"https:\/\/www.fiarebancaetica.coop\/gl\/wp-json\/wp\/v2\/types\/cbwpt_git_events"}],"author":[{"embeddable":true,"href":"https:\/\/www.fiarebancaetica.coop\/gl\/wp-json\/wp\/v2\/users\/1"}],"version-history":[{"count":1,"href":"https:\/\/www.fiarebancaetica.coop\/gl\/wp-json\/wp\/v2\/cbwpt_git_events\/350628\/revisions"}],"predecessor-version":[{"id":352343,"href":"https:\/\/www.fiarebancaetica.coop\/gl\/wp-json\/wp\/v2\/cbwpt_git_events\/350628\/revisions\/352343"}],"wp:featuredmedia":[{"embeddable":true,"href":"https:\/\/www.fiarebancaetica.coop\/gl\/wp-json\/wp\/v2\/media\/363895"}],"wp:attachment":[{"href":"https:\/\/www.fiarebancaetica.coop\/gl\/wp-json\/wp\/v2\/media?parent=350628"}],"wp:term":[{"taxonomy":"cbwpt_tags","embeddable":true,"href":"https:\/\/www.fiarebancaetica.coop\/gl\/wp-json\/wp\/v2\/git_tags?post=350628"},{"taxonomy":"author","embeddable":true,"href":"https:\/\/www.fiarebancaetica.coop\/gl\/wp-json\/wp\/v2\/coauthors?post=350628"}],"curies":[{"name":"wp","href":"https:\/\/api.w.org\/{rel}","templated":true}]}}

Reunión del GIT el 21 de septiembre

<!-- This site is optimized with the Yoast SEO plugin v26.9 - https://yoast.com/product/yoast-seo-wordpress/ -->
<title>Reunión del GIT el 21 de septiembre - Fiare Banca Etica</title>
<meta name="robots" content="index, follow, max-snippet:-1, max-image-preview:large, max-video-preview:-1" />
<link rel="canonical" href="https://www.fiarebancaetica.coop/gl/evento/reunion-del-git-el-21-de-septiembre/" />
<meta property="og:locale" content="gl_ES" />
<meta property="og:type" content="article" />
<meta property="og:title" content="Reunión del GIT el 21 de septiembre - Fiare Banca Etica" />
<meta property="og:description" content="El próximo 21 de septiembre celebramos una reunión del GIT, a las18:00 en SETEM (C/Gaztambide, 50), con el siguiente orden del día: 1.Participación del GIT en la Feria del MES 2.Temas con operativa 3.Coordinación con la asociación4. Información sobrecomisiones:     4.1 Ético-social    4.2 Difusión: eventos/actividades (pasados y previstos), relacióncon otras iniciativas de la economía [&hellip;]" />
<meta property="og:url" content="https://www.fiarebancaetica.coop/gl/evento/reunion-del-git-el-21-de-septiembre/" />
<meta property="og:site_name" content="Fiare Banca Etica" />
<meta property="article:modified_time" content="2024-02-21T10:56:50+00:00" />
<meta property="og:image" content="https://www.fiarebancaetica.coop/app/uploads/sites/2/2024/01/cover-451.jpg" />
	<meta property="og:image:width" content="768" />
	<meta property="og:image:height" content="614" />
	<meta property="og:image:type" content="image/jpeg" />
<meta name="twitter:card" content="summary_large_image" />
<script type="application/ld+json" class="yoast-schema-graph">{"@context":"https://schema.org","@graph":[{"@type":"WebPage","@id":"https://www.fiarebancaetica.coop/gl/evento/reunion-del-git-el-21-de-septiembre/","url":"https://www.fiarebancaetica.coop/gl/evento/reunion-del-git-el-21-de-septiembre/","name":"Reunión del GIT el 21 de septiembre - Fiare Banca Etica","isPartOf":{"@id":"https://www.fiarebancaetica.coop/gl/#website"},"primaryImageOfPage":{"@id":"https://www.fiarebancaetica.coop/gl/evento/reunion-del-git-el-21-de-septiembre/#primaryimage"},"image":{"@id":"https://www.fiarebancaetica.coop/gl/evento/reunion-del-git-el-21-de-septiembre/#primaryimage"},"thumbnailUrl":"https://www.fiarebancaetica.coop/app/uploads/sites/2/2024/01/cover-451.jpg","datePublished":"2017-09-15T19:54:08+00:00","dateModified":"2024-02-21T10:56:50+00:00","breadcrumb":{"@id":"https://www.fiarebancaetica.coop/gl/evento/reunion-del-git-el-21-de-septiembre/#breadcrumb"},"inLanguage":"gl-ES","potentialAction":[{"@type":"ReadAction","target":["https://www.fiarebancaetica.coop/gl/evento/reunion-del-git-el-21-de-septiembre/"]}]},{"@type":"ImageObject","inLanguage":"gl-ES","@id":"https://www.fiarebancaetica.coop/gl/evento/reunion-del-git-el-21-de-septiembre/#primaryimage","url":"https://www.fiarebancaetica.coop/app/uploads/sites/2/2024/01/cover-451.jpg","contentUrl":"https://www.fiarebancaetica.coop/app/uploads/sites/2/2024/01/cover-451.jpg","width":768,"height":614},{"@type":"BreadcrumbList","@id":"https://www.fiarebancaetica.coop/gl/evento/reunion-del-git-el-21-de-septiembre/#breadcrumb","itemListElement":[{"@type":"ListItem","position":1,"name":"Home","item":"https://www.fiarebancaetica.coop/gl/"},{"@type":"ListItem","position":2,"name":"Reunión del GIT el 21 de septiembre"}]},{"@type":"WebSite","@id":"https://www.fiarebancaetica.coop/gl/#website","url":"https://www.fiarebancaetica.coop/gl/","name":"Fiare Banca Etica","description":"","potentialAction":[{"@type":"SearchAction","target":{"@type":"EntryPoint","urlTemplate":"https://www.fiarebancaetica.coop/gl/?s={search_term_string}"},"query-input":{"@type":"PropertyValueSpecification","valueRequired":true,"valueName":"search_term_string"}}],"inLanguage":"gl-ES"}]}</script>
<!-- / Yoast SEO plugin. -->

Reunión del GIT el 21 de septiembre - Fiare Banca Etica

El próximo 21 de septiembre celebramos una reunión del GIT, a las18:00 en SETEM (C/Gaztambide, 50), con el siguiente orden del día: 1.Participación del GIT en la Feria del MES 2.Temas con operativa 3.Coordinación con la asociación4. Información sobrecomisiones:     4.1 Ético-social    4.2 Difusión: eventos/actividades (pasados y previstos), relacióncon otras iniciativas de la economía [&hellip;]
