{"id":351203,"date":"2016-01-19T10:10:31","date_gmt":"2016-01-19T09:10:31","guid":{"rendered":"https:\/\/www.fiarebancaetica.coop\/evento\/cena-solidaria-por-el-25-aniversario-de-setem-25-de-enero\/"},"modified":"2024-02-21T12:39:22","modified_gmt":"2024-02-21T11:39:22","slug":"cena-solidaria-por-el-25-aniversario-de-setem-25-de-enero","status":"publish","type":"cbwpt_git_events","link":"https:\/\/www.fiarebancaetica.coop\/gl\/evento\/cena-solidaria-por-el-25-aniversario-de-setem-25-de-enero\/","title":{"rendered":"Cena Solidaria por el 25 aniversario de SETEM \u2013 25 de enero"},"author":1,"featured_media":0,"parent":0,"template":"","meta":{"_acf_changed":false},"git_tags":[11223],"coauthors":[2888],"class_list":["post-351203","cbwpt_git_events","type-cbwpt_git_events","status-publish","hentry"],"acf":[],"yoast_head":"<!-- This site is optimized with the Yoast SEO plugin v26.9 - https:\/\/yoast.com\/product\/yoast-seo-wordpress\/ -->\n<title>Cena Solidaria por el 25 aniversario de SETEM \u2013 25 de enero - Fiare Banca Etica<\/title>\n<meta name=\"robots\" content=\"index, follow, max-snippet:-1, max-image-preview:large, max-video-preview:-1\" \/>\n<link rel=\"canonical\" href=\"https:\/\/www.fiarebancaetica.coop\/gl\/evento\/cena-solidaria-por-el-25-aniversario-de-setem-25-de-enero\/\" \/>\n<meta property=\"og:locale\" content=\"gl_ES\" \/>\n<meta property=\"og:type\" content=\"article\" \/>\n<meta property=\"og:title\" content=\"Cena Solidaria por el 25 aniversario de SETEM \u2013 25 de enero - Fiare Banca Etica\" \/>\n<meta property=\"og:description\" content=\"En SETEM quieren \u201cestrenar a\u00f1o\u201d invit\u00e1ndote a disfrutar de una deliciosa y saludable cena en buena compa\u00f1\u00eda. El lunes\u00a025 de enero\u00a0a partir de las\u00a021:00h\u00a0te esperan en el Restaurante Ecocentro (C\/ Esquilache 2, 4 y 6 Junto Avda. Pablo Iglesias, 2) http:\/\/www.setem.org\/blog\/es\/mcm\/el-25-de-enero-A-iexcl-vente-de-cena-saludable-y-solidaria-con-setem\" \/>\n<meta property=\"og:url\" content=\"https:\/\/www.fiarebancaetica.coop\/gl\/evento\/cena-solidaria-por-el-25-aniversario-de-setem-25-de-enero\/\" \/>\n<meta property=\"og:site_name\" content=\"Fiare Banca Etica\" \/>\n<meta property=\"article:modified_time\" content=\"2024-02-21T11:39:22+00:00\" \/>\n<meta name=\"twitter:card\" content=\"summary_large_image\" \/>\n<script type=\"application\/ld+json\" class=\"yoast-schema-graph\">{\"@context\":\"https:\/\/schema.org\",\"@graph\":[{\"@type\":\"WebPage\",\"@id\":\"https:\/\/www.fiarebancaetica.coop\/gl\/evento\/cena-solidaria-por-el-25-aniversario-de-setem-25-de-enero\/\",\"url\":\"https:\/\/www.fiarebancaetica.coop\/gl\/evento\/cena-solidaria-por-el-25-aniversario-de-setem-25-de-enero\/\",\"name\":\"Cena Solidaria por el 25 aniversario de SETEM \u2013 25 de enero - Fiare Banca Etica\",\"isPartOf\":{\"@id\":\"https:\/\/www.fiarebancaetica.coop\/gl\/#website\"},\"datePublished\":\"2016-01-19T09:10:31+00:00\",\"dateModified\":\"2024-02-21T11:39:22+00:00\",\"breadcrumb\":{\"@id\":\"https:\/\/www.fiarebancaetica.coop\/gl\/evento\/cena-solidaria-por-el-25-aniversario-de-setem-25-de-enero\/#breadcrumb\"},\"inLanguage\":\"gl-ES\",\"potentialAction\":[{\"@type\":\"ReadAction\",\"target\":[\"https:\/\/www.fiarebancaetica.coop\/gl\/evento\/cena-solidaria-por-el-25-aniversario-de-setem-25-de-enero\/\"]}]},{\"@type\":\"BreadcrumbList\",\"@id\":\"https:\/\/www.fiarebancaetica.coop\/gl\/evento\/cena-solidaria-por-el-25-aniversario-de-setem-25-de-enero\/#breadcrumb\",\"itemListElement\":[{\"@type\":\"ListItem\",\"position\":1,\"name\":\"Home\",\"item\":\"https:\/\/www.fiarebancaetica.coop\/gl\/\"},{\"@type\":\"ListItem\",\"position\":2,\"name\":\"Cena Solidaria por el 25 aniversario de SETEM \u2013 25 de enero\"}]},{\"@type\":\"WebSite\",\"@id\":\"https:\/\/www.fiarebancaetica.coop\/gl\/#website\",\"url\":\"https:\/\/www.fiarebancaetica.coop\/gl\/\",\"name\":\"Fiare Banca Etica\",\"description\":\"\",\"potentialAction\":[{\"@type\":\"SearchAction\",\"target\":{\"@type\":\"EntryPoint\",\"urlTemplate\":\"https:\/\/www.fiarebancaetica.coop\/gl\/?s={search_term_string}\"},\"query-input\":{\"@type\":\"PropertyValueSpecification\",\"valueRequired\":true,\"valueName\":\"search_term_string\"}}],\"inLanguage\":\"gl-ES\"}]}<\/script>\n<!-- \/ Yoast SEO plugin. -->","yoast_head_json":{"title":"Cena Solidaria por el 25 aniversario de SETEM \u2013 25 de enero - Fiare Banca Etica","robots":{"index":"index","follow":"follow","max-snippet":"max-snippet:-1","max-image-preview":"max-image-preview:large","max-video-preview":"max-video-preview:-1"},"canonical":"https:\/\/www.fiarebancaetica.coop\/gl\/evento\/cena-solidaria-por-el-25-aniversario-de-setem-25-de-enero\/","og_locale":"gl_ES","og_type":"article","og_title":"Cena Solidaria por el 25 aniversario de SETEM \u2013 25 de enero - Fiare Banca Etica","og_description":"En SETEM quieren \u201cestrenar a\u00f1o\u201d invit\u00e1ndote a disfrutar de una deliciosa y saludable cena en buena compa\u00f1\u00eda. El lunes\u00a025 de enero\u00a0a partir de las\u00a021:00h\u00a0te esperan en el Restaurante Ecocentro (C\/ Esquilache 2, 4 y 6 Junto Avda. Pablo Iglesias, 2) http:\/\/www.setem.org\/blog\/es\/mcm\/el-25-de-enero-A-iexcl-vente-de-cena-saludable-y-solidaria-con-setem","og_url":"https:\/\/www.fiarebancaetica.coop\/gl\/evento\/cena-solidaria-por-el-25-aniversario-de-setem-25-de-enero\/","og_site_name":"Fiare Banca Etica","article_modified_time":"2024-02-21T11:39:22+00:00","twitter_card":"summary_large_image","schema":{"@context":"https:\/\/schema.org","@graph":[{"@type":"WebPage","@id":"https:\/\/www.fiarebancaetica.coop\/gl\/evento\/cena-solidaria-por-el-25-aniversario-de-setem-25-de-enero\/","url":"https:\/\/www.fiarebancaetica.coop\/gl\/evento\/cena-solidaria-por-el-25-aniversario-de-setem-25-de-enero\/","name":"Cena Solidaria por el 25 aniversario de SETEM \u2013 25 de enero - Fiare Banca Etica","isPartOf":{"@id":"https:\/\/www.fiarebancaetica.coop\/gl\/#website"},"datePublished":"2016-01-19T09:10:31+00:00","dateModified":"2024-02-21T11:39:22+00:00","breadcrumb":{"@id":"https:\/\/www.fiarebancaetica.coop\/gl\/evento\/cena-solidaria-por-el-25-aniversario-de-setem-25-de-enero\/#breadcrumb"},"inLanguage":"gl-ES","potentialAction":[{"@type":"ReadAction","target":["https:\/\/www.fiarebancaetica.coop\/gl\/evento\/cena-solidaria-por-el-25-aniversario-de-setem-25-de-enero\/"]}]},{"@type":"BreadcrumbList","@id":"https:\/\/www.fiarebancaetica.coop\/gl\/evento\/cena-solidaria-por-el-25-aniversario-de-setem-25-de-enero\/#breadcrumb","itemListElement":[{"@type":"ListItem","position":1,"name":"Home","item":"https:\/\/www.fiarebancaetica.coop\/gl\/"},{"@type":"ListItem","position":2,"name":"Cena Solidaria por el 25 aniversario de SETEM \u2013 25 de enero"}]},{"@type":"WebSite","@id":"https:\/\/www.fiarebancaetica.coop\/gl\/#website","url":"https:\/\/www.fiarebancaetica.coop\/gl\/","name":"Fiare Banca Etica","description":"","potentialAction":[{"@type":"SearchAction","target":{"@type":"EntryPoint","urlTemplate":"https:\/\/www.fiarebancaetica.coop\/gl\/?s={search_term_string}"},"query-input":{"@type":"PropertyValueSpecification","valueRequired":true,"valueName":"search_term_string"}}],"inLanguage":"gl-ES"}]}},"_links":{"self":[{"href":"https:\/\/www.fiarebancaetica.coop\/gl\/wp-json\/wp\/v2\/cbwpt_git_events\/351203","targetHints":{"allow":["GET"]}}],"collection":[{"href":"https:\/\/www.fiarebancaetica.coop\/gl\/wp-json\/wp\/v2\/cbwpt_git_events"}],"about":[{"href":"https:\/\/www.fiarebancaetica.coop\/gl\/wp-json\/wp\/v2\/types\/cbwpt_git_events"}],"author":[{"embeddable":true,"href":"https:\/\/www.fiarebancaetica.coop\/gl\/wp-json\/wp\/v2\/users\/1"}],"version-history":[{"count":1,"href":"https:\/\/www.fiarebancaetica.coop\/gl\/wp-json\/wp\/v2\/cbwpt_git_events\/351203\/revisions"}],"predecessor-version":[{"id":351204,"href":"https:\/\/www.fiarebancaetica.coop\/gl\/wp-json\/wp\/v2\/cbwpt_git_events\/351203\/revisions\/351204"}],"wp:attachment":[{"href":"https:\/\/www.fiarebancaetica.coop\/gl\/wp-json\/wp\/v2\/media?parent=351203"}],"wp:term":[{"taxonomy":"cbwpt_tags","embeddable":true,"href":"https:\/\/www.fiarebancaetica.coop\/gl\/wp-json\/wp\/v2\/git_tags?post=351203"},{"taxonomy":"author","embeddable":true,"href":"https:\/\/www.fiarebancaetica.coop\/gl\/wp-json\/wp\/v2\/coauthors?post=351203"}],"curies":[{"name":"wp","href":"https:\/\/api.w.org\/{rel}","templated":true}]}}

<!-- This site is optimized with the Yoast SEO plugin v26.9 - https://yoast.com/product/yoast-seo-wordpress/ -->
<title>Cena Solidaria por el 25 aniversario de SETEM – 25 de enero - Fiare Banca Etica</title>
<meta name="robots" content="index, follow, max-snippet:-1, max-image-preview:large, max-video-preview:-1" />
<link rel="canonical" href="https://www.fiarebancaetica.coop/gl/evento/cena-solidaria-por-el-25-aniversario-de-setem-25-de-enero/" />
<meta property="og:locale" content="gl_ES" />
<meta property="og:type" content="article" />
<meta property="og:title" content="Cena Solidaria por el 25 aniversario de SETEM – 25 de enero - Fiare Banca Etica" />
<meta property="og:description" content="En SETEM quieren “estrenar año” invitándote a disfrutar de una deliciosa y saludable cena en buena compañía. El lunes 25 de enero a partir de las 21:00h te esperan en el Restaurante Ecocentro (C/ Esquilache 2, 4 y 6 Junto Avda. Pablo Iglesias, 2) http://www.setem.org/blog/es/mcm/el-25-de-enero-A-iexcl-vente-de-cena-saludable-y-solidaria-con-setem" />
<meta property="og:url" content="https://www.fiarebancaetica.coop/gl/evento/cena-solidaria-por-el-25-aniversario-de-setem-25-de-enero/" />
<meta property="og:site_name" content="Fiare Banca Etica" />
<meta property="article:modified_time" content="2024-02-21T11:39:22+00:00" />
<meta name="twitter:card" content="summary_large_image" />
<script type="application/ld+json" class="yoast-schema-graph">{"@context":"https://schema.org","@graph":[{"@type":"WebPage","@id":"https://www.fiarebancaetica.coop/gl/evento/cena-solidaria-por-el-25-aniversario-de-setem-25-de-enero/","url":"https://www.fiarebancaetica.coop/gl/evento/cena-solidaria-por-el-25-aniversario-de-setem-25-de-enero/","name":"Cena Solidaria por el 25 aniversario de SETEM – 25 de enero - Fiare Banca Etica","isPartOf":{"@id":"https://www.fiarebancaetica.coop/gl/#website"},"datePublished":"2016-01-19T09:10:31+00:00","dateModified":"2024-02-21T11:39:22+00:00","breadcrumb":{"@id":"https://www.fiarebancaetica.coop/gl/evento/cena-solidaria-por-el-25-aniversario-de-setem-25-de-enero/#breadcrumb"},"inLanguage":"gl-ES","potentialAction":[{"@type":"ReadAction","target":["https://www.fiarebancaetica.coop/gl/evento/cena-solidaria-por-el-25-aniversario-de-setem-25-de-enero/"]}]},{"@type":"BreadcrumbList","@id":"https://www.fiarebancaetica.coop/gl/evento/cena-solidaria-por-el-25-aniversario-de-setem-25-de-enero/#breadcrumb","itemListElement":[{"@type":"ListItem","position":1,"name":"Home","item":"https://www.fiarebancaetica.coop/gl/"},{"@type":"ListItem","position":2,"name":"Cena Solidaria por el 25 aniversario de SETEM – 25 de enero"}]},{"@type":"WebSite","@id":"https://www.fiarebancaetica.coop/gl/#website","url":"https://www.fiarebancaetica.coop/gl/","name":"Fiare Banca Etica","description":"","potentialAction":[{"@type":"SearchAction","target":{"@type":"EntryPoint","urlTemplate":"https://www.fiarebancaetica.coop/gl/?s={search_term_string}"},"query-input":{"@type":"PropertyValueSpecification","valueRequired":true,"valueName":"search_term_string"}}],"inLanguage":"gl-ES"}]}</script>
<!-- / Yoast SEO plugin. -->

En SETEM quieren “estrenar año” invitándote a disfrutar de una deliciosa y saludable cena en buena compañía. El lunes 25 de enero a partir de las 21:00h te esperan en el Restaurante Ecocentro (C/ Esquilache 2, 4 y 6 Junto Avda. Pablo Iglesias, 2) http://www.setem.org/blog/es/mcm/el-25-de-enero-A-iexcl-vente-de-cena-saludable-y-solidaria-con-setem
